CRAN Package Check Results for Package rrdf

Last updated on 2014-04-24 03:47:53.

Flavor Version Tinstall Tcheck Ttotal Status Flags
r-devel-linux-x86_64-debian-clang 2.0.2 1.94 29.08 31.02 OK
r-devel-linux-x86_64-debian-gcc 2.0.2 1.92 28.88 30.80 OK
r-devel-linux-x86_64-fedora-clang 2.0.2 64.84 OK
r-devel-linux-x86_64-fedora-gcc 2.0.2 61.96 OK
r-devel-osx-x86_64-clang 2.0.2 61.39 OK
r-devel-osx-x86_64-gcc 2.0.2 OK
r-devel-windows-ix86+x86_64 2.0.2 6.00 47.00 53.00 OK
r-patched-linux-x86_64 2.0.2 2.01 28.59 30.60 OK
r-patched-solaris-sparc 2.0.2 341.90 OK
r-patched-solaris-x86 2.0.2 84.50 OK
r-release-linux-ix86 2.0.2 3.00 50.00 53.00 OK
r-release-linux-x86_64 2.0.2 1.95 28.60 30.56 OK
r-release-osx-x86_64-mavericks 2.0.2 WARN
r-release-osx-x86_64-snowleopard 2.0.2 OK
r-release-windows-ix86+x86_64 2.0.2 8.00 68.00 76.00 OK
r-oldrel-windows-ix86+x86_64 2.0.2 6.00 51.00 57.00 OK

Check Details

Version: 2.0.2
Check: PDF version of manual
Result: WARNING
    LaTeX errors when creating PDF version.
    This typically indicates Rd problems.
    LaTeX errors found:
    ! LaTeX Error: File `upquote.sty' not found.
    
    Type X to quit or <RETURN> to proceed,
    or enter new name. (Default extension: sty)
    
    730d9b/Rd2.tex:8: ==> Fatal error occurred, no output PDF file produced!
Flavor: r-release-osx-x86_64-mavericks