CRAN Package Check Results for Package rrdflibs

Last updated on 2014-04-24 11:48:55.

Flavor Version Tinstall Tcheck Ttotal Status Flags
r-devel-linux-x86_64-debian-clang 1.3.0 2.13 20.38 22.51 NOTE
r-devel-linux-x86_64-debian-gcc 1.3.0 2.26 20.30 22.56 NOTE
r-devel-linux-x86_64-fedora-clang 1.3.0 44.42 NOTE
r-devel-linux-x86_64-fedora-gcc 1.3.0 42.51 NOTE
r-devel-osx-x86_64-clang 1.3.0 43.54 NOTE
r-devel-osx-x86_64-gcc 1.3.0 NOTE
r-devel-windows-ix86+x86_64 1.3.0 6.00 30.00 36.00 NOTE
r-patched-linux-x86_64 1.3.0 2.30 19.65 21.95 NOTE
r-patched-solaris-sparc 1.3.0 256.40 NOTE
r-patched-solaris-x86 1.3.0 63.60 NOTE
r-release-linux-ix86 1.3.0 4.00 36.00 40.00 NOTE
r-release-linux-x86_64 1.3.0 2.03 19.99 22.02 NOTE
r-release-osx-x86_64-mavericks 1.3.0 WARN
r-release-osx-x86_64-snowleopard 1.3.0 NOTE
r-release-windows-ix86+x86_64 1.3.0 9.00 47.00 56.00 NOTE
r-oldrel-windows-ix86+x86_64 1.3.0 6.00 37.00 43.00 NOTE

Check Details

Version: 1.3.0
Check: installed package size
Result: NOTE
     installed size is 7.6Mb
     sub-directories of 1Mb or more:
     java 7.5Mb
Flavors: r-devel-linux-x86_64-debian-clang, r-devel-linux-x86_64-debian-gcc, r-devel-linux-x86_64-fedora-clang, r-devel-linux-x86_64-fedora-gcc, r-devel-osx-x86_64-clang, r-devel-osx-x86_64-gcc, r-devel-windows-ix86+x86_64, r-patched-linux-x86_64, r-patched-solaris-sparc, r-patched-solaris-x86, r-release-linux-ix86, r-release-linux-x86_64, r-release-osx-x86_64-mavericks, r-release-osx-x86_64-snowleopard, r-release-windows-ix86+x86_64, r-oldrel-windows-ix86+x86_64

Version: 1.3.0
Check: PDF version of manual
Result: WARNING
    LaTeX errors when creating PDF version.
    This typically indicates Rd problems.
    LaTeX errors found:
    ! LaTeX Error: File `upquote.sty' not found.
    
    Type X to quit or <RETURN> to proceed,
    or enter new name. (Default extension: sty)
    
    db2659d/Rd2.tex:8: ==> Fatal error occurred, no output PDF file produced!
Flavor: r-release-osx-x86_64-mavericks