CRAN Package Check Results for Package rrdflibs

Last updated on 2014-07-24 03:48:55.

Flavor Version Tinstall Tcheck Ttotal Status Flags
r-devel-linux-x86_64-debian-clang 1.3.0 1.98 18.92 20.90 NOTE
r-devel-linux-x86_64-debian-gcc 1.3.0 2.26 18.75 21.01 NOTE
r-devel-linux-x86_64-fedora-clang 1.3.0 42.73 NOTE
r-devel-linux-x86_64-fedora-gcc 1.3.0 40.88 NOTE
r-devel-osx-x86_64-clang 1.3.0 41.86 NOTE
r-devel-windows-ix86+x86_64 1.3.0 5.00 30.00 35.00 NOTE
r-patched-linux-x86_64 1.3.0 2.29 18.80 21.10 NOTE
r-patched-solaris-sparc 1.3.0 256.40 NOTE
r-patched-solaris-x86 1.3.0 63.40 NOTE
r-release-linux-ix86 1.3.0 2.53 25.43 27.96 NOTE
r-release-linux-x86_64 1.3.0 2.47 19.41 21.88 NOTE
r-release-osx-x86_64-mavericks 1.3.0 NOTE
r-release-osx-x86_64-snowleopard 1.3.0 NOTE
r-release-windows-ix86+x86_64 1.3.0 8.00 41.00 49.00 NOTE
r-oldrel-windows-ix86+x86_64 1.3.0 6.00 37.00 43.00 NOTE

Check Details

Version: 1.3.0
Check: installed package size
Result: NOTE
     installed size is 7.6Mb
     sub-directories of 1Mb or more:
     java 7.5Mb
Flavors: r-devel-linux-x86_64-debian-clang, r-devel-linux-x86_64-debian-gcc, r-devel-linux-x86_64-fedora-clang, r-devel-linux-x86_64-fedora-gcc, r-devel-osx-x86_64-clang, r-devel-windows-ix86+x86_64, r-patched-linux-x86_64, r-patched-solaris-sparc, r-patched-solaris-x86, r-release-linux-ix86, r-release-linux-x86_64, r-release-osx-x86_64-mavericks, r-release-osx-x86_64-snowleopard, r-release-windows-ix86+x86_64, r-oldrel-windows-ix86+x86_64