CRAN Package Check Results for Package rrdflibs

Last updated on 2014-09-02 15:49:07.

Flavor Version Tinstall Tcheck Ttotal Status Flags
r-release-linux-ix86 1.3.0 2.51 25.52 28.03 NOTE

Check Details

Version: 1.3.0
Check: installed package size
Result: NOTE
     installed size is 7.6Mb
     sub-directories of 1Mb or more:
     java 7.5Mb
Flavor: r-release-linux-ix86