CRAN Package Check Results for Package rrdflibs

Last updated on 2014-08-29 05:47:30.

Flavor Version Tinstall Tcheck Ttotal Status Flags
r-devel-linux-x86_64-debian-clang 1.3.0 1.92 18.83 20.75 NOTE
r-devel-linux-x86_64-debian-gcc 1.3.0 1.84 18.19 20.03 NOTE
r-devel-linux-x86_64-fedora-clang 1.3.0 41.93 NOTE
r-devel-linux-x86_64-fedora-gcc 1.3.0 40.13 NOTE
r-devel-osx-x86_64-clang 1.3.0 42.25 NOTE
r-devel-windows-ix86+x86_64 1.3.0 6.00 33.00 39.00 NOTE
r-patched-linux-x86_64 1.3.0 1.93 19.06 20.99 NOTE
r-patched-solaris-sparc 1.3.0 253.10 NOTE
r-patched-solaris-x86 1.3.0 60.90 NOTE
r-release-linux-ix86 1.3.0 2.48 25.57 28.05 NOTE
r-release-linux-x86_64 1.3.0 1.91 19.44 21.36 NOTE
r-release-osx-x86_64-mavericks 1.3.0 NOTE
r-release-osx-x86_64-snowleopard 1.3.0 NOTE
r-release-windows-ix86+x86_64 1.3.0 8.00 41.00 49.00 NOTE
r-oldrel-windows-ix86+x86_64 1.3.0 6.00 37.00 43.00 NOTE

Check Details

Version: 1.3.0
Check: installed package size
Result: NOTE
     installed size is 7.6Mb
     sub-directories of 1Mb or more:
     java 7.5Mb
Flavors: r-devel-linux-x86_64-debian-clang, r-devel-linux-x86_64-debian-gcc, r-devel-linux-x86_64-fedora-clang, r-devel-linux-x86_64-fedora-gcc, r-devel-osx-x86_64-clang, r-devel-windows-ix86+x86_64, r-patched-linux-x86_64, r-patched-solaris-sparc, r-patched-solaris-x86, r-release-linux-ix86, r-release-linux-x86_64, r-release-osx-x86_64-mavericks, r-release-osx-x86_64-snowleopard, r-release-windows-ix86+x86_64, r-oldrel-windows-ix86+x86_64