CRAN Package Check Results for Package rredis

Last updated on 2017-05-26 06:47:05.

Flavor Version Tinstall Tcheck Ttotal Status Flags
r-devel-linux-x86_64-debian-clang 1.7.0 1.70 19.43 21.12 NOTE
r-devel-linux-x86_64-debian-gcc 1.7.0 1.68 19.55 21.23 NOTE
r-devel-linux-x86_64-fedora-clang 1.7.0 37.57 NOTE --no-stop-on-test-error
r-devel-linux-x86_64-fedora-gcc 1.7.0 36.21 NOTE --no-stop-on-test-error
r-devel-windows-ix86+x86_64 1.7.0 18.00 47.00 65.00 OK
r-patched-linux-x86_64 1.7.0 1.62 19.34 20.96 NOTE
r-patched-solaris-sparc 1.7.0 226.30 OK
r-patched-solaris-x86 1.7.0 46.60 OK
r-release-linux-x86_64 1.7.0 1.73 18.97 20.70 NOTE
r-release-windows-ix86+x86_64 1.7.0 14.00 62.00 76.00 OK
r-release-osx-x86_64 1.7.0 OK
r-oldrel-windows-ix86+x86_64 1.7.0 10.00 63.00 73.00 OK
r-oldrel-osx-x86_64 1.7.0 OK

Check Details

Version: 1.7.0
Check: compiled code
Result: NOTE
    File ‘rredis/libs/rredis.so’:
     Found no calls to: ‘R_registerRoutines’, ‘R_useDynamicSymbols’
    
    It is good practice to register native routines and to disable symbol
    search.
    
    See ‘Writing portable packages’ in the ‘Writing R Extensions’ manual.
Flavors: r-devel-linux-x86_64-debian-clang, r-devel-linux-x86_64-debian-gcc, r-patched-linux-x86_64, r-release-linux-x86_64

Version: 1.7.0
Flags: --no-stop-on-test-error
Check: compiled code
Result: NOTE
    File ‘rredis/libs/rredis.so’:
     Found no calls to: ‘R_registerRoutines’, ‘R_useDynamicSymbols’
    
    It is good practice to register native routines and to disable symbol
    search.
    
    See ‘Writing portable packages’ in the ‘Writing R Extensions’ manual.
Flavors: r-devel-linux-x86_64-fedora-clang, r-devel-linux-x86_64-fedora-gcc