CRAN Package Check Results for Package rredis

Last updated on 2017-11-23 00:47:44 CET.

Flavor Version Tinstall Tcheck Ttotal Status Flags
r-devel-linux-x86_64-debian-clang 1.7.0 1.63 30.20 31.83 NOTE
r-devel-linux-x86_64-debian-gcc 1.7.0 2.47 53.23 55.70 NOTE
r-devel-linux-x86_64-fedora-clang 1.7.0 37.33 NOTE
r-devel-linux-x86_64-fedora-gcc 1.7.0 37.67 NOTE
r-devel-windows-ix86+x86_64 1.7.0 15.00 52.00 67.00 OK
r-patched-linux-x86_64 1.7.0 1.64 20.17 21.81 NOTE
r-patched-solaris-x86 1.7.0 53.70 OK
r-release-linux-x86_64 1.7.0 1.70 20.45 22.14 NOTE
r-release-windows-ix86+x86_64 1.7.0 10.00 48.00 58.00 OK
r-release-osx-x86_64 1.7.0 OK
r-oldrel-windows-ix86+x86_64 1.7.0 11.00 57.00 68.00 OK
r-oldrel-osx-x86_64 1.7.0 OK

Check Details

Version: 1.7.0
Check: compiled code
Result: NOTE
    File ‘rredis/libs/rredis.so’:
     Found no calls to: ‘R_registerRoutines’, ‘R_useDynamicSymbols’
    
    It is good practice to register native routines and to disable symbol
    search.
    
    See ‘Writing portable packages’ in the ‘Writing R Extensions’ manual.
Flavors: r-devel-linux-x86_64-debian-clang, r-devel-linux-x86_64-debian-gcc, r-devel-linux-x86_64-fedora-clang, r-devel-linux-x86_64-fedora-gcc, r-patched-linux-x86_64, r-release-linux-x86_64