CRAN Package Check Results for Package rredis

Last updated on 2017-09-22 02:47:59.

Flavor Version Tinstall Tcheck Ttotal Status Flags
r-devel-linux-x86_64-debian-clang 1.7.0 1.64 19.71 21.34 NOTE
r-devel-linux-x86_64-debian-gcc 1.7.0 1.53 20.33 21.86 NOTE
r-devel-linux-x86_64-fedora-clang 1.7.0 38.09 NOTE
r-devel-linux-x86_64-fedora-gcc 1.7.0 38.27 NOTE
r-devel-windows-ix86+x86_64 1.7.0 9.00 65.00 74.00 OK
r-patched-linux-x86_64 1.7.0 1.76 19.16 20.92 NOTE
r-patched-solaris-x86 1.7.0 47.00 OK
r-release-linux-x86_64 1.7.0 1.56 19.76 21.32 NOTE
r-release-windows-ix86+x86_64 1.7.0 10.00 48.00 58.00 OK
r-release-osx-x86_64 1.7.0 OK
r-oldrel-windows-ix86+x86_64 1.7.0 11.00 57.00 68.00 OK
r-oldrel-osx-x86_64 1.7.0 OK

Check Details

Version: 1.7.0
Check: compiled code
Result: NOTE
    File ‘rredis/libs/rredis.so’:
     Found no calls to: ‘R_registerRoutines’, ‘R_useDynamicSymbols’
    
    It is good practice to register native routines and to disable symbol
    search.
    
    See ‘Writing portable packages’ in the ‘Writing R Extensions’ manual.
Flavors: r-devel-linux-x86_64-debian-clang, r-devel-linux-x86_64-debian-gcc, r-devel-linux-x86_64-fedora-clang, r-devel-linux-x86_64-fedora-gcc, r-patched-linux-x86_64, r-release-linux-x86_64