CRAN Package Check Results for Package rredis

Last updated on 2018-02-22 10:47:42 CET.

Flavor Version Tinstall Tcheck Ttotal Status Flags
r-devel-linux-x86_64-debian-clang 1.7.0 2.71 27.81 30.52 NOTE
r-devel-linux-x86_64-debian-gcc 1.7.0 2.59 24.24 26.83 NOTE
r-devel-linux-x86_64-fedora-clang 1.7.0 41.93 NOTE
r-devel-linux-x86_64-fedora-gcc 1.7.0 39.26 NOTE
r-devel-windows-ix86+x86_64 1.7.0 15.00 47.00 62.00 OK
r-patched-linux-x86_64 1.7.0 1.94 29.59 31.53 NOTE
r-patched-solaris-x86 1.7.0 47.00 OK
r-release-linux-x86_64 1.7.0 2.30 29.56 31.86 NOTE
r-release-windows-ix86+x86_64 1.7.0 10.00 65.00 75.00 OK
r-release-osx-x86_64 1.7.0 OK
r-oldrel-windows-ix86+x86_64 1.7.0 9.00 48.00 57.00 OK
r-oldrel-osx-x86_64 1.7.0 OK

Check Details

Version: 1.7.0
Check: compiled code
Result: NOTE
    File ‘rredis/libs/rredis.so’:
     Found no calls to: ‘R_registerRoutines’, ‘R_useDynamicSymbols’
    
    It is good practice to register native routines and to disable symbol
    search.
    
    See ‘Writing portable packages’ in the ‘Writing R Extensions’ manual.
Flavors: r-devel-linux-x86_64-debian-clang, r-devel-linux-x86_64-debian-gcc, r-devel-linux-x86_64-fedora-clang, r-devel-linux-x86_64-fedora-gcc, r-patched-linux-x86_64, r-release-linux-x86_64