CRAN Package Check Results for Package rredis

Last updated on 2017-03-29 06:48:32.

Flavor Version Tinstall Tcheck Ttotal Status Flags
r-devel-linux-x86_64-debian-clang 1.7.0 1.82 19.74 21.55 NOTE
r-devel-linux-x86_64-debian-gcc 1.7.0 1.58 19.43 21.01 NOTE
r-devel-linux-x86_64-fedora-clang 1.7.0 37.83 NOTE --no-stop-on-test-error
r-devel-linux-x86_64-fedora-gcc 1.7.0 36.13 NOTE --no-stop-on-test-error
r-devel-macos-x86_64-clang 1.7.0 32.59 NOTE --no-stop-on-test-error
r-devel-windows-ix86+x86_64 1.7.0 10.00 80.00 90.00 OK
r-patched-linux-x86_64 1.7.0 1.58 19.15 20.73 NOTE
r-patched-solaris-sparc 1.7.0 226.30 OK
r-patched-solaris-x86 1.7.0 47.50 OK
r-release-linux-x86_64 1.7.0 1.49 17.51 19.00 OK
r-release-osx-x86_64-mavericks 1.7.0 OK
r-release-windows-ix86+x86_64 1.7.0 26.00 43.00 69.00 OK
r-oldrel-windows-ix86+x86_64 1.7.0 26.00 99.00 125.00 OK

Check Details

Version: 1.7.0
Check: compiled code
Result: NOTE
    File ‘rredis/libs/rredis.so’:
     Found no calls to: ‘R_registerRoutines’, ‘R_useDynamicSymbols’
    
    It is good practice to register native routines and to disable symbol
    search.
    
    See ‘Writing portable packages’ in the ‘Writing R Extensions’ manual.
Flavors: r-devel-linux-x86_64-debian-clang, r-devel-linux-x86_64-debian-gcc, r-patched-linux-x86_64

Version: 1.7.0
Flags: --no-stop-on-test-error
Check: compiled code
Result: NOTE
    File ‘rredis/libs/rredis.so’:
     Found no calls to: ‘R_registerRoutines’, ‘R_useDynamicSymbols’
    
    It is good practice to register native routines and to disable symbol
    search.
    
    See ‘Writing portable packages’ in the ‘Writing R Extensions’ manual.
Flavors: r-devel-linux-x86_64-fedora-clang, r-devel-linux-x86_64-fedora-gcc, r-devel-macos-x86_64-clang