CRAN Package Check Results for Package rredis

Last updated on 2017-02-20 17:49:20.

Flavor Version Tinstall Tcheck Ttotal Status Flags
r-devel-linux-x86_64-debian-clang 1.7.0 1.66 19.64 21.30 NOTE
r-devel-linux-x86_64-debian-gcc 1.7.0 1.64 19.58 21.21 NOTE
r-devel-linux-x86_64-fedora-clang 1.7.0 36.20 NOTE --no-stop-on-test-error
r-devel-linux-x86_64-fedora-gcc 1.7.0 35.30 NOTE --no-stop-on-test-error
r-devel-macos-x86_64-clang 34.39 NOTE --no-stop-on-test-error
r-devel-windows-ix86+x86_64 1.7.0 9.00 49.00 58.00 OK
r-patched-linux-x86_64 1.7.0 1.56 17.59 19.16 OK
r-patched-solaris-sparc 1.7.0 205.80 OK
r-patched-solaris-x86 1.7.0 43.00 OK
r-release-linux-x86_64 1.7.0 1.46 17.55 19.01 OK
r-release-osx-x86_64-mavericks 1.7.0 OK
r-release-windows-ix86+x86_64 1.7.0 26.00 43.00 69.00 OK
r-oldrel-windows-ix86+x86_64 1.7.0 26.00 99.00 125.00 OK

Check Details

Version: 1.7.0
Check: compiled code
Result: NOTE
    File ‘rredis/libs/rredis.so’:
     Found no calls to: ‘R_registerRoutines’, ‘R_useDynamicSymbols’
    
    It is good practice to register native routines and to disable symbol
    search.
    
    See ‘Writing portable packages’ in the ‘Writing R Extensions’ manual.
Flavors: r-devel-linux-x86_64-debian-clang, r-devel-linux-x86_64-debian-gcc

Version: 1.7.0
Flags: --no-stop-on-test-error
Check: compiled code
Result: NOTE
    File ‘rredis/libs/rredis.so’:
     Found no calls to: ‘R_registerRoutines’, ‘R_useDynamicSymbols’
    
    It is good practice to register native routines and to disable symbol
    search.
    
    See ‘Writing portable packages’ in the ‘Writing R Extensions’ manual.
Flavors: r-devel-linux-x86_64-fedora-clang, r-devel-linux-x86_64-fedora-gcc, r-devel-macos-x86_64-clang