CRAN Package Check Results for Package rredis

Last updated on 2018-04-25 19:47:25 CEST.

Flavor Version Tinstall Tcheck Ttotal Status Flags
r-devel-linux-x86_64-debian-clang 1.7.0 2.48 31.01 33.49 NOTE
r-devel-linux-x86_64-debian-gcc 1.7.0 2.86 24.25 27.11 NOTE
r-devel-linux-x86_64-fedora-clang 1.7.0 40.08 NOTE
r-devel-linux-x86_64-fedora-gcc 1.7.0 39.92 NOTE
r-devel-windows-ix86+x86_64 1.7.0 16.00 49.00 65.00 OK
r-patched-linux-x86_64 1.7.0 3.18 30.39 33.57 NOTE
r-patched-solaris-x86 1.7.0 55.10 OK
r-release-linux-x86_64 1.7.0 2.42 30.70 33.12 NOTE
r-release-windows-ix86+x86_64 1.7.0 16.00 49.00 65.00 OK
r-release-osx-x86_64 1.7.0 OK
r-oldrel-windows-ix86+x86_64 1.7.0 12.00 71.00 83.00 OK
r-oldrel-osx-x86_64 1.7.0 OK

Check Details

Version: 1.7.0
Check: compiled code
Result: NOTE
    File ‘rredis/libs/rredis.so’:
     Found no calls to: ‘R_registerRoutines’, ‘R_useDynamicSymbols’
    
    It is good practice to register native routines and to disable symbol
    search.
    
    See ‘Writing portable packages’ in the ‘Writing R Extensions’ manual.
Flavors: r-devel-linux-x86_64-debian-clang, r-devel-linux-x86_64-debian-gcc, r-devel-linux-x86_64-fedora-clang, r-devel-linux-x86_64-fedora-gcc, r-patched-linux-x86_64, r-release-linux-x86_64