CRAN Package Check Results for Package rredis

Last updated on 2017-07-26 02:48:13.

Flavor Version Tinstall Tcheck Ttotal Status Flags
r-devel-linux-x86_64-debian-clang 1.7.0 1.74 38.11 39.85 NOTE
r-devel-linux-x86_64-debian-gcc 1.7.0 1.66 37.82 39.48 NOTE
r-devel-linux-x86_64-fedora-clang 1.7.0 38.33 NOTE
r-devel-linux-x86_64-fedora-gcc 1.7.0 38.81 NOTE
r-devel-windows-ix86+x86_64 1.7.0 14.00 49.00 63.00 OK
r-patched-linux-x86_64 1.7.0 1.45 37.45 38.90 NOTE
r-patched-solaris-x86 1.7.0 47.10 OK
r-release-linux-x86_64 1.7.0 1.67 37.87 39.54 NOTE
r-release-windows-ix86+x86_64 1.7.0 8.00 75.00 83.00 OK
r-release-osx-x86_64 1.7.0 OK
r-oldrel-windows-ix86+x86_64 1.7.0 11.00 57.00 68.00 OK
r-oldrel-osx-x86_64 1.7.0 OK

Check Details

Version: 1.7.0
Check: compiled code
Result: NOTE
    File ‘rredis/libs/rredis.so’:
     Found no calls to: ‘R_registerRoutines’, ‘R_useDynamicSymbols’
    
    It is good practice to register native routines and to disable symbol
    search.
    
    See ‘Writing portable packages’ in the ‘Writing R Extensions’ manual.
Flavors: r-devel-linux-x86_64-debian-clang, r-devel-linux-x86_64-debian-gcc, r-devel-linux-x86_64-fedora-clang, r-devel-linux-x86_64-fedora-gcc, r-patched-linux-x86_64, r-release-linux-x86_64