CRAN Package Check Results for Package rriskDistributions

Last updated on 2017-01-21 05:50:45.

Flavor Version Tinstall Tcheck Ttotal Status Flags
r-devel-linux-x86_64-debian-clang 2.1.1 2.63 50.48 53.11 OK
r-devel-linux-x86_64-debian-gcc 2.1.1 2.88 49.85 52.74 OK
r-devel-linux-x86_64-fedora-clang 2.1.1 119.88 OK --no-stop-on-test-error
r-devel-linux-x86_64-fedora-gcc 2.1.1 110.64 OK --no-stop-on-test-error
r-devel-macos-x86_64-clang 2.1.1 86.13 OK --no-stop-on-test-error
r-devel-windows-ix86+x86_64 2.1.1 11.00 113.00 124.00 OK
r-patched-linux-x86_64 2.1.1 2.57 45.72 48.29 OK
r-patched-solaris-sparc 2.1.1 621.30 OK
r-patched-solaris-x86 2.1.1 131.40 OK
r-release-linux-x86_64 2.1.1 2.50 46.80 49.30 OK
r-release-osx-x86_64-mavericks 2.1.1 NOTE
r-release-windows-ix86+x86_64 2.1.1 11.00 147.00 158.00 OK
r-oldrel-windows-ix86+x86_64 2.1.1 10.00 151.00 161.00 OK

Check Details

Version: 2.1.1
Check: dependencies in R code
Result: NOTE
    Invalid MIT-MAGIC-COOKIE-1 keyInvalid MIT-MAGIC-COOKIE-1 key
Flavor: r-release-osx-x86_64-mavericks