CRAN Package Check Results for Package rriskDistributions

Last updated on 2016-08-26 01:51:02.

Flavor Version Tinstall Tcheck Ttotal Status Flags
r-devel-linux-x86_64-debian-clang 2.1.1 3.10 50.72 53.82 OK
r-devel-linux-x86_64-debian-gcc 2.1.1 4.52 60.94 65.47 OK
r-devel-linux-x86_64-fedora-clang 2.1.1 106.59 OK
r-devel-linux-x86_64-fedora-gcc 2.1.1 95.94 OK
r-devel-osx-x86_64-clang 2.1.1 81.61 OK
r-devel-windows-ix86+x86_64 2.1.1 11.00 82.00 93.00 OK
r-patched-linux-x86_64 2.1.1 2.86 49.16 52.02 OK
r-patched-solaris-sparc 2.1.1 628.50 OK
r-patched-solaris-x86 2.1.1 131.50 OK
r-release-linux-x86_64 2.1.1 3.08 50.49 53.57 OK
r-release-osx-x86_64-mavericks 2.1.1 NOTE
r-release-windows-ix86+x86_64 2.1.1 7.00 80.00 87.00 OK
r-oldrel-windows-ix86+x86_64 2.1.1 8.00 110.00 118.00 OK

Check Details

Version: 2.1.1
Check: dependencies in R code
Result: NOTE
    Invalid MIT-MAGIC-COOKIE-1 keyInvalid MIT-MAGIC-COOKIE-1 key
Flavor: r-release-osx-x86_64-mavericks