CRAN Package Check Results for Package rriskDistributions

Last updated on 2016-04-29 11:48:43.

Flavor Version Tinstall Tcheck Ttotal Status Flags
r-devel-linux-x86_64-debian-gcc 2.1.1 2.82 48.30 51.12 OK
r-devel-linux-x86_64-fedora-clang 2.1.1 97.53 OK
r-devel-linux-x86_64-fedora-gcc 2.1.1 94.84 OK
r-devel-osx-x86_64-clang 2.1.1 111.36 OK
r-devel-windows-ix86+x86_64 2.1.1 8.00 87.00 95.00 OK
r-patched-linux-x86_64 2.1.1 2.86 48.11 50.98 OK
r-patched-solaris-sparc 2.1.1 612.80 OK
r-patched-solaris-x86 2.1.1 128.80 OK
r-release-linux-x86_64 2.1.1 3.22 50.70 53.92 OK
r-release-osx-x86_64-mavericks 2.1.1 NOTE
r-release-windows-ix86+x86_64 2.1.1 8.00 85.00 93.00 OK
r-oldrel-windows-ix86+x86_64 2.1.1 18.00 142.00 160.00 OK

Check Details

Version: 2.1.1
Check: dependencies in R code
Result: NOTE
    Invalid MIT-MAGIC-COOKIE-1 keyalloc: invalid block: 0x10a6493a8: 0 0
Flavor: r-release-osx-x86_64-mavericks