CRAN Package Check Results for Package rriskDistributions

Last updated on 2015-05-23 14:47:09.

Flavor Version Tinstall Tcheck Ttotal Status Flags
r-devel-linux-x86_64-debian-clang 2.1 2.94 48.16 51.10 OK
r-devel-linux-x86_64-debian-gcc 2.1 2.89 47.03 49.92 OK
r-devel-linux-x86_64-fedora-clang 2.1 103.74 OK
r-devel-linux-x86_64-fedora-gcc 2.1 99.64 OK
r-devel-osx-x86_64-clang 2.1 88.60 OK
r-devel-windows-ix86+x86_64 2.1 8.00 70.00 78.00 OK
r-patched-linux-x86_64 2.1 3.00 47.43 50.43 OK
r-patched-solaris-sparc 2.1 648.20 OK
r-patched-solaris-x86 2.1 136.80 OK
r-release-linux-x86_64 2.1 2.93 50.29 53.22 OK
r-release-osx-x86_64-mavericks 2.1 NOTE
r-release-windows-ix86+x86_64 2.1 10.00 72.00 82.00 OK
r-oldrel-windows-ix86+x86_64 2.1 14.00 90.00 104.00 OK

Check Details

Version: 2.1
Check: dependencies in R code
Result: NOTE
    
     *** caught segfault ***
    address 0x998, cause 'memory not mapped'
    
    Traceback:
     1: structure(.External(.C_dotTclObjv, objv), class = "tclObj")
     2: .Tcl.objv(.Tcl.args.objv(...))
     3: tcl("load", file, "Rplot")
     4: doTryCatch(return(expr), name, parentenv, handler)
     5: tryCatchOne(expr, names, parentenv, handlers[[1L]])
     6: tryCatchList(expr, classes, parentenv, handlers)
     7: tryCatch(tcl("load", file, "Rplot"), error = function(e) warning("loading Rplot failed", call. = FALSE))
     8: fun(libname, pkgname)
     9: doTryCatch(return(expr), name, parentenv, handler)
    10: tryCatchOne(expr, names, parentenv, handlers[[1L]])
    11: tryCatchList(expr, classes, parentenv, handlers)
    12: tryCatch(fun(libname, pkgname), error = identity)
    13: runHook(".onLoad", env, package.lib, package)
    14: loadNamespace(p)
    15: withCallingHandlers(expr, message = function(c) invokeRestart("muffleMessage"))
    16: suppressMessages(loadNamespace(p))
    17: withCallingHandlers(expr, warning = function(w) invokeRestart("muffleWarning"))
    18: suppressWarnings(suppressMessages(loadNamespace(p)))
    19: doTryCatch(return(expr), name, parentenv, handler)
    20: tryCatchOne(expr, names, parentenv, handlers[[1L]])
    21: tryCatchList(expr, classes, parentenv, handlers)
    22: tryCatch(suppressWarnings(suppressMessages(loadNamespace(p))), error = function(e) e)
    23: tools:::.check_packages_used(package = "rriskDistributions")
    aborting ...
Flavor: r-release-osx-x86_64-mavericks