CRAN Package Check Results for Package rriskDistributions

Last updated on 2014-04-24 15:50:47.

Flavor Version Tinstall Tcheck Ttotal Status Flags
r-devel-linux-x86_64-debian-clang 2.0 4.60 54.92 59.52 NOTE
r-devel-linux-x86_64-debian-gcc 2.0 4.37 55.35 59.72 NOTE
r-devel-linux-x86_64-fedora-clang 2.0 132.56 NOTE
r-devel-linux-x86_64-fedora-gcc 2.0 125.46 NOTE
r-devel-osx-x86_64-clang 2.0 108.95 NOTE
r-devel-osx-x86_64-gcc 2.0 NOTE
r-devel-windows-ix86+x86_64 2.0 11.00 75.00 86.00 NOTE
r-patched-linux-x86_64 2.0 4.55 53.93 58.48 NOTE
r-patched-solaris-sparc 2.0 682.60 NOTE
r-patched-solaris-x86 2.0 175.00 NOTE
r-release-linux-ix86 2.0 7.00 87.00 94.00 NOTE
r-release-linux-x86_64 2.0 4.39 55.99 60.38 NOTE
r-release-osx-x86_64-mavericks 2.0 WARN
r-release-osx-x86_64-snowleopard 2.0 OK
r-release-windows-ix86+x86_64 2.0 12.00 78.00 90.00 NOTE
r-oldrel-windows-ix86+x86_64 2.0 11.00 76.00 87.00 NOTE

Check Details

Version: 2.0
Check: dependencies in R code
Result: NOTE
    Packages in Depends field not imported from:
     ‘eha’ ‘mc2d’ ‘msm’ ‘tkrplot’
     These packages need to be imported from (in the NAMESPACE file)
     for when this namespace is loaded but not attached.
    See the information on DESCRIPTION files in the chapter ‘Creating R
    packages’ of the ‘Writing R Extensions’ manual.
Flavors: r-devel-linux-x86_64-debian-clang, r-devel-linux-x86_64-debian-gcc, r-devel-linux-x86_64-fedora-clang, r-devel-linux-x86_64-fedora-gcc, r-devel-osx-x86_64-clang, r-devel-osx-x86_64-gcc, r-devel-windows-ix86+x86_64, r-patched-linux-x86_64, r-patched-solaris-sparc, r-patched-solaris-x86, r-release-linux-ix86, r-release-linux-x86_64, r-release-osx-x86_64-mavericks, r-release-windows-ix86+x86_64, r-oldrel-windows-ix86+x86_64

Version: 2.0
Check: whether package can be installed
Result: WARNING
    Found the following significant warnings:
     Warning: loading Rplot failed
     Warning: loading Rplot failed
    See ‘/Builds/CRAN-QA-Simon/packages/mavericks-x86_64/results/3.1/rriskDistributions.Rcheck/00install.out’ for details.
Flavor: r-release-osx-x86_64-mavericks

Version: 2.0
Check: PDF version of manual
Result: WARNING
    LaTeX errors when creating PDF version.
    This typically indicates Rd problems.
    LaTeX errors found:
    ! LaTeX Error: File `upquote.sty' not found.
    
    Type X to quit or <RETURN> to proceed,
    or enter new name. (Default extension: sty)
    
    c9f7f26/Rd2.tex:8: ==> Fatal error occurred, no output PDF file produced!
Flavor: r-release-osx-x86_64-mavericks