CRAN Package Check Results for Package rriskDistributions

Last updated on 2017-03-22 23:53:37.

Flavor Version Tinstall Tcheck Ttotal Status Flags
r-devel-linux-x86_64-debian-clang 2.1.1 2.70 52.15 54.86 OK
r-devel-linux-x86_64-debian-gcc 2.1.1 2.98 51.83 54.81 OK
r-devel-linux-x86_64-fedora-clang 2.1.1 118.93 OK --no-stop-on-test-error
r-devel-linux-x86_64-fedora-gcc 2.1.1 113.80 OK --no-stop-on-test-error
r-devel-macos-x86_64-clang 2.1.1 88.59 OK --no-stop-on-test-error
r-devel-windows-ix86+x86_64 2.1.1 8.00 91.00 99.00 OK
r-patched-linux-x86_64 2.1.1 2.81 47.14 49.95 OK
r-patched-solaris-sparc 2.1.1 689.90 OK
r-patched-solaris-x86 2.1.1 153.00 OK
r-release-linux-x86_64 2.1.1 2.60 47.35 49.95 OK
r-release-osx-x86_64-mavericks 2.1.1 NOTE
r-release-windows-ix86+x86_64 2.1.1 11.00 82.00 93.00 OK
r-oldrel-windows-ix86+x86_64 2.1.1 12.00 110.00 122.00 OK

Check Details

Version: 2.1.1
Check: dependencies in R code
Result: NOTE
    Invalid MIT-MAGIC-COOKIE-1 keyInvalid MIT-MAGIC-COOKIE-1 key
Flavor: r-release-osx-x86_64-mavericks