CRAN Package Check Results for Package rriskDistributions

Last updated on 2017-02-26 17:51:43.

Flavor Version Tinstall Tcheck Ttotal Status Flags
r-devel-linux-x86_64-debian-clang 2.1.1 2.51 53.25 55.76 OK
r-devel-linux-x86_64-debian-gcc 2.1.1 2.85 52.03 54.88 OK
r-devel-linux-x86_64-fedora-clang 2.1.1 130.42 OK --no-stop-on-test-error
r-devel-linux-x86_64-fedora-gcc 2.1.1 114.18 OK --no-stop-on-test-error
r-devel-macos-x86_64-clang 2.1.1 89.51 OK --no-stop-on-test-error
r-devel-windows-ix86+x86_64 2.1.1 11.00 117.00 128.00 OK
r-patched-linux-x86_64 2.1.1 2.63 47.58 50.20 OK
r-patched-solaris-sparc 2.1.1 621.30 OK
r-patched-solaris-x86 2.1.1 116.80 OK
r-release-linux-x86_64 2.1.1 2.54 47.81 50.35 OK
r-release-osx-x86_64-mavericks 2.1.1 NOTE
r-release-windows-ix86+x86_64 2.1.1 10.00 105.00 115.00 OK
r-oldrel-windows-ix86+x86_64 2.1.1 12.00 85.00 97.00 OK

Check Details

Version: 2.1.1
Check: dependencies in R code
Result: NOTE
    Invalid MIT-MAGIC-COOKIE-1 keyInvalid MIT-MAGIC-COOKIE-1 key
Flavor: r-release-osx-x86_64-mavericks