CRAN Package Check Results for Package rriskDistributions

Last updated on 2014-07-23 19:49:22.

Flavor Version Tinstall Tcheck Ttotal Status Flags
r-devel-linux-x86_64-debian-clang 2.0 4.22 51.94 56.16 NOTE
r-devel-linux-x86_64-debian-gcc 2.0 4.20 53.65 57.85 NOTE
r-devel-linux-x86_64-fedora-clang 2.0 126.99 NOTE
r-devel-linux-x86_64-fedora-gcc 2.0 121.79 NOTE
r-devel-osx-x86_64-clang 2.0 104.72 NOTE
r-devel-windows-ix86+x86_64 2.0 11.00 72.00 83.00 NOTE
r-patched-linux-x86_64 2.0 4.83 51.34 56.17 NOTE
r-patched-solaris-sparc 2.0 682.60 NOTE
r-patched-solaris-x86 2.0 162.40 NOTE
r-release-linux-ix86 2.0 5.14 65.46 70.60 NOTE
r-release-linux-x86_64 2.0 4.30 52.24 56.54 NOTE
r-release-osx-x86_64-mavericks 2.0 NOTE
r-release-osx-x86_64-snowleopard 2.0 OK
r-release-windows-ix86+x86_64 2.0 10.00 76.00 86.00 NOTE
r-oldrel-windows-ix86+x86_64 2.0 12.00 74.00 86.00 NOTE

Check Details

Version: 2.0
Check: dependencies in R code
Result: NOTE
    Packages in Depends field not imported from:
     ‘eha’ ‘mc2d’ ‘msm’ ‘tkrplot’
     These packages need to be imported from (in the NAMESPACE file)
     for when this namespace is loaded but not attached.
    See the information on DESCRIPTION files in the chapter ‘Creating R
    packages’ of the ‘Writing R Extensions’ manual.
Flavors: r-devel-linux-x86_64-debian-clang, r-devel-linux-x86_64-debian-gcc, r-devel-linux-x86_64-fedora-clang, r-devel-linux-x86_64-fedora-gcc, r-devel-osx-x86_64-clang, r-devel-windows-ix86+x86_64, r-patched-linux-x86_64, r-patched-solaris-sparc, r-patched-solaris-x86, r-release-linux-ix86, r-release-linux-x86_64, r-release-osx-x86_64-mavericks, r-release-windows-ix86+x86_64, r-oldrel-windows-ix86+x86_64