CRAN Package Check Results for Package rriskDistributions

Last updated on 2016-09-29 17:50:34.

Flavor Version Tinstall Tcheck Ttotal Status Flags
r-devel-linux-x86_64-debian-clang 2.1.1 2.72 47.40 50.11 OK
r-devel-linux-x86_64-debian-gcc 2.1.1 2.61 47.39 50.00 OK
r-devel-linux-x86_64-fedora-clang 2.1.1 108.62 OK
r-devel-linux-x86_64-fedora-gcc 2.1.1 95.56 OK
r-devel-macos-x86_64-clang 2.1.1 76.66 OK
r-devel-windows-ix86+x86_64 2.1.1 11.00 100.00 111.00 OK
r-patched-linux-x86_64 2.1.1 2.64 47.93 50.57 OK
r-patched-solaris-sparc 2.1.1 628.50 OK
r-patched-solaris-x86 2.1.1 130.50 OK
r-release-linux-x86_64 2.1.1 2.75 48.07 50.82 OK
r-release-osx-x86_64-mavericks 2.1.1 NOTE
r-release-windows-ix86+x86_64 2.1.1 8.00 113.00 121.00 OK
r-oldrel-windows-ix86+x86_64 2.1.1 13.00 105.00 118.00 OK

Check Details

Version: 2.1.1
Check: dependencies in R code
Result: NOTE
    Invalid MIT-MAGIC-COOKIE-1 keyInvalid MIT-MAGIC-COOKIE-1 key
Flavor: r-release-osx-x86_64-mavericks