CRAN Package Check Results for Package rriskDistributions

Last updated on 2016-05-25 06:47:28.

Flavor Version Tinstall Tcheck Ttotal Status Flags
r-devel-linux-x86_64-debian-gcc 2.1.1 3.18 48.01 51.19 OK
r-devel-linux-x86_64-fedora-clang 2.1.1 103.63 OK
r-devel-linux-x86_64-fedora-gcc 2.1.1 93.71 OK
r-devel-osx-x86_64-clang 2.1.1 111.28 OK
r-devel-windows-ix86+x86_64 2.1.1 8.00 88.00 96.00 OK
r-patched-linux-x86_64 2.1.1 3.37 48.49 51.86 OK
r-patched-solaris-sparc 2.1.1 623.30 OK
r-patched-solaris-x86 2.1.1 128.20 OK
r-release-linux-x86_64 2.1.1 3.26 48.58 51.84 OK
r-release-osx-x86_64-mavericks 2.1.1 NOTE
r-release-windows-ix86+x86_64 2.1.1 8.00 88.00 96.00 OK
r-oldrel-windows-ix86+x86_64 2.1.1 11.00 84.00 95.00 OK

Check Details

Version: 2.1.1
Check: dependencies in R code
Result: NOTE
    Invalid MIT-MAGIC-COOKIE-1 keyInvalid MIT-MAGIC-COOKIE-1 key
Flavor: r-release-osx-x86_64-mavericks