CRAN Package Check Results for Package rriskDistributions

Last updated on 2016-06-30 15:48:10.

Flavor Version Tinstall Tcheck Ttotal Status Flags
r-devel-linux-x86_64-debian-gcc 2.1.1 3.13 51.67 54.80 OK
r-devel-linux-x86_64-fedora-clang 2.1.1 100.98 OK
r-devel-linux-x86_64-fedora-gcc 2.1.1 94.30 OK
r-devel-osx-x86_64-clang 2.1.1 79.78 OK
r-devel-windows-ix86+x86_64 2.1.1 9.00 85.00 94.00 OK
r-patched-linux-x86_64 2.1.1 4.09 53.74 57.83 OK
r-patched-solaris-sparc 2.1.1 628.50 OK
r-patched-solaris-x86 2.1.1 129.70 OK
r-release-linux-x86_64 2.1.1 3.17 53.00 56.16 OK
r-release-osx-x86_64-mavericks 2.1.1 NOTE
r-release-windows-ix86+x86_64 2.1.1 12.00 79.00 91.00 OK
r-oldrel-windows-ix86+x86_64 2.1.1 13.00 94.00 107.00 OK

Check Details

Version: 2.1.1
Check: dependencies in R code
Result: NOTE
    Invalid MIT-MAGIC-COOKIE-1 keyInvalid MIT-MAGIC-COOKIE-1 key
Flavor: r-release-osx-x86_64-mavericks