CRAN Package Check Results for Package rriskDistributions

Last updated on 2015-08-02 21:47:20.

Flavor Version Tinstall Tcheck Ttotal Status Flags
r-devel-linux-x86_64-debian-clang 2.1 3.17 48.33 51.50 NOTE
r-devel-linux-x86_64-debian-gcc 2.1 3.16 48.21 51.38 NOTE
r-devel-linux-x86_64-fedora-clang 2.1 106.52 NOTE
r-devel-linux-x86_64-fedora-gcc 2.1 97.34 NOTE
r-devel-osx-x86_64-clang 2.1 86.05 OK
r-devel-windows-ix86+x86_64 2.1 9.00 80.00 89.00 NOTE
r-patched-linux-x86_64 2.1 3.13 48.61 51.74 OK
r-patched-solaris-sparc 2.1 644.70 OK
r-patched-solaris-x86 2.1 135.10 OK
r-release-linux-x86_64 2.1 2.89 47.12 50.02 OK
r-release-osx-x86_64-mavericks 2.1 NOTE
r-release-windows-ix86+x86_64 2.1 14.00 79.00 93.00 OK
r-oldrel-windows-ix86+x86_64 2.1 15.00 97.00 112.00 OK

Check Details

Version: 2.1
Check: R code for possible problems
Result: NOTE
    fit.cont: no visible global function definition for ‘rnorm’
    fit.cont : plotDiagnostics: no visible global function definition for
     ‘par’
    fit.cont : plotDiagnostics: no visible global function definition for
     ‘hist’
    fit.cont : plotDiagnostics: no visible global function definition for
     ‘lines’
    fit.cont : plotDiagnostics: no visible global function definition for
     ‘qqplot’
    fit.cont : plotDiagnostics: no visible global function definition for
     ‘abline’
    fit.cont : plotDiagnostics: no visible global function definition for
     ‘plot’
    fit.cont : plotDiagnostics: no visible global function definition for
     ‘ecdf’
    fit.cont : plotDiagnostics: no visible global function definition for
     ‘title’
    fit.perc: no visible global function definition for ‘qnorm’
    fit.perc : onFit : <anonymous>: no visible global function definition
     for ‘plot’
    fit.perc : onFit : <anonymous>: no visible global function definition
     for ‘rnorm’
    fit.perc : <anonymous>: no visible global function definition for
     ‘plot’
    fit.perc : <anonymous>: no visible global function definition for
     ‘rnorm’
    get.beta.par : minimize: no visible global function definition for
     ‘pbeta’
    get.beta.par: no visible global function definition for ‘optim’
    get.beta.par: no visible global function definition for ‘qbeta’
    get.beta.par: no visible global function definition for ‘pbeta’
    get.beta.par: no visible global function definition for ‘points’
    get.cauchy.par : minimize: no visible global function definition for
     ‘pcauchy’
    get.cauchy.par: no visible global function definition for ‘optim’
    get.cauchy.par: no visible binding for global variable ‘start’
    get.cauchy.par: no visible global function definition for ‘qcauchy’
    get.cauchy.par: no visible global function definition for ‘pcauchy’
    get.cauchy.par: no visible global function definition for ‘points’
    get.chisq.par : minimize: no visible global function definition for
     ‘pchisq’
    get.chisq.par: no visible global function definition for ‘predict’
    get.chisq.par: no visible global function definition for ‘optim’
    get.chisq.par: no visible global function definition for ‘qchisq’
    get.chisq.par: no visible global function definition for ‘pchisq’
    get.chisq.par: no visible global function definition for ‘points’
    get.chisqnc.par : minimize: no visible global function definition for
     ‘pchisq’
    get.chisqnc.par: no visible global function definition for ‘optim’
    get.chisqnc.par: no visible global function definition for ‘qchisq’
    get.chisqnc.par: no visible global function definition for ‘pchisq’
    get.chisqnc.par: no visible global function definition for ‘points’
    get.exp.par : minimize: no visible global function definition for
     ‘pexp’
    get.exp.par: no visible global function definition for ‘optim’
    get.exp.par: no visible global function definition for ‘qexp’
    get.exp.par: no visible global function definition for ‘pexp’
    get.exp.par: no visible global function definition for ‘points’
    get.f.par : minimize: no visible global function definition for ‘pf’
    get.f.par: no visible global function definition for ‘optim’
    get.f.par: no visible global function definition for ‘qf’
    get.f.par: no visible global function definition for ‘pf’
    get.f.par: no visible global function definition for ‘points’
    get.gamma.par : minimize: no visible global function definition for
     ‘pgamma’
    get.gamma.par: no visible global function definition for ‘optim’
    get.gamma.par: no visible global function definition for ‘qgamma’
    get.gamma.par: no visible global function definition for ‘pgamma’
    get.gamma.par: no visible global function definition for ‘points’
    get.gompertz.par: no visible global function definition for ‘optim’
    get.gompertz.par: no visible global function definition for ‘points’
    get.hyper.par : minimize: no visible global function definition for
     ‘phyper’
    get.hyper.par: no visible global function definition for ‘optim’
    get.hyper.par: no visible global function definition for ‘qhyper’
    get.hyper.par: no visible global function definition for ‘phyper’
    get.hyper.par: no visible global function definition for ‘points’
    get.lnorm.par : minimize: no visible global function definition for
     ‘plnorm’
    get.lnorm.par: no visible global function definition for ‘optim’
    get.lnorm.par: no visible global function definition for ‘qlnorm’
    get.lnorm.par: no visible global function definition for ‘plnorm’
    get.lnorm.par: no visible global function definition for ‘points’
    get.logis.par : minimize: no visible global function definition for
     ‘plogis’
    get.logis.par: no visible global function definition for ‘predict’
    get.logis.par: no visible global function definition for ‘sd’
    get.logis.par: no visible global function definition for ‘optim’
    get.logis.par: no visible global function definition for ‘qlogis’
    get.logis.par: no visible global function definition for ‘plogis’
    get.logis.par: no visible global function definition for ‘points’
    get.nbinom.par : minimize: no visible global function definition for
     ‘pnbinom’
    get.nbinom.par: no visible global function definition for ‘sd’
    get.nbinom.par: no visible global function definition for ‘optim’
    get.nbinom.par: no visible global function definition for ‘qnbinom’
    get.nbinom.par: no visible global function definition for ‘pnbinom’
    get.nbinom.par: no visible global function definition for ‘points’
    get.norm.par: no visible global function definition for ‘predict’
    get.norm.par : minimize: no visible global function definition for
     ‘pnorm’
    get.norm.par: no visible global function definition for ‘optim’
    get.norm.par: no visible global function definition for ‘qnorm’
    get.norm.par: no visible global function definition for ‘pnorm’
    get.norm.par: no visible global function definition for ‘points’
    get.norm.sd: no visible global function definition for ‘qnorm’
    get.norm.sd: no visible global function definition for ‘lm’
    get.norm.sd: no visible global function definition for ‘pnorm’
    get.norm.sd: no visible global function definition for ‘points’
    get.pert.par: no visible global function definition for ‘optim’
    get.pert.par: no visible global function definition for ‘points’
    get.pois.par : minimize: no visible global function definition for
     ‘ppois’
    get.pois.par: no visible global function definition for ‘optim’
    get.pois.par: no visible global function definition for ‘qpois’
    get.pois.par: no visible global function definition for ‘ppois’
    get.pois.par: no visible global function definition for ‘points’
    get.t.par : minimize: no visible global function definition for ‘pt’
    get.t.par: no visible global function definition for ‘optim’
    get.t.par: no visible global function definition for ‘qt’
    get.t.par: no visible global function definition for ‘pt’
    get.t.par: no visible global function definition for ‘points’
    get.tnorm.par: no visible global function definition for ‘predict’
    get.tnorm.par: no visible global function definition for ‘optim’
    get.tnorm.par: no visible global function definition for ‘points’
    get.triang.par: no visible global function definition for ‘optim’
    get.triang.par: no visible global function definition for ‘points’
    get.unif.par: no visible global function definition for ‘qunif’
    get.unif.par: no visible global function definition for ‘punif’
    get.unif.par: no visible global function definition for ‘points’
    get.weibull.par : minimize: no visible global function definition for
     ‘pweibull’
    get.weibull.par: no visible global function definition for ‘optim’
    get.weibull.par: no visible global function definition for ‘qweibull’
    get.weibull.par: no visible global function definition for ‘pweibull’
    get.weibull.par: no visible global function definition for ‘points’
    plotDiagnostics.perc: no visible global function definition for ‘plot’
    plotDiagnostics.perc: no visible global function definition for
     ‘qchisq’
    plotDiagnostics.perc: no visible global function definition for ‘lines’
    plotDiagnostics.perc: no visible global function definition for ‘qnorm’
    plotDiagnostics.perc: no visible global function definition for ‘qbeta’
    plotDiagnostics.perc: no visible global function definition for
     ‘qcauchy’
    plotDiagnostics.perc: no visible global function definition for
     ‘qlogis’
    plotDiagnostics.perc: no visible global function definition for ‘qt’
    plotDiagnostics.perc: no visible global function definition for ‘qexp’
    plotDiagnostics.perc: no visible global function definition for ‘qf’
    plotDiagnostics.perc: no visible global function definition for
     ‘qgamma’
    plotDiagnostics.perc: no visible global function definition for
     ‘qlnorm’
    plotDiagnostics.perc: no visible global function definition for
     ‘qweibull’
    plotDiagnostics.perc: no visible global function definition for ‘qunif’
    plotDiagnostics.perc: no visible global function definition for
     ‘legend’
    rriskFitdist.cont: no visible global function definition for ‘cov2cor’
    rriskFitdist.cont: no visible global function definition for ‘ecdf’
    rriskFitdist.cont: no visible global function definition for ‘pchisq’
    rriskFitdist.cont: no visible global function definition for
     ‘approxfun’
    rriskFitdist.perc: no visible global function definition for ‘qchisq’
    rriskFitdist.perc: no visible global function definition for ‘qnorm’
    rriskFitdist.perc: no visible global function definition for ‘qbeta’
    rriskFitdist.perc: no visible global function definition for ‘qcauchy’
    rriskFitdist.perc: no visible global function definition for ‘qlogis’
    rriskFitdist.perc: no visible global function definition for ‘qt’
    rriskFitdist.perc: no visible global function definition for ‘qexp’
    rriskFitdist.perc: no visible global function definition for ‘qf’
    rriskFitdist.perc: no visible global function definition for ‘qgamma’
    rriskFitdist.perc: no visible global function definition for ‘qweibull’
    rriskFitdist.perc: no visible global function definition for ‘qlnorm’
    rriskFitdist.perc: no visible global function definition for ‘qunif’
    rriskMLEdist: no visible global function definition for ‘sd’
    rriskMLEdist: no visible global function definition for ‘var’
    rriskMLEdist: no visible global function definition for ‘median’
    rriskMLEdist: no visible global function definition for ‘IQR’
    rriskMLEdist: no visible global function definition for ‘optim’
    rriskMMEdist: no visible global function definition for ‘sd’
    rriskMMEdist: no visible global function definition for ‘var’
    useFitdist: no visible global function definition for ‘var’
    Undefined global functions or variables:
     IQR abline approxfun cov2cor ecdf hist legend lines lm median optim
     par pbeta pcauchy pchisq pexp pf pgamma phyper plnorm plogis plot
     pnbinom pnorm points ppois predict pt punif pweibull qbeta qcauchy
     qchisq qexp qf qgamma qhyper qlnorm qlogis qnbinom qnorm qpois qqplot
     qt qunif qweibull rnorm sd start title var
    Consider adding
     importFrom("graphics", "abline", "hist", "legend", "lines", "par",
     "plot", "points", "title")
     importFrom("stats", "IQR", "approxfun", "cov2cor", "ecdf", "lm",
     "median", "optim", "pbeta", "pcauchy", "pchisq", "pexp",
     "pf", "pgamma", "phyper", "plnorm", "plogis", "pnbinom",
     "pnorm", "ppois", "predict", "pt", "punif", "pweibull",
     "qbeta", "qcauchy", "qchisq", "qexp", "qf", "qgamma",
     "qhyper", "qlnorm", "qlogis", "qnbinom", "qnorm", "qpois",
     "qqplot", "qt", "qunif", "qweibull", "rnorm", "sd", "start",
     "var")
    to your NAMESPACE.
Flavors: r-devel-linux-x86_64-debian-clang, r-devel-linux-x86_64-debian-gcc, r-devel-linux-x86_64-fedora-clang, r-devel-linux-x86_64-fedora-gcc

Version: 2.1
Check: R code for possible problems
Result: NOTE
    fit.cont: no visible global function definition for 'rnorm'
    fit.cont: no visible global function definition for 'winDialog'
    fit.cont : plotDiagnostics: no visible global function definition for
     'par'
    fit.cont : plotDiagnostics: no visible global function definition for
     'hist'
    fit.cont : plotDiagnostics: no visible global function definition for
     'lines'
    fit.cont : plotDiagnostics: no visible global function definition for
     'qqplot'
    fit.cont : plotDiagnostics: no visible global function definition for
     'abline'
    fit.cont : plotDiagnostics: no visible global function definition for
     'plot'
    fit.cont : plotDiagnostics: no visible global function definition for
     'ecdf'
    fit.cont : plotDiagnostics: no visible global function definition for
     'title'
    fit.perc: no visible global function definition for 'qnorm'
    fit.perc : onFit : <anonymous>: no visible global function definition
     for 'plot'
    fit.perc : onFit : <anonymous>: no visible global function definition
     for 'rnorm'
    fit.perc : <anonymous>: no visible global function definition for
     'plot'
    fit.perc : <anonymous>: no visible global function definition for
     'rnorm'
    get.beta.par : minimize: no visible global function definition for
     'pbeta'
    get.beta.par: no visible global function definition for 'optim'
    get.beta.par: no visible global function definition for 'qbeta'
    get.beta.par: no visible global function definition for 'pbeta'
    get.beta.par: no visible global function definition for 'points'
    get.cauchy.par : minimize: no visible global function definition for
     'pcauchy'
    get.cauchy.par: no visible global function definition for 'optim'
    get.cauchy.par: no visible binding for global variable 'start'
    get.cauchy.par: no visible global function definition for 'qcauchy'
    get.cauchy.par: no visible global function definition for 'pcauchy'
    get.cauchy.par: no visible global function definition for 'points'
    get.chisq.par : minimize: no visible global function definition for
     'pchisq'
    get.chisq.par: no visible global function definition for 'predict'
    get.chisq.par: no visible global function definition for 'optim'
    get.chisq.par: no visible global function definition for 'qchisq'
    get.chisq.par: no visible global function definition for 'pchisq'
    get.chisq.par: no visible global function definition for 'points'
    get.chisqnc.par : minimize: no visible global function definition for
     'pchisq'
    get.chisqnc.par: no visible global function definition for 'optim'
    get.chisqnc.par: no visible global function definition for 'qchisq'
    get.chisqnc.par: no visible global function definition for 'pchisq'
    get.chisqnc.par: no visible global function definition for 'points'
    get.exp.par : minimize: no visible global function definition for
     'pexp'
    get.exp.par: no visible global function definition for 'optim'
    get.exp.par: no visible global function definition for 'qexp'
    get.exp.par: no visible global function definition for 'pexp'
    get.exp.par: no visible global function definition for 'points'
    get.f.par : minimize: no visible global function definition for 'pf'
    get.f.par: no visible global function definition for 'optim'
    get.f.par: no visible global function definition for 'qf'
    get.f.par: no visible global function definition for 'pf'
    get.f.par: no visible global function definition for 'points'
    get.gamma.par : minimize: no visible global function definition for
     'pgamma'
    get.gamma.par: no visible global function definition for 'optim'
    get.gamma.par: no visible global function definition for 'qgamma'
    get.gamma.par: no visible global function definition for 'pgamma'
    get.gamma.par: no visible global function definition for 'points'
    get.gompertz.par: no visible global function definition for 'optim'
    get.gompertz.par: no visible global function definition for 'points'
    get.hyper.par : minimize: no visible global function definition for
     'phyper'
    get.hyper.par: no visible global function definition for 'optim'
    get.hyper.par: no visible global function definition for 'qhyper'
    get.hyper.par: no visible global function definition for 'phyper'
    get.hyper.par: no visible global function definition for 'points'
    get.lnorm.par : minimize: no visible global function definition for
     'plnorm'
    get.lnorm.par: no visible global function definition for 'optim'
    get.lnorm.par: no visible global function definition for 'qlnorm'
    get.lnorm.par: no visible global function definition for 'plnorm'
    get.lnorm.par: no visible global function definition for 'points'
    get.logis.par : minimize: no visible global function definition for
     'plogis'
    get.logis.par: no visible global function definition for 'predict'
    get.logis.par: no visible global function definition for 'sd'
    get.logis.par: no visible global function definition for 'optim'
    get.logis.par: no visible global function definition for 'qlogis'
    get.logis.par: no visible global function definition for 'plogis'
    get.logis.par: no visible global function definition for 'points'
    get.nbinom.par : minimize: no visible global function definition for
     'pnbinom'
    get.nbinom.par: no visible global function definition for 'sd'
    get.nbinom.par: no visible global function definition for 'optim'
    get.nbinom.par: no visible global function definition for 'qnbinom'
    get.nbinom.par: no visible global function definition for 'pnbinom'
    get.nbinom.par: no visible global function definition for 'points'
    get.norm.par: no visible global function definition for 'predict'
    get.norm.par : minimize: no visible global function definition for
     'pnorm'
    get.norm.par: no visible global function definition for 'optim'
    get.norm.par: no visible global function definition for 'qnorm'
    get.norm.par: no visible global function definition for 'pnorm'
    get.norm.par: no visible global function definition for 'points'
    get.norm.sd: no visible global function definition for 'qnorm'
    get.norm.sd: no visible global function definition for 'lm'
    get.norm.sd: no visible global function definition for 'pnorm'
    get.norm.sd: no visible global function definition for 'points'
    get.pert.par: no visible global function definition for 'optim'
    get.pert.par: no visible global function definition for 'points'
    get.pois.par : minimize: no visible global function definition for
     'ppois'
    get.pois.par: no visible global function definition for 'optim'
    get.pois.par: no visible global function definition for 'qpois'
    get.pois.par: no visible global function definition for 'ppois'
    get.pois.par: no visible global function definition for 'points'
    get.t.par : minimize: no visible global function definition for 'pt'
    get.t.par: no visible global function definition for 'optim'
    get.t.par: no visible global function definition for 'qt'
    get.t.par: no visible global function definition for 'pt'
    get.t.par: no visible global function definition for 'points'
    get.tnorm.par: no visible global function definition for 'predict'
    get.tnorm.par: no visible global function definition for 'optim'
    get.tnorm.par: no visible global function definition for 'points'
    get.triang.par: no visible global function definition for 'optim'
    get.triang.par: no visible global function definition for 'points'
    get.unif.par: no visible global function definition for 'qunif'
    get.unif.par: no visible global function definition for 'punif'
    get.unif.par: no visible global function definition for 'points'
    get.weibull.par : minimize: no visible global function definition for
     'pweibull'
    get.weibull.par: no visible global function definition for 'optim'
    get.weibull.par: no visible global function definition for 'qweibull'
    get.weibull.par: no visible global function definition for 'pweibull'
    get.weibull.par: no visible global function definition for 'points'
    plotDiagnostics.perc: no visible global function definition for 'plot'
    plotDiagnostics.perc: no visible global function definition for
     'qchisq'
    plotDiagnostics.perc: no visible global function definition for 'lines'
    plotDiagnostics.perc: no visible global function definition for 'qnorm'
    plotDiagnostics.perc: no visible global function definition for 'qbeta'
    plotDiagnostics.perc: no visible global function definition for
     'qcauchy'
    plotDiagnostics.perc: no visible global function definition for
     'qlogis'
    plotDiagnostics.perc: no visible global function definition for 'qt'
    plotDiagnostics.perc: no visible global function definition for 'qexp'
    plotDiagnostics.perc: no visible global function definition for 'qf'
    plotDiagnostics.perc: no visible global function definition for
     'qgamma'
    plotDiagnostics.perc: no visible global function definition for
     'qlnorm'
    plotDiagnostics.perc: no visible global function definition for
     'qweibull'
    plotDiagnostics.perc: no visible global function definition for 'qunif'
    plotDiagnostics.perc: no visible global function definition for
     'legend'
    rriskFitdist.cont: no visible global function definition for 'cov2cor'
    rriskFitdist.cont: no visible global function definition for 'ecdf'
    rriskFitdist.cont: no visible global function definition for 'pchisq'
    rriskFitdist.cont: no visible global function definition for
     'approxfun'
    rriskFitdist.perc: no visible global function definition for 'qchisq'
    rriskFitdist.perc: no visible global function definition for 'qnorm'
    rriskFitdist.perc: no visible global function definition for 'qbeta'
    rriskFitdist.perc: no visible global function definition for 'qcauchy'
    rriskFitdist.perc: no visible global function definition for 'qlogis'
    rriskFitdist.perc: no visible global function definition for 'qt'
    rriskFitdist.perc: no visible global function definition for 'qexp'
    rriskFitdist.perc: no visible global function definition for 'qf'
    rriskFitdist.perc: no visible global function definition for 'qgamma'
    rriskFitdist.perc: no visible global function definition for 'qweibull'
    rriskFitdist.perc: no visible global function definition for 'qlnorm'
    rriskFitdist.perc: no visible global function definition for 'qunif'
    rriskMLEdist: no visible global function definition for 'sd'
    rriskMLEdist: no visible global function definition for 'var'
    rriskMLEdist: no visible global function definition for 'median'
    rriskMLEdist: no visible global function definition for 'IQR'
    rriskMLEdist: no visible global function definition for 'optim'
    rriskMMEdist: no visible global function definition for 'sd'
    rriskMMEdist: no visible global function definition for 'var'
    useFitdist: no visible global function definition for 'var'
    Undefined global functions or variables:
     IQR abline approxfun cov2cor ecdf hist legend lines lm median optim
     par pbeta pcauchy pchisq pexp pf pgamma phyper plnorm plogis plot
     pnbinom pnorm points ppois predict pt punif pweibull qbeta qcauchy
     qchisq qexp qf qgamma qhyper qlnorm qlogis qnbinom qnorm qpois qqplot
     qt qunif qweibull rnorm sd start title var winDialog
    Consider adding
     importFrom("graphics", "abline", "hist", "legend", "lines", "par",
     "plot", "points", "title")
     importFrom("stats", "IQR", "approxfun", "cov2cor", "ecdf", "lm",
     "median", "optim", "pbeta", "pcauchy", "pchisq", "pexp",
     "pf", "pgamma", "phyper", "plnorm", "plogis", "pnbinom",
     "pnorm", "ppois", "predict", "pt", "punif", "pweibull",
     "qbeta", "qcauchy", "qchisq", "qexp", "qf", "qgamma",
     "qhyper", "qlnorm", "qlogis", "qnbinom", "qnorm", "qpois",
     "qqplot", "qt", "qunif", "qweibull", "rnorm", "sd", "start",
     "var")
     importFrom("utils", "winDialog")
    to your NAMESPACE.
Flavor: r-devel-windows-ix86+x86_64

Version: 2.1
Check: dependencies in R code
Result: NOTE
    
     *** caught segfault ***
    address 0x998, cause 'memory not mapped'
    
    Traceback:
     1: structure(.External(.C_dotTclObjv, objv), class = "tclObj")
     2: .Tcl.objv(.Tcl.args.objv(...))
     3: tcl("load", file, "Rplot")
     4: doTryCatch(return(expr), name, parentenv, handler)
     5: tryCatchOne(expr, names, parentenv, handlers[[1L]])
     6: tryCatchList(expr, classes, parentenv, handlers)
     7: tryCatch(tcl("load", file, "Rplot"), error = function(e) warning("loading Rplot failed", call. = FALSE))
     8: fun(libname, pkgname)
     9: doTryCatch(return(expr), name, parentenv, handler)
    10: tryCatchOne(expr, names, parentenv, handlers[[1L]])
    11: tryCatchList(expr, classes, parentenv, handlers)
    12: tryCatch(fun(libname, pkgname), error = identity)
    13: runHook(".onLoad", env, package.lib, package)
    14: loadNamespace(p)
    15: withCallingHandlers(expr, message = function(c) invokeRestart("muffleMessage"))
    16: suppressMessages(loadNamespace(p))
    17: withCallingHandlers(expr, warning = function(w) invokeRestart("muffleWarning"))
    18: suppressWarnings(suppressMessages(loadNamespace(p)))
    19: doTryCatch(return(expr), name, parentenv, handler)
    20: tryCatchOne(expr, names, parentenv, handlers[[1L]])
    21: tryCatchList(expr, classes, parentenv, handlers)
    22: tryCatch(suppressWarnings(suppressMessages(loadNamespace(p))), error = function(e) e)
    23: tools:::.check_packages_used(package = "rriskDistributions")
    aborting ...
Flavor: r-release-osx-x86_64-mavericks