CRAN Package Check Results for Package rriskDistributions

Last updated on 2016-07-26 00:48:28.

Flavor Version Tinstall Tcheck Ttotal Status Flags
r-devel-linux-x86_64-debian-clang 2.1.1 3.85 57.72 61.57 OK
r-devel-linux-x86_64-debian-gcc 2.1.1 3.55 55.49 59.04 OK
r-devel-linux-x86_64-fedora-clang 2.1.1 107.68 OK
r-devel-linux-x86_64-fedora-gcc 2.1.1 96.23 OK
r-devel-osx-x86_64-clang 2.1.1 81.70 OK
r-devel-windows-ix86+x86_64 2.1.1 12.00 112.00 124.00 OK
r-patched-linux-x86_64 2.1.1 3.81 57.16 60.97 OK
r-patched-solaris-sparc 2.1.1 628.50 OK
r-patched-solaris-x86 2.1.1 130.90 OK
r-release-linux-x86_64 2.1.1 3.42 57.04 60.47 OK
r-release-osx-x86_64-mavericks 2.1.1 NOTE
r-release-windows-ix86+x86_64 2.1.1 13.00 107.00 120.00 OK
r-oldrel-windows-ix86+x86_64 2.1.1 12.00 113.00 125.00 OK

Check Details

Version: 2.1.1
Check: dependencies in R code
Result: NOTE
    Invalid MIT-MAGIC-COOKIE-1 keyInvalid MIT-MAGIC-COOKIE-1 key
Flavor: r-release-osx-x86_64-mavericks