CRAN Package Check Results for Package rriskDistributions

Last updated on 2016-12-04 12:48:05.

Flavor Version Tinstall Tcheck Ttotal Status Flags
r-devel-linux-x86_64-debian-clang 2.1.1 2.77 53.04 55.81 OK
r-devel-linux-x86_64-debian-gcc 2.1.1 3.15 50.96 54.12 OK
r-devel-linux-x86_64-fedora-clang 2.1.1 116.46 OK --no-stop-on-test-error
r-devel-linux-x86_64-fedora-gcc 2.1.1 117.88 OK
r-devel-macos-x86_64-clang 2.1.1 89.23 OK
r-devel-windows-ix86+x86_64 2.1.1 7.00 115.00 122.00 OK
r-patched-linux-x86_64 2.1.1 2.57 47.44 50.01 OK
r-patched-solaris-sparc 2.1.1 628.50 OK
r-patched-solaris-x86 2.1.1 127.50 OK
r-release-linux-x86_64 2.1.1 2.59 46.92 49.51 OK
r-release-osx-x86_64-mavericks 2.1.1 NOTE
r-release-windows-ix86+x86_64 2.1.1 10.00 81.00 91.00 OK
r-oldrel-windows-ix86+x86_64 2.1.1 8.00 86.00 94.00 OK

Check Details

Version: 2.1.1
Check: dependencies in R code
Result: NOTE
    Invalid MIT-MAGIC-COOKIE-1 keyInvalid MIT-MAGIC-COOKIE-1 key
Flavor: r-release-osx-x86_64-mavericks