CRAN Package Check Results for Package rriskDistributions

Last updated on 2014-10-20 05:47:25.

Flavor Version Tinstall Tcheck Ttotal Status Flags
r-devel-linux-x86_64-debian-clang 2.0 4.07 48.75 52.82 NOTE
r-devel-linux-x86_64-debian-gcc 2.0 4.08 47.71 51.78 NOTE
r-devel-linux-x86_64-fedora-clang 2.0 120.11 NOTE
r-devel-linux-x86_64-fedora-gcc 2.0 110.23 NOTE
r-devel-osx-x86_64-clang 2.0 95.21 NOTE
r-devel-windows-ix86+x86_64 2.0 13.00 68.00 81.00 NOTE
r-patched-linux-x86_64 2.0 4.13 50.63 54.76 NOTE
r-patched-solaris-sparc 2.0 663.20 NOTE
r-patched-solaris-x86 2.0 154.70 NOTE
r-release-linux-ix86 2.0 5.25 66.00 71.24 NOTE
r-release-linux-x86_64 2.0 4.28 53.05 57.32 NOTE
r-release-osx-x86_64-mavericks 2.0 NOTE
r-release-osx-x86_64-snowleopard 2.0 OK
r-release-windows-ix86+x86_64 2.0 10.00 81.00 91.00 NOTE
r-oldrel-windows-ix86+x86_64 2.0 11.00 78.00 89.00 NOTE

Check Details

Version: 2.0
Check: dependencies in R code
Result: NOTE
    Packages in Depends field not imported from:
     ‘eha’ ‘mc2d’ ‘msm’ ‘tcltk’ ‘tkrplot’
     These packages need to be imported from (in the NAMESPACE file)
     for when this namespace is loaded but not attached.
    See the information on DESCRIPTION files in the chapter ‘Creating R
    packages’ of the ‘Writing R Extensions’ manual.
Flavors: r-devel-linux-x86_64-debian-clang, r-devel-linux-x86_64-debian-gcc, r-devel-linux-x86_64-fedora-clang, r-devel-linux-x86_64-fedora-gcc, r-devel-osx-x86_64-clang, r-devel-windows-ix86+x86_64, r-patched-linux-x86_64, r-patched-solaris-sparc, r-patched-solaris-x86

Version: 2.0
Check: R code for possible problems
Result: NOTE
    fit.cont: no visible global function definition for ‘tclRequire’
    fit.cont: no visible global function definition for ‘tclArray’
    fit.cont : updatePlot: no visible global function definition for
     ‘tkrreplot’
    fit.cont : updatePlot: no visible global function definition for
     ‘tkraise’
    fit.cont : plotDiagnostics: no visible global function definition for
     ‘tclvalue’
    fit.cont : onOK: no visible global function definition for ‘tclvalue’
    fit.cont : onOK: no visible global function definition for ‘tkdestroy’
    fit.cont : onCancel: no visible global function definition for
     ‘tkdestroy’
    fit.cont: no visible global function definition for ‘tktoplevel’
    fit.cont: no visible global function definition for ‘tkwm.title’
    fit.cont: no visible global function definition for ‘tkwm.resizable’
    fit.cont: no visible global function definition for ‘tkwm.maxsize’
    fit.cont: no visible global function definition for ‘tkwm.minsize’
    fit.cont: no visible global function definition for ‘tkframe’
    fit.cont: no visible global function definition for ‘tkfont.create’
    fit.cont: no visible global function definition for ‘tclVar’
    fit.cont: no visible global function definition for ‘tkrplot’
    fit.cont: no visible global function definition for ‘tkpack’
    fit.cont: no visible global function definition for ‘tkwidget’
    fit.cont: no visible global function definition for ‘ttkbutton’
    fit.cont: no visible global function definition for ‘tklabel’
    fit.cont: no visible global function definition for ‘tkgrid’
    fit.cont: no visible global function definition for ‘tkradiobutton’
    fit.cont: no visible global function definition for ‘tkfocus’
    fit.cont: no visible global function definition for ‘tkwait.window’
    fit.perc: no visible global function definition for ‘tclRequire’
    fit.perc: no visible global function definition for ‘tkfont.create’
    fit.perc: no visible global function definition for ‘tclVar’
    fit.perc: no visible global function definition for ‘tclArray’
    fit.perc : onCancel: no visible global function definition for
     ‘tkdestroy’
    fit.perc : onOk: no visible global function definition for ‘tclvalue’
    fit.perc : onOk: no visible global function definition for ‘tkget’
    fit.perc : onOk: no visible global function definition for ‘tkdestroy’
    fit.perc : onReset: no visible global function definition for ‘tclVar’
    fit.perc : onReset: no visible global function definition for
     ‘tkconfigure’
    fit.perc : onClear: no visible global function definition for ‘tclVar’
    fit.perc : onClear: no visible global function definition for
     ‘tkconfigure’
    fit.perc : onFit: no visible global function definition for ‘tclvalue’
    fit.perc : onFit: no visible global function definition for ‘tkget’
    fit.perc : onFit: no visible global function definition for
     ‘tkmessageBox’
    fit.perc : onFit: no visible global function definition for ‘tkfocus’
    fit.perc : onFit: no visible global function definition for
     ‘tkconfigure’
    fit.perc : onFit: no visible global function definition for ‘tkset’
    fit.perc : onFit: no visible global function definition for ‘tclArray’
    fit.perc : onFit: no visible global function definition for ‘tkrreplot’
    fit.perc : onFit: no visible global function definition for ‘tkraise’
    fit.perc: no visible global function definition for ‘tktoplevel’
    fit.perc: no visible global function definition for ‘tkwm.title’
    fit.perc: no visible global function definition for ‘tkwm.resizable’
    fit.perc: no visible global function definition for ‘tkframe’
    fit.perc: no visible global function definition for ‘tkpack’
    fit.perc: no visible global function definition for ‘tklabel’
    fit.perc: no visible global function definition for ‘tkentry’
    fit.perc: no visible global function definition for ‘ttkbutton’
    fit.perc: no visible global function definition for ‘tkrplot’
    fit.perc: no visible global function definition for ‘tkwidget’
    fit.perc : <anonymous>: no visible global function definition for
     ‘tkset’
    fit.perc: no visible global function definition for ‘tkscrollbar’
    fit.perc : <anonymous>: no visible global function definition for
     ‘tkyview’
    fit.perc: no visible global function definition for ‘tkgrid’
    fit.perc: no visible global function definition for ‘ttkcombobox’
    fit.perc: no visible global function definition for ‘tkconfigure’
    fit.perc: no visible global function definition for ‘tkset’
    fit.perc: no visible global function definition for ‘tkrreplot’
    fit.perc: no visible global function definition for ‘tkmessageBox’
    fit.perc: no visible global function definition for ‘tkfocus’
    fit.perc: no visible global function definition for ‘tkwait.window’
    get.gompertz.par : minimize: no visible global function definition for
     ‘pgompertz’
    get.gompertz.par: no visible global function definition for ‘qgompertz’
    get.gompertz.par: no visible global function definition for ‘pgompertz’
    get.pert.par : minimize: no visible global function definition for
     ‘ppert’
    get.pert.par: no visible global function definition for ‘qpert’
    get.pert.par: no visible global function definition for ‘ppert’
    get.tnorm.par : minimize: no visible global function definition for
     ‘ptnorm’
    get.tnorm.par: no visible global function definition for ‘qtnorm’
    get.tnorm.par: no visible global function definition for ‘ptnorm’
    get.triang.par : minimize: no visible global function definition for
     ‘ptriang’
    get.triang.par: no visible global function definition for ‘qtriang’
    get.triang.par: no visible global function definition for ‘ptriang’
    plotDiagnostics.perc: no visible global function definition for
     ‘qtnorm’
    plotDiagnostics.perc: no visible global function definition for ‘qpert’
    plotDiagnostics.perc: no visible global function definition for
     ‘qtriang’
    plotDiagnostics.perc: no visible global function definition for
     ‘qgompertz’
    plotDiagnostics.perc: no visible global function definition for
     ‘tkmessageBox’
    rriskFitdist.perc: no visible global function definition for ‘qtnorm’
    rriskFitdist.perc: no visible global function definition for ‘qpert’
    rriskFitdist.perc: no visible global function definition for ‘qtriang’
    rriskFitdist.perc: no visible global function definition for
     ‘qgompertz’
Flavors: r-devel-linux-x86_64-debian-clang, r-devel-linux-x86_64-debian-gcc, r-devel-linux-x86_64-fedora-clang, r-devel-linux-x86_64-fedora-gcc, r-devel-osx-x86_64-clang, r-devel-windows-ix86+x86_64, r-patched-linux-x86_64, r-patched-solaris-sparc, r-patched-solaris-x86

Version: 2.0
Check: dependencies in R code
Result: NOTE
    Packages in Depends field not imported from:
     ‘eha’ ‘mc2d’ ‘msm’ ‘tkrplot’
     These packages need to be imported from (in the NAMESPACE file)
     for when this namespace is loaded but not attached.
    See the information on DESCRIPTION files in the chapter ‘Creating R
    packages’ of the ‘Writing R Extensions’ manual.
Flavors: r-release-linux-ix86, r-release-linux-x86_64, r-release-osx-x86_64-mavericks, r-release-windows-ix86+x86_64, r-oldrel-windows-ix86+x86_64