CRAN Package Check Results for Package rrr

Last updated on 2022-08-15 04:50:26 CEST.

Flavor Version Tinstall Tcheck Ttotal Status Flags
r-devel-linux-x86_64-debian-clang 1.0.0 8.45 111.91 120.36 OK
r-devel-linux-x86_64-debian-gcc 1.0.0 6.12 81.72 87.84 OK
r-devel-linux-x86_64-fedora-clang 1.0.0 146.66 NOTE
r-devel-linux-x86_64-fedora-gcc 1.0.0 144.14 NOTE
r-devel-windows-x86_64 1.0.0 17.00 143.00 160.00 OK
r-patched-linux-x86_64 1.0.0 5.92 103.72 109.64 OK
r-release-linux-x86_64 1.0.0 5.83 103.17 109.00 OK
r-release-macos-arm64 1.0.0 44.00 NOTE
r-release-macos-x86_64 1.0.0 75.00 NOTE
r-release-windows-x86_64 1.0.0 21.00 139.00 160.00 OK
r-oldrel-macos-arm64 1.0.0 64.00 NOTE
r-oldrel-macos-x86_64 1.0.0 82.00 NOTE
r-oldrel-windows-ix86+x86_64 1.0.0 20.00 131.00 151.00 OK

Check Details

Version: 1.0.0
Check: dependencies in R code
Result: NOTE
    Namespace in Imports field not imported from: ‘Rcpp’
     All declared Imports should be used.
Flavors: r-devel-linux-x86_64-fedora-clang, r-devel-linux-x86_64-fedora-gcc, r-release-macos-arm64, r-release-macos-x86_64, r-oldrel-macos-arm64, r-oldrel-macos-x86_64