CRAN Package Check Results for Package rrules

Last updated on 2014-04-23 12:48:27.

Flavor Version Tinstall Tcheck Ttotal Status Flags
r-devel-linux-x86_64-debian-clang 0.1-0 0.61 9.14 9.76 NOTE
r-devel-linux-x86_64-debian-gcc 0.1-0 0.58 8.99 9.58 NOTE
r-devel-linux-x86_64-fedora-clang 0.1-0 18.54 NOTE
r-devel-linux-x86_64-fedora-gcc 0.1-0 17.29 NOTE
r-devel-osx-x86_64-clang 0.1-0 21.85 NOTE
r-devel-osx-x86_64-gcc 0.1-0 NOTE
r-devel-windows-ix86+x86_64 0.1-0 2.00 16.00 18.00 NOTE
r-patched-linux-x86_64 0.1-0 0.64 9.33 9.97 NOTE
r-patched-solaris-sparc 0.1-0 105.90 NOTE
r-patched-solaris-x86 0.1-0 27.30 NOTE
r-release-linux-ix86 0.1-0 1.00 21.00 22.00 NOTE
r-release-linux-x86_64 0.1-0 0.58 9.00 9.59 NOTE
r-release-osx-x86_64-mavericks 0.1-0 NOTE
r-release-windows-ix86+x86_64 0.1-0 4.00 27.00 31.00 NOTE
r-oldrel-windows-ix86+x86_64 0.1-0 2.00 19.00 21.00 NOTE

Check Details

Version: 0.1-0
Check: Rd \usage sections
Result: NOTE
    S3 methods shown with full name in documentation object 'print.rule':
     ‘print.rule’
    
    S3 methods shown with full name in documentation object 'rulesRulebases':
     ‘print.rulebase’
    
    The \usage entries for S3 methods should use the \method markup and not
    their full name.
    See the chapter ‘Writing R documentation files’ in the ‘Writing R
    Extensions’ manual.
Flavors: r-devel-linux-x86_64-debian-clang, r-devel-linux-x86_64-debian-gcc, r-devel-linux-x86_64-fedora-clang, r-devel-linux-x86_64-fedora-gcc, r-devel-osx-x86_64-clang, r-devel-osx-x86_64-gcc, r-devel-windows-ix86+x86_64, r-patched-linux-x86_64, r-patched-solaris-sparc, r-patched-solaris-x86, r-release-linux-ix86, r-release-linux-x86_64, r-release-osx-x86_64-mavericks, r-release-windows-ix86+x86_64, r-oldrel-windows-ix86+x86_64