CRAN Package Check Results for Package rrules

Last updated on 2015-03-27 17:50:31.

Flavor Version Tinstall Tcheck Ttotal Status Flags
r-devel-linux-x86_64-debian-clang 0.1-0 0.60 8.61 9.22 NOTE
r-devel-linux-x86_64-debian-gcc 0.1-0 0.54 8.40 8.94 NOTE
r-devel-linux-x86_64-fedora-clang 0.1-0 18.09 NOTE
r-devel-linux-x86_64-fedora-gcc 0.1-0 16.83 NOTE
r-devel-osx-x86_64-clang 0.1-0 23.30 NOTE
r-prerel-windows-ix86+x86_64 0.1-0 3.00 16.00 19.00 NOTE
r-prerel-linux-x86_64 0.1-0 0.64 8.40 9.05 NOTE
r-prerel-solaris-sparc 0.1-0 122.80 NOTE
r-prerel-solaris-x86 0.1-0 25.20 NOTE
r-release-linux-x86_64 0.1-0 0.74 9.29 10.03 NOTE
r-release-osx-x86_64-mavericks 0.1-0 NOTE
r-release-windows-ix86+x86_64 0.1-0 3.00 17.00 20.00 NOTE
r-oldrel-windows-ix86+x86_64 0.1-0 2.00 19.00 21.00 NOTE

Check Details

Version: 0.1-0
Check: S3 generic/method consistency
Result: NOTE
    Found the following apparent S3 methods exported but not registered:
     print.rule print.rulebase
    See section ‘Registering S3 methods’ in the ‘Writing R Extensions’
    manual.
Flavors: r-devel-linux-x86_64-debian-clang, r-devel-linux-x86_64-debian-gcc, r-devel-linux-x86_64-fedora-clang, r-devel-linux-x86_64-fedora-gcc, r-devel-osx-x86_64-clang, r-prerel-linux-x86_64

Version: 0.1-0
Check: Rd \usage sections
Result: NOTE
    S3 methods shown with full name in documentation object 'print.rule':
     ‘print.rule’
    
    S3 methods shown with full name in documentation object 'rulesRulebases':
     ‘print.rulebase’
    
    The \usage entries for S3 methods should use the \method markup and not
    their full name.
    See chapter ‘Writing R documentation files’ in the ‘Writing R
    Extensions’ manual.
Flavors: r-devel-linux-x86_64-debian-clang, r-devel-linux-x86_64-debian-gcc, r-devel-linux-x86_64-fedora-clang, r-devel-linux-x86_64-fedora-gcc, r-devel-osx-x86_64-clang, r-prerel-windows-ix86+x86_64, r-prerel-linux-x86_64, r-prerel-solaris-sparc, r-prerel-solaris-x86, r-release-linux-x86_64, r-release-windows-ix86+x86_64

Version: 0.1-0
Check: Rd \usage sections
Result: NOTE
    S3 methods shown with full name in documentation object 'print.rule':
     ‘print.rule’
    
    S3 methods shown with full name in documentation object 'rulesRulebases':
     ‘print.rulebase’
    
    The \usage entries for S3 methods should use the \method markup and not
    their full name.
    See the chapter ‘Writing R documentation files’ in the ‘Writing R
    Extensions’ manual.
Flavors: r-release-osx-x86_64-mavericks, r-oldrel-windows-ix86+x86_64