CRAN Package Check Results for Package rrules

Last updated on 2015-01-29 12:48:14.

Flavor Version Tinstall Tcheck Ttotal Status Flags
r-devel-linux-x86_64-debian-clang 0.1-0 0.68 8.78 9.46 NOTE
r-devel-linux-x86_64-debian-gcc 0.1-0 0.56 8.60 9.16 NOTE
r-devel-linux-x86_64-fedora-clang 0.1-0 20.62 NOTE
r-devel-linux-x86_64-fedora-gcc 0.1-0 19.92 NOTE
r-devel-osx-x86_64-clang 0.1-0 22.97 NOTE
r-devel-windows-ix86+x86_64 0.1-0 2.00 17.00 19.00 NOTE
r-patched-linux-x86_64 0.1-0 0.62 9.18 9.79 NOTE
r-patched-solaris-sparc 0.1-0 106.90 NOTE
r-patched-solaris-x86 0.1-0 28.20 NOTE
r-release-linux-ix86 0.1-0 0.89 14.50 15.40 NOTE
r-release-linux-x86_64 0.1-0 0.64 9.16 9.80 NOTE
r-release-osx-x86_64-mavericks 0.1-0 NOTE
r-release-windows-ix86+x86_64 0.1-0 2.00 21.00 23.00 NOTE
r-oldrel-windows-ix86+x86_64 0.1-0 2.00 19.00 21.00 NOTE

Check Details

Version: 0.1-0
Check: S3 generic/method consistency
Result: NOTE
    Found the following apparent S3 methods exported but not registered:
     print.rule print.rulebase
    See section ‘Registering S3 methods’ in the ‘Writing R Extensions’
    manual.
Flavors: r-devel-linux-x86_64-debian-clang, r-devel-linux-x86_64-debian-gcc, r-devel-linux-x86_64-fedora-clang, r-devel-linux-x86_64-fedora-gcc, r-devel-osx-x86_64-clang

Version: 0.1-0
Check: Rd \usage sections
Result: NOTE
    S3 methods shown with full name in documentation object 'print.rule':
     ‘print.rule’
    
    S3 methods shown with full name in documentation object 'rulesRulebases':
     ‘print.rulebase’
    
    The \usage entries for S3 methods should use the \method markup and not
    their full name.
    See chapter ‘Writing R documentation files’ in the ‘Writing R
    Extensions’ manual.
Flavors: r-devel-linux-x86_64-debian-clang, r-devel-linux-x86_64-debian-gcc, r-devel-linux-x86_64-fedora-clang, r-devel-linux-x86_64-fedora-gcc, r-devel-osx-x86_64-clang, r-devel-windows-ix86+x86_64

Version: 0.1-0
Check: Rd \usage sections
Result: NOTE
    S3 methods shown with full name in documentation object 'print.rule':
     ‘print.rule’
    
    S3 methods shown with full name in documentation object 'rulesRulebases':
     ‘print.rulebase’
    
    The \usage entries for S3 methods should use the \method markup and not
    their full name.
    See the chapter ‘Writing R documentation files’ in the ‘Writing R
    Extensions’ manual.
Flavors: r-patched-linux-x86_64, r-patched-solaris-sparc, r-patched-solaris-x86, r-release-linux-ix86, r-release-linux-x86_64, r-release-osx-x86_64-mavericks, r-release-windows-ix86+x86_64, r-oldrel-windows-ix86+x86_64