CRAN Package Check Results for Package rsae

Last updated on 2015-03-04 03:46:59.

Flavor Version Tinstall Tcheck Ttotal Status Flags
r-devel-linux-x86_64-debian-clang 0.1-5 1.72 25.07 26.79 NOTE
r-devel-linux-x86_64-debian-gcc 0.1-5 1.66 21.64 23.31 NOTE
r-devel-linux-x86_64-fedora-clang 0.1-5 46.85 NOTE
r-devel-linux-x86_64-fedora-gcc 0.1-5 43.96 NOTE
r-devel-osx-x86_64-clang 0.1-5 51.31 NOTE
r-devel-windows-ix86+x86_64 0.1-5 8.00 41.00 49.00 NOTE
r-patched-linux-x86_64 0.1-5 1.70 25.91 27.61 NOTE
r-patched-solaris-sparc 0.1-5 312.80 NOTE
r-patched-solaris-x86 0.1-5 67.50 NOTE
r-release-linux-ix86 0.1-5 2.43 34.50 36.92 OK
r-release-linux-x86_64 0.1-5 1.72 24.90 26.62 OK
r-release-osx-x86_64-mavericks 0.1-5 OK
r-release-osx-x86_64-snowleopard 0.1-5 OK
r-release-windows-ix86+x86_64 0.1-5 19.00 60.00 79.00 OK
r-oldrel-windows-ix86+x86_64 0.1-5 9.00 45.00 54.00 OK

Check Details

Version: 0.1-5
Check: DESCRIPTION meta-information
Result: NOTE
    Malformed Description field: should contain one or more complete sentences.
Flavors: r-devel-linux-x86_64-debian-clang, r-devel-linux-x86_64-debian-gcc, r-devel-linux-x86_64-fedora-clang, r-devel-linux-x86_64-fedora-gcc, r-devel-osx-x86_64-clang, r-devel-windows-ix86+x86_64

Version: 0.1-5
Check: dependencies in R code
Result: NOTE
    'library' or 'require' call to ‘robustbase’ in package code.
     Please use :: or requireNamespace() instead.
     See section 'Suggested packages' in the 'Writing R Extensions' manual.
Flavors: r-devel-linux-x86_64-debian-clang, r-devel-linux-x86_64-debian-gcc, r-devel-linux-x86_64-fedora-clang, r-devel-linux-x86_64-fedora-gcc, r-devel-osx-x86_64-clang, r-devel-windows-ix86+x86_64, r-patched-linux-x86_64, r-patched-solaris-sparc, r-patched-solaris-x86