CRAN Package Check Results for Package rsae

Last updated on 2015-02-01 11:47:23.

Flavor Version Tinstall Tcheck Ttotal Status Flags
r-devel-linux-x86_64-debian-clang 0.1-5 1.77 22.00 23.77 NOTE
r-devel-linux-x86_64-debian-gcc 0.1-5 1.70 21.66 23.35 NOTE
r-devel-linux-x86_64-fedora-clang 0.1-5 49.68 NOTE
r-devel-linux-x86_64-fedora-gcc 0.1-5 44.76 NOTE
r-devel-osx-x86_64-clang 0.1-5 59.10 NOTE
r-devel-windows-ix86+x86_64 0.1-5 10.00 43.00 53.00 NOTE
r-patched-linux-x86_64 0.1-5 1.71 24.72 26.43 OK
r-patched-solaris-sparc 0.1-5 289.70 OK
r-patched-solaris-x86 0.1-5 65.60 OK
r-release-linux-ix86 0.1-5 2.43 34.40 36.84 OK
r-release-linux-x86_64 0.1-5 1.70 25.05 26.75 OK
r-release-osx-x86_64-mavericks 0.1-5 OK
r-release-osx-x86_64-snowleopard 0.1-5 OK
r-release-windows-ix86+x86_64 0.1-5 9.00 47.00 56.00 OK
r-oldrel-windows-ix86+x86_64 0.1-5 9.00 42.00 51.00 OK

Check Details

Version: 0.1-5
Check: dependencies in R code
Result: NOTE
    'library' or 'require' call to ‘robustbase’ in package code.
     Please use :: or requireNamespace() instead.
     See section 'Suggested packages' in the 'Writing R Extensions' manual.
Flavors: r-devel-linux-x86_64-debian-clang, r-devel-linux-x86_64-debian-gcc, r-devel-linux-x86_64-fedora-clang, r-devel-linux-x86_64-fedora-gcc, r-devel-osx-x86_64-clang, r-devel-windows-ix86+x86_64