CRAN Package Check Results for Package rsae

Last updated on 2015-07-04 19:47:55.

Flavor Version Tinstall Tcheck Ttotal Status Flags
r-devel-linux-x86_64-debian-clang 0.1-5 1.68 22.04 23.73 NOTE
r-devel-linux-x86_64-debian-gcc 0.1-5 1.56 21.81 23.37 NOTE
r-devel-linux-x86_64-fedora-clang 0.1-5 44.42 NOTE
r-devel-linux-x86_64-fedora-gcc 0.1-5 42.49 NOTE
r-devel-osx-x86_64-clang 0.1-5 39.27 NOTE
r-devel-windows-ix86+x86_64 0.1-5 13.00 42.00 55.00 NOTE
r-patched-linux-x86_64 0.1-5 1.67 22.34 24.02 NOTE
r-patched-solaris-sparc 0.1-5 294.80 NOTE
r-patched-solaris-x86 0.1-5 60.50 NOTE
r-release-linux-x86_64 0.1-5 1.79 21.83 23.62 NOTE
r-release-osx-x86_64-mavericks 0.1-5 NOTE
r-release-windows-ix86+x86_64 0.1-5 11.00 49.00 60.00 NOTE
r-oldrel-windows-ix86+x86_64 0.1-5 13.00 51.00 64.00 NOTE

Check Details

Version: 0.1-5
Check: DESCRIPTION meta-information
Result: NOTE
    Malformed Description field: should contain one or more complete sentences.
Flavors: r-devel-linux-x86_64-debian-clang, r-devel-linux-x86_64-debian-gcc, r-devel-linux-x86_64-fedora-clang, r-devel-linux-x86_64-fedora-gcc, r-devel-osx-x86_64-clang, r-devel-windows-ix86+x86_64, r-patched-linux-x86_64, r-patched-solaris-sparc, r-patched-solaris-x86, r-release-linux-x86_64, r-release-osx-x86_64-mavericks, r-release-windows-ix86+x86_64

Version: 0.1-5
Check: dependencies in R code
Result: NOTE
    'library' or 'require' call to ‘robustbase’ in package code.
     Please use :: or requireNamespace() instead.
     See section 'Suggested packages' in the 'Writing R Extensions' manual.
Flavors: r-devel-linux-x86_64-debian-clang, r-devel-linux-x86_64-debian-gcc, r-devel-linux-x86_64-fedora-clang, r-devel-linux-x86_64-fedora-gcc, r-devel-osx-x86_64-clang, r-devel-windows-ix86+x86_64, r-patched-linux-x86_64, r-patched-solaris-sparc, r-patched-solaris-x86, r-release-linux-x86_64, r-release-osx-x86_64-mavericks, r-release-windows-ix86+x86_64, r-oldrel-windows-ix86+x86_64

Version: 0.1-5
Check: R code for possible problems
Result: NOTE
    .computekappa: no visible global function definition for ‘pnorm’
    .computekappa: no visible global function definition for ‘dnorm’
    .initmethod : <anonymous>: no visible global function definition for
     ‘median’
    .initmethod: no visible global function definition for ‘model.matrix’
    .mspe: no visible global function definition for ‘rnorm’
    .mspe : <anonymous>: no visible global function definition for ‘rnorm’
    makedata: no visible global function definition for ‘rnorm’
    makedata : addraneff: no visible global function definition for ‘rnorm’
    plot.meanssaemodel: no visible global function definition for ‘par’
    plot.meanssaemodel: no visible global function definition for ‘plot’
    plot.meanssaemodel: no visible global function definition for ‘lines’
    plot.meanssaemodel: no visible global function definition for ‘axis’
    plot.meanssaemodel: no visible global function definition for ‘grid’
    plot.meanssaemodel: no visible global function definition for ‘box’
    plot.meanssaemodel: no visible global function definition for ‘legend’
    plot.meanssaemodel: no visible global function definition for ‘arrows’
    saemodel: no visible global function definition for ‘model.frame’
    saemodel: no visible global function definition for ‘model.response’
    saemodel: no visible global function definition for ‘model.matrix’
    summary.fitsaemodel: no visible global function definition for ‘pt’
    summary.fitsaemodel: no visible global function definition for
     ‘printCoefmat’
    Undefined global functions or variables:
     arrows axis box dnorm grid legend lines median model.frame
     model.matrix model.response par plot pnorm printCoefmat pt rnorm
Flavors: r-devel-linux-x86_64-debian-clang, r-devel-linux-x86_64-debian-gcc, r-devel-linux-x86_64-fedora-clang, r-devel-linux-x86_64-fedora-gcc, r-devel-windows-ix86+x86_64