CRAN Package Check Results for Package rsae

Last updated on 2015-05-24 23:47:36.

Flavor Version Tinstall Tcheck Ttotal Status Flags
r-devel-linux-x86_64-debian-clang 0.1-5 1.67 22.64 24.31 NOTE
r-devel-linux-x86_64-debian-gcc 0.1-5 1.60 21.83 23.43 NOTE
r-devel-linux-x86_64-fedora-clang 0.1-5 46.89 NOTE
r-devel-linux-x86_64-fedora-gcc 0.1-5 45.42 NOTE
r-devel-osx-x86_64-clang 0.1-5 49.58 NOTE
r-devel-windows-ix86+x86_64 0.1-5 8.00 48.00 56.00 NOTE
r-patched-linux-x86_64 0.1-5 1.64 22.30 23.94 NOTE
r-patched-solaris-sparc 0.1-5 294.80 NOTE
r-patched-solaris-x86 0.1-5 61.10 NOTE
r-release-linux-x86_64 0.1-5 1.64 22.81 24.45 NOTE
r-release-osx-x86_64-mavericks 0.1-5 NOTE
r-release-osx-x86_64-snowleopard 0.1-5 NOTE
r-release-windows-ix86+x86_64 0.1-5 8.00 41.00 49.00 NOTE
r-oldrel-windows-ix86+x86_64 0.1-5 9.00 46.00 55.00 NOTE

Check Details

Version: 0.1-5
Check: DESCRIPTION meta-information
Result: NOTE
    Malformed Description field: should contain one or more complete sentences.
Flavors: r-devel-linux-x86_64-debian-clang, r-devel-linux-x86_64-debian-gcc, r-devel-linux-x86_64-fedora-clang, r-devel-linux-x86_64-fedora-gcc, r-devel-osx-x86_64-clang, r-devel-windows-ix86+x86_64, r-patched-linux-x86_64, r-patched-solaris-sparc, r-patched-solaris-x86, r-release-linux-x86_64, r-release-osx-x86_64-mavericks, r-release-osx-x86_64-snowleopard, r-release-windows-ix86+x86_64

Version: 0.1-5
Check: dependencies in R code
Result: NOTE
    'library' or 'require' call to ‘robustbase’ in package code.
     Please use :: or requireNamespace() instead.
     See section 'Suggested packages' in the 'Writing R Extensions' manual.
Flavors: r-devel-linux-x86_64-debian-clang, r-devel-linux-x86_64-debian-gcc, r-devel-linux-x86_64-fedora-clang, r-devel-linux-x86_64-fedora-gcc, r-devel-osx-x86_64-clang, r-devel-windows-ix86+x86_64, r-patched-linux-x86_64, r-patched-solaris-sparc, r-patched-solaris-x86, r-release-linux-x86_64, r-release-osx-x86_64-mavericks, r-release-osx-x86_64-snowleopard, r-release-windows-ix86+x86_64, r-oldrel-windows-ix86+x86_64