CRAN Package Check Results for Package rsae

Last updated on 2016-12-07 16:47:24.

Flavor Version Tinstall Tcheck Ttotal Status Flags
r-devel-linux-x86_64-debian-clang 0.1-5 1.76 22.35 24.11 NOTE
r-devel-linux-x86_64-debian-gcc 0.1-5 1.88 21.96 23.83 NOTE
r-devel-linux-x86_64-fedora-clang 0.1-5 41.94 NOTE --no-stop-on-test-error
r-devel-linux-x86_64-fedora-gcc 0.1-5 41.37 NOTE --no-stop-on-test-error
r-devel-macos-x86_64-clang 0.1-5 36.38 NOTE
r-devel-windows-ix86+x86_64 0.1-5 12.00 64.00 76.00 NOTE
r-patched-linux-x86_64 0.1-5 1.78 18.66 20.44 NOTE
r-patched-solaris-sparc 0.1-5 218.20 NOTE
r-patched-solaris-x86 0.1-5 47.50 NOTE
r-release-linux-x86_64 0.1-5 1.72 18.65 20.37 NOTE
r-release-osx-x86_64-mavericks 0.1-5 NOTE
r-release-windows-ix86+x86_64 0.1-5 7.00 47.00 54.00 NOTE
r-oldrel-windows-ix86+x86_64 0.1-5 19.00 69.00 88.00 NOTE

Check Details

Version: 0.1-5
Check: DESCRIPTION meta-information
Result: NOTE
    Malformed Description field: should contain one or more complete sentences.
Flavors: r-devel-linux-x86_64-debian-clang, r-devel-linux-x86_64-debian-gcc, r-devel-macos-x86_64-clang, r-devel-windows-ix86+x86_64, r-patched-linux-x86_64, r-patched-solaris-sparc, r-patched-solaris-x86, r-release-linux-x86_64, r-release-osx-x86_64-mavericks, r-release-windows-ix86+x86_64, r-oldrel-windows-ix86+x86_64

Version: 0.1-5
Check: dependencies in R code
Result: NOTE
    'library' or 'require' call to ‘robustbase’ in package code.
     Please use :: or requireNamespace() instead.
     See section 'Suggested packages' in the 'Writing R Extensions' manual.
Flavors: r-devel-linux-x86_64-debian-clang, r-devel-linux-x86_64-debian-gcc, r-devel-macos-x86_64-clang, r-devel-windows-ix86+x86_64, r-patched-linux-x86_64, r-patched-solaris-sparc, r-patched-solaris-x86, r-release-linux-x86_64, r-release-osx-x86_64-mavericks, r-release-windows-ix86+x86_64, r-oldrel-windows-ix86+x86_64

Version: 0.1-5
Check: R code for possible problems
Result: NOTE
    .computekappa: no visible global function definition for ‘pnorm’
    .computekappa: no visible global function definition for ‘dnorm’
    .initmethod : <anonymous>: no visible global function definition for
     ‘median’
    .initmethod: no visible global function definition for ‘model.matrix’
    .mspe: no visible global function definition for ‘rnorm’
    .mspe : <anonymous>: no visible global function definition for ‘rnorm’
    makedata: no visible global function definition for ‘rnorm’
    makedata : addraneff: no visible global function definition for ‘rnorm’
    plot.meanssaemodel: no visible global function definition for ‘par’
    plot.meanssaemodel: no visible global function definition for ‘plot’
    plot.meanssaemodel: no visible global function definition for ‘lines’
    plot.meanssaemodel: no visible global function definition for ‘axis’
    plot.meanssaemodel: no visible global function definition for ‘grid’
    plot.meanssaemodel: no visible global function definition for ‘box’
    plot.meanssaemodel: no visible global function definition for ‘legend’
    plot.meanssaemodel: no visible global function definition for ‘arrows’
    saemodel: no visible global function definition for ‘model.frame’
    saemodel: no visible global function definition for ‘model.response’
    saemodel: no visible global function definition for ‘model.matrix’
    summary.fitsaemodel: no visible global function definition for ‘pt’
    summary.fitsaemodel: no visible global function definition for
     ‘printCoefmat’
    Undefined global functions or variables:
     arrows axis box dnorm grid legend lines median model.frame
     model.matrix model.response par plot pnorm printCoefmat pt rnorm
    Consider adding
     importFrom("graphics", "arrows", "axis", "box", "grid", "legend",
     "lines", "par", "plot")
     importFrom("stats", "dnorm", "median", "model.frame", "model.matrix",
     "model.response", "pnorm", "printCoefmat", "pt", "rnorm")
    to your NAMESPACE file.
Flavors: r-devel-linux-x86_64-debian-clang, r-devel-linux-x86_64-debian-gcc, r-devel-macos-x86_64-clang, r-devel-windows-ix86+x86_64, r-patched-linux-x86_64, r-patched-solaris-sparc, r-patched-solaris-x86, r-release-linux-x86_64, r-release-osx-x86_64-mavericks, r-release-windows-ix86+x86_64

Version: 0.1-5
Flags: --no-stop-on-test-error
Check: DESCRIPTION meta-information
Result: NOTE
    Malformed Description field: should contain one or more complete sentences.
Flavors: r-devel-linux-x86_64-fedora-clang, r-devel-linux-x86_64-fedora-gcc

Version: 0.1-5
Flags: --no-stop-on-test-error
Check: dependencies in R code
Result: NOTE
    'library' or 'require' call to ‘robustbase’ in package code.
     Please use :: or requireNamespace() instead.
     See section 'Suggested packages' in the 'Writing R Extensions' manual.
Flavors: r-devel-linux-x86_64-fedora-clang, r-devel-linux-x86_64-fedora-gcc

Version: 0.1-5
Flags: --no-stop-on-test-error
Check: R code for possible problems
Result: NOTE
    .computekappa: no visible global function definition for ‘pnorm’
    .computekappa: no visible global function definition for ‘dnorm’
    .initmethod : <anonymous>: no visible global function definition for
     ‘median’
    .initmethod: no visible global function definition for ‘model.matrix’
    .mspe: no visible global function definition for ‘rnorm’
    .mspe : <anonymous>: no visible global function definition for ‘rnorm’
    makedata: no visible global function definition for ‘rnorm’
    makedata : addraneff: no visible global function definition for ‘rnorm’
    plot.meanssaemodel: no visible global function definition for ‘par’
    plot.meanssaemodel: no visible global function definition for ‘plot’
    plot.meanssaemodel: no visible global function definition for ‘lines’
    plot.meanssaemodel: no visible global function definition for ‘axis’
    plot.meanssaemodel: no visible global function definition for ‘grid’
    plot.meanssaemodel: no visible global function definition for ‘box’
    plot.meanssaemodel: no visible global function definition for ‘legend’
    plot.meanssaemodel: no visible global function definition for ‘arrows’
    saemodel: no visible global function definition for ‘model.frame’
    saemodel: no visible global function definition for ‘model.response’
    saemodel: no visible global function definition for ‘model.matrix’
    summary.fitsaemodel: no visible global function definition for ‘pt’
    summary.fitsaemodel: no visible global function definition for
     ‘printCoefmat’
    Undefined global functions or variables:
     arrows axis box dnorm grid legend lines median model.frame
     model.matrix model.response par plot pnorm printCoefmat pt rnorm
    Consider adding
     importFrom("graphics", "arrows", "axis", "box", "grid", "legend",
     "lines", "par", "plot")
     importFrom("stats", "dnorm", "median", "model.frame", "model.matrix",
     "model.response", "pnorm", "printCoefmat", "pt", "rnorm")
    to your NAMESPACE file.
Flavors: r-devel-linux-x86_64-fedora-clang, r-devel-linux-x86_64-fedora-gcc