CRAN Package Check Results for Package rsae

Last updated on 2015-04-28 19:49:18.

Flavor Version Tinstall Tcheck Ttotal Status Flags
r-devel-linux-x86_64-debian-clang 0.1-5 1.64 22.91 24.55 NOTE
r-devel-linux-x86_64-debian-gcc 0.1-5 1.63 22.26 23.89 NOTE
r-devel-linux-x86_64-fedora-clang 0.1-5 47.14 NOTE
r-devel-linux-x86_64-fedora-gcc 0.1-5 44.56 NOTE
r-devel-osx-x86_64-clang 0.1-5 49.49 NOTE
r-devel-windows-ix86+x86_64 0.1-5 8.00 49.00 57.00 NOTE
r-patched-linux-x86_64 0.1-5 1.61 22.09 23.70 NOTE
r-patched-solaris-sparc 0.1-5 294.20 NOTE
r-patched-solaris-x86 0.1-5 60.00 NOTE
r-release-linux-x86_64 0.1-5 1.60 22.07 23.67 NOTE
r-release-osx-x86_64-mavericks 0.1-5 NOTE
r-release-osx-x86_64-snowleopard 0.1-5 NOTE
r-release-windows-ix86+x86_64 0.1-5 9.00 42.00 51.00 NOTE
r-oldrel-windows-ix86+x86_64 0.1-5 7.00 45.00 52.00 NOTE

Check Details

Version: 0.1-5
Check: DESCRIPTION meta-information
Result: NOTE
    Malformed Description field: should contain one or more complete sentences.
Flavors: r-devel-linux-x86_64-debian-clang, r-devel-linux-x86_64-debian-gcc, r-devel-linux-x86_64-fedora-clang, r-devel-linux-x86_64-fedora-gcc, r-devel-osx-x86_64-clang, r-devel-windows-ix86+x86_64, r-patched-linux-x86_64, r-patched-solaris-sparc, r-patched-solaris-x86, r-release-linux-x86_64, r-release-osx-x86_64-mavericks, r-release-osx-x86_64-snowleopard, r-release-windows-ix86+x86_64

Version: 0.1-5
Check: dependencies in R code
Result: NOTE
    'library' or 'require' call to ‘robustbase’ in package code.
     Please use :: or requireNamespace() instead.
     See section 'Suggested packages' in the 'Writing R Extensions' manual.
Flavors: r-devel-linux-x86_64-debian-clang, r-devel-linux-x86_64-debian-gcc, r-devel-linux-x86_64-fedora-clang, r-devel-linux-x86_64-fedora-gcc, r-devel-osx-x86_64-clang, r-devel-windows-ix86+x86_64, r-patched-linux-x86_64, r-patched-solaris-sparc, r-patched-solaris-x86, r-release-linux-x86_64, r-release-osx-x86_64-mavericks, r-release-osx-x86_64-snowleopard, r-release-windows-ix86+x86_64, r-oldrel-windows-ix86+x86_64