Last updated on 2021-02-25 08:48:10 CET.
Flavor | Version | Tinstall | Tcheck | Ttotal | Status | Flags |
---|---|---|---|---|---|---|
r-devel-linux-x86_64-debian-clang | 3.2.19 | 20.02 | 149.10 | 169.12 | OK | |
r-devel-linux-x86_64-debian-gcc | 3.2.19 | 18.46 | 112.55 | 131.01 | OK | |
r-devel-linux-x86_64-fedora-clang | 3.2.19 | 181.30 | OK | |||
r-devel-linux-x86_64-fedora-gcc | 3.2.19 | 169.71 | OK | |||
r-devel-windows-ix86+x86_64 | 3.2.19 | 14.00 | 206.00 | 220.00 | OK | |
r-patched-linux-x86_64 | 3.2.19 | 20.82 | 147.07 | 167.89 | OK | |
r-release-linux-x86_64 | 3.2.19 | 24.89 | 144.55 | 169.44 | OK | |
r-release-macos-x86_64 | 3.2.19 | NOTE | ||||
r-release-windows-ix86+x86_64 | 3.2.19 | 28.00 | 247.00 | 275.00 | OK | |
r-oldrel-macos-x86_64 | 3.2.19 | NOTE | ||||
r-oldrel-windows-ix86+x86_64 | 3.2.19 | 12.00 | 255.00 | 267.00 | OK |
Version: 3.2.19
Check: installed package size
Result: NOTE
installed size is 21.4Mb
sub-directories of 1Mb or more:
dependencies 20.2Mb
Flavors: r-release-macos-x86_64, r-oldrel-macos-x86_64