CRAN Package Check Results for Package rscimark

Last updated on 2019-03-24 14:49:53 CET.

Flavor Version Tinstall Tcheck Ttotal Status Flags
r-devel-linux-x86_64-debian-clang 1.0 3.40 22.94 26.34 OK
r-devel-linux-x86_64-debian-gcc 1.0 2.34 19.70 22.04 OK
r-devel-linux-x86_64-fedora-clang 1.0 31.36 NOTE
r-devel-linux-x86_64-fedora-gcc 1.0 29.79 NOTE
r-devel-windows-ix86+x86_64 1.0 19.00 61.00 80.00 OK
r-patched-linux-x86_64 1.0 2.16 21.19 23.35 OK
r-patched-solaris-x86 1.0 46.10 OK
r-release-linux-x86_64 1.0 0.34 1.97 2.31 ERROR
r-release-windows-ix86+x86_64 1.0 13.00 46.00 59.00 OK
r-release-osx-x86_64 1.0 OK
r-oldrel-windows-ix86+x86_64 1.0 13.00 58.00 71.00 OK
r-oldrel-osx-x86_64 1.0 OK

Check Details

Version: 1.0
Check: compiled code
Result: NOTE
    File ‘rscimark/libs/rscimark.so’:
     Found no calls to: ‘R_registerRoutines’, ‘R_useDynamicSymbols’
    
    It is good practice to register native routines and to disable symbol
    search.
    
    See ‘Writing portable packages’ in the ‘Writing R Extensions’ manual.
Flavors: r-devel-linux-x86_64-fedora-clang, r-devel-linux-x86_64-fedora-gcc

Version: 1.0
Check: whether package can be installed
Result: ERROR
    Installation failed.
Flavor: r-release-linux-x86_64