CRAN Package Check Results for Package rscimark

Last updated on 2019-05-26 17:53:06 CEST.

Flavor Version Tinstall Tcheck Ttotal Status Flags
r-devel-linux-x86_64-debian-clang 1.0 3.18 22.53 25.71 OK
r-devel-linux-x86_64-debian-gcc 1.0 2.16 19.61 21.77 OK
r-devel-linux-x86_64-fedora-clang 1.0 31.12 NOTE
r-devel-linux-x86_64-fedora-gcc 1.0 29.50 NOTE
r-devel-windows-ix86+x86_64 1.0 14.00 60.00 74.00 OK
r-patched-linux-x86_64 1.0 OK
r-patched-solaris-x86 1.0 51.00 OK
r-release-linux-x86_64 1.0 2.52 22.24 24.76 OK
r-release-windows-ix86+x86_64 1.0 20.00 49.00 69.00 OK
r-release-osx-x86_64 1.0 OK
r-oldrel-windows-ix86+x86_64 1.0 16.00 46.00 62.00 OK
r-oldrel-osx-x86_64 1.0 OK

Check Details

Version: 1.0
Check: compiled code
Result: NOTE
    File ‘rscimark/libs/rscimark.so’:
     Found no calls to: ‘R_registerRoutines’, ‘R_useDynamicSymbols’
    
    It is good practice to register native routines and to disable symbol
    search.
    
    See ‘Writing portable packages’ in the ‘Writing R Extensions’ manual.
Flavors: r-devel-linux-x86_64-fedora-clang, r-devel-linux-x86_64-fedora-gcc