CRAN Package Check Results for Package rsconnect

Last updated on 2020-07-12 15:49:11 CEST.

Flavor Version Tinstall Tcheck Ttotal Status Flags
r-devel-linux-x86_64-debian-clang 0.8.16 8.30 43.80 52.10 OK
r-devel-linux-x86_64-debian-gcc 0.8.16 6.21 34.34 40.55 OK
r-devel-linux-x86_64-fedora-clang 0.8.16 69.07 NOTE
r-devel-linux-x86_64-fedora-gcc 0.8.16 60.13 OK
r-devel-windows-ix86+x86_64 0.8.16 14.00 84.00 98.00 OK
r-patched-linux-x86_64 0.8.16 7.01 44.17 51.18 OK
r-patched-solaris-x86 0.8.16 80.80 OK
r-release-linux-x86_64 0.8.16 6.53 45.29 51.82 OK
r-release-macos-x86_64 0.8.16 OK
r-release-windows-ix86+x86_64 0.8.16 14.00 58.00 72.00 OK
r-oldrel-macos-x86_64 0.8.16 ERROR
r-oldrel-windows-ix86+x86_64 0.8.16 12.00 56.00 68.00 OK

Check Details

Version: 0.8.16
Check: Rd cross-references
Result: NOTE
    Undeclared packages ‘keras’, ‘tensorflow’, ‘devtools’ in Rd xrefs
Flavor: r-devel-linux-x86_64-fedora-clang

Version: 0.8.16
Check: tests
Result: ERROR
     Running ‘testthat.R’ [4s/5s]
    Running the tests in ‘tests/testthat.R’ failed.
    Last 13 lines of output:
     > library(testthat)
     > library(rsconnect)
     >
     > test_check("rsconnect")
     ── 1. Failure: linter warns about absolute paths and relative paths (@test-lint.
     as.numeric(absPathLintedIndices) not identical to 15.
     Lengths differ: 0 is not 1
    
     ══ testthat results ═══════════════════════════════════════════════════════════
     [ OK: 257 | SKIPPED: 25 | WARNINGS: 1 | FAILED: 1 ]
     1. Failure: linter warns about absolute paths and relative paths (@test-lint.R#18)
    
     Error: testthat unit tests failed
     Execution halted
Flavor: r-oldrel-macos-x86_64