CRAN Package Check Results for Package rsem

Last updated on 2017-11-24 22:51:39 CET.

Flavor Version Tinstall Tcheck Ttotal Status Flags
r-devel-linux-x86_64-debian-clang 0.4.6 1.56 76.19 77.75 NOTE
r-devel-linux-x86_64-debian-gcc 0.4.6 1.18 69.04 70.22 NOTE
r-devel-linux-x86_64-fedora-clang 0.4.6 57.35 NOTE
r-devel-linux-x86_64-fedora-gcc 0.4.6 56.07 NOTE
r-devel-windows-ix86+x86_64 0.4.6 5.00 77.00 82.00 NOTE
r-patched-linux-x86_64 0.4.6 1.42 78.43 79.85 NOTE
r-patched-solaris-x86 0.4.6 79.40 NOTE
r-release-linux-x86_64 0.4.6 1.49 79.90 81.39 NOTE
r-release-windows-ix86+x86_64 0.4.6 5.00 86.00 91.00 NOTE
r-release-osx-x86_64 0.4.6 NOTE
r-oldrel-windows-ix86+x86_64 0.4.6 5.00 71.00 76.00 NOTE
r-oldrel-osx-x86_64 0.4.6 NOTE

Check Details

Version: 0.4.6
Check: R code for possible problems
Result: NOTE
    rsem: no visible global function definition for ‘write.table’
    rsem.Ascov: no visible global function definition for ‘qchisq’
    rsem.Ascov: no visible global function definition for ‘pchisq’
    rsem.emmusig: no visible global function definition for ‘na.omit’
    rsem.emmusig: no visible global function definition for ‘qchisq’
    rsem.emmusig: no visible global function definition for ‘pchisq’
    rsem.fit: no visible global function definition for ‘pchisq’
    rsem.fit: no visible global function definition for ‘pf’
    rsem.print : print.estimate: no visible global function definition for
     ‘pnorm’
    rsem.weight: no visible global function definition for ‘qchisq’
    rsem.weight: no visible global function definition for ‘pchisq’
    semdiag.call.eqs: no visible global function definition for
     ‘write.table’
    semdiag.read.eqs: no visible global function definition for ‘read.fwf’
    Undefined global functions or variables:
     na.omit pchisq pf pnorm qchisq read.fwf write.table
    Consider adding
     importFrom("stats", "na.omit", "pchisq", "pf", "pnorm", "qchisq")
     importFrom("utils", "read.fwf", "write.table")
    to your NAMESPACE file.
Flavors: r-devel-linux-x86_64-debian-clang, r-devel-linux-x86_64-debian-gcc, r-devel-linux-x86_64-fedora-clang, r-devel-linux-x86_64-fedora-gcc, r-devel-windows-ix86+x86_64, r-patched-linux-x86_64, r-patched-solaris-x86, r-release-linux-x86_64, r-release-windows-ix86+x86_64, r-release-osx-x86_64, r-oldrel-windows-ix86+x86_64, r-oldrel-osx-x86_64