CRAN Package Check Results for Package rsem

Last updated on 2015-02-01 05:48:04.

Flavor Version Tinstall Tcheck Ttotal Status Flags
r-devel-linux-x86_64-debian-clang 0.4.5 1.05 19.08 20.13 NOTE
r-devel-linux-x86_64-debian-gcc 0.4.5 1.00 18.14 19.14 NOTE
r-devel-linux-x86_64-fedora-clang 0.4.5 43.02 NOTE
r-devel-linux-x86_64-fedora-gcc 0.4.5 37.43 NOTE
r-devel-osx-x86_64-clang 0.4.5 46.89 NOTE
r-devel-windows-ix86+x86_64 0.4.5 7.00 28.00 35.00 NOTE
r-patched-linux-x86_64 0.4.5 1.17 21.76 22.93 NOTE
r-patched-solaris-sparc 0.4.5 250.90 NOTE
r-patched-solaris-x86 0.4.5 61.00 NOTE
r-release-linux-ix86 0.4.5 1.51 28.75 30.26 NOTE
r-release-linux-x86_64 0.4.5 1.16 21.89 23.05 NOTE
r-release-osx-x86_64-mavericks 0.4.5 NOTE
r-release-osx-x86_64-snowleopard 0.4.5 NOTE
r-release-windows-ix86+x86_64 0.4.5 5.00 35.00 40.00 NOTE
r-oldrel-windows-ix86+x86_64 0.4.5 5.00 36.00 41.00 NOTE

Check Details

Version: 0.4.5
Check: dependencies in R code
Result: NOTE
    Unexported objects imported by ':::' calls:
     ‘lavaan:::computeExpectedInformation’ ‘lavaan:::vnames’
     See the note in ?`:::` about the use of this operator.
Flavors: r-devel-linux-x86_64-debian-clang, r-devel-linux-x86_64-debian-gcc, r-devel-linux-x86_64-fedora-clang, r-devel-linux-x86_64-fedora-gcc, r-devel-osx-x86_64-clang, r-devel-windows-ix86+x86_64

Version: 0.4.5
Check: dependencies in R code
Result: NOTE
    Unexported objects imported by ':::' calls:
     ‘lavaan:::computeExpectedInformation’ ‘lavaan:::vnames’
     See the note in ?`:::` about the use of this operator.
    See the information on DESCRIPTION files in the chapter ‘Creating R
    packages’ of the ‘Writing R Extensions’ manual.
Flavors: r-patched-linux-x86_64, r-patched-solaris-sparc, r-patched-solaris-x86, r-release-linux-ix86, r-release-linux-x86_64, r-release-osx-x86_64-mavericks, r-release-osx-x86_64-snowleopard, r-release-windows-ix86+x86_64, r-oldrel-windows-ix86+x86_64