CRAN Package Check Results for Package rsem

Last updated on 2014-04-18 03:47:23.

Flavor Version Tinstall Tcheck Ttotal Status Flags
r-devel-linux-x86_64-debian-clang 0.4.5 1.26 21.59 22.85 NOTE
r-devel-linux-x86_64-debian-gcc NOTE
r-devel-linux-x86_64-fedora-clang 0.4.5 45.62 NOTE
r-devel-linux-x86_64-fedora-gcc 0.4.5 44.25 NOTE
r-devel-macosx-x86_64-clang 0.4.5 44.70 NOTE
r-devel-macosx-x86_64-gcc 0.4.5 NOTE
r-devel-windows-ix86+x86_64 0.4.5 4.00 35.00 39.00 NOTE
r-patched-linux-x86_64 0.4.5 1.26 22.52 23.78 NOTE
r-patched-solaris-sparc 0.4.5 248.30 NOTE
r-patched-solaris-x86 0.4.5 60.60 NOTE
r-release-linux-ix86 0.4.5 2.00 39.00 41.00 NOTE
r-release-linux-x86_64 0.4.5 1.32 21.45 22.76 NOTE
r-release-macosx-x86_64 0.4.5 NOTE
r-release-windows-ix86+x86_64 0.4.5 4.00 34.00 38.00 NOTE
r-oldrel-windows-ix86+x86_64 0.4.5 5.00 34.00 39.00 NOTE

Check Details

Version: 0.4.5
Check: dependencies in R code
Result: NOTE
    Unexported objects imported by ':::' calls:
     ‘lavaan:::computeExpectedInformation’ ‘lavaan:::vnames’
     See the note in ?`:::` about the use of this operator.
    See the information on DESCRIPTION files in the chapter ‘Creating R
    packages’ of the ‘Writing R Extensions’ manual.
Flavors: r-devel-linux-x86_64-debian-clang, r-devel-linux-x86_64-debian-gcc, r-devel-linux-x86_64-fedora-clang, r-devel-linux-x86_64-fedora-gcc, r-devel-macosx-x86_64-clang, r-devel-macosx-x86_64-gcc, r-devel-windows-ix86+x86_64, r-patched-linux-x86_64, r-patched-solaris-sparc, r-patched-solaris-x86, r-release-linux-ix86, r-release-linux-x86_64, r-release-macosx-x86_64, r-release-windows-ix86+x86_64, r-oldrel-windows-ix86+x86_64