CRAN Package Check Results for Package rsem

Last updated on 2014-09-02 05:46:44.

Flavor Version Tinstall Tcheck Ttotal Status Flags
r-devel-linux-x86_64-debian-clang 0.4.5 1.12 20.09 21.21 NOTE
r-devel-linux-x86_64-debian-gcc 0.4.5 1.14 19.51 20.66 NOTE
r-devel-linux-x86_64-fedora-clang 0.4.5 43.91 NOTE
r-devel-linux-x86_64-fedora-gcc 0.4.5 41.77 NOTE
r-devel-osx-x86_64-clang 0.4.5 40.24 NOTE
r-devel-windows-ix86+x86_64 0.4.5 4.00 32.00 36.00 NOTE
r-patched-linux-x86_64 0.4.5 1.16 21.35 22.52 NOTE
r-patched-solaris-sparc 0.4.5 246.70 NOTE
r-patched-solaris-x86 0.4.5 59.00 NOTE
r-release-linux-ix86 0.4.5 1.62 27.98 29.60 NOTE
r-release-linux-x86_64 0.4.5 1.21 21.75 22.96 NOTE
r-release-osx-x86_64-mavericks 0.4.5 NOTE
r-release-osx-x86_64-snowleopard 0.4.5 NOTE
r-release-windows-ix86+x86_64 0.4.5 5.00 32.00 37.00 NOTE
r-oldrel-windows-ix86+x86_64 0.4.5 6.00 32.00 38.00 NOTE

Check Details

Version: 0.4.5
Check: dependencies in R code
Result: NOTE
    Unexported objects imported by ':::' calls:
     ‘lavaan:::computeExpectedInformation’ ‘lavaan:::vnames’
     See the note in ?`:::` about the use of this operator.
    See the information on DESCRIPTION files in the chapter ‘Creating R
    packages’ of the ‘Writing R Extensions’ manual.
Flavors: r-devel-linux-x86_64-debian-clang, r-devel-linux-x86_64-debian-gcc, r-devel-linux-x86_64-fedora-clang, r-devel-linux-x86_64-fedora-gcc, r-devel-osx-x86_64-clang, r-devel-windows-ix86+x86_64, r-patched-linux-x86_64, r-patched-solaris-sparc, r-patched-solaris-x86, r-release-linux-ix86, r-release-linux-x86_64, r-release-osx-x86_64-mavericks, r-release-osx-x86_64-snowleopard, r-release-windows-ix86+x86_64, r-oldrel-windows-ix86+x86_64