CRAN Package Check Results for Package rsem

Last updated on 2014-11-01 03:48:55.

Flavor Version Tinstall Tcheck Ttotal Status Flags
r-devel-linux-x86_64-debian-clang 0.4.5 1.17 21.55 22.72 NOTE
r-devel-linux-x86_64-debian-gcc 0.4.5 1.12 20.84 21.95 NOTE
r-devel-linux-x86_64-fedora-clang 0.4.5 44.93 NOTE
r-devel-linux-x86_64-fedora-gcc 0.4.5 44.50 NOTE
r-devel-osx-x86_64-clang 0.4.5 45.41 NOTE
r-devel-windows-ix86+x86_64 0.4.5 4.00 36.00 40.00 NOTE
r-patched-linux-x86_64 0.4.5 1.18 21.34 22.51 NOTE
r-patched-solaris-sparc 0.4.5 246.70 NOTE
r-patched-solaris-x86 0.4.5 61.50 NOTE
r-release-linux-ix86 0.4.5 1.61 28.67 30.28 NOTE
r-release-linux-x86_64 0.4.5 1.20 21.98 23.19 NOTE
r-release-osx-x86_64-mavericks 0.4.5 NOTE
r-release-osx-x86_64-snowleopard 0.4.5 NOTE
r-release-windows-ix86+x86_64 0.4.5 5.00 33.00 38.00 NOTE
r-oldrel-windows-ix86+x86_64 0.4.5 4.00 32.00 36.00 NOTE

Check Details

Version: 0.4.5
Check: dependencies in R code
Result: NOTE
    Unexported objects imported by ':::' calls:
     ‘lavaan:::computeExpectedInformation’ ‘lavaan:::vnames’
     See the note in ?`:::` about the use of this operator.
    See the information on DESCRIPTION files in the chapter ‘Creating R
    packages’ of the ‘Writing R Extensions’ manual.
Flavors: r-devel-linux-x86_64-debian-clang, r-devel-linux-x86_64-debian-gcc, r-devel-linux-x86_64-fedora-clang, r-devel-linux-x86_64-fedora-gcc, r-devel-osx-x86_64-clang, r-devel-windows-ix86+x86_64, r-patched-linux-x86_64, r-patched-solaris-sparc, r-patched-solaris-x86, r-release-linux-ix86, r-release-linux-x86_64, r-release-osx-x86_64-mavericks, r-release-osx-x86_64-snowleopard, r-release-windows-ix86+x86_64, r-oldrel-windows-ix86+x86_64