CRAN Package Check Results for Package rsem

Last updated on 2016-06-26 20:50:13.

Flavor Version Tinstall Tcheck Ttotal Status Flags
r-devel-linux-x86_64-debian-gcc 0.4.6 1.02 22.49 23.51 NOTE
r-devel-linux-x86_64-fedora-clang 0.4.6 41.98 NOTE
r-devel-linux-x86_64-fedora-gcc 0.4.6 38.06 NOTE
r-devel-osx-x86_64-clang 0.4.6 36.13 NOTE
r-devel-windows-ix86+x86_64 0.4.6 7.00 64.00 71.00 NOTE
r-patched-linux-x86_64 0.4.6 1.11 23.10 24.22 NOTE
r-patched-solaris-sparc 0.4.6 258.70 NOTE
r-patched-solaris-x86 0.4.6 53.90 NOTE
r-release-linux-x86_64 0.4.6 1.16 23.16 24.32 NOTE
r-release-osx-x86_64-mavericks 0.4.6 NOTE
r-release-windows-ix86+x86_64 0.4.6 3.00 42.00 45.00 NOTE
r-oldrel-windows-ix86+x86_64 0.4.6 8.00 63.00 71.00 OK

Check Details

Version: 0.4.6
Check: R code for possible problems
Result: NOTE
    rsem: no visible global function definition for ‘write.table’
    rsem.Ascov: no visible global function definition for ‘qchisq’
    rsem.Ascov: no visible global function definition for ‘pchisq’
    rsem.emmusig: no visible global function definition for ‘na.omit’
    rsem.emmusig: no visible global function definition for ‘qchisq’
    rsem.emmusig: no visible global function definition for ‘pchisq’
    rsem.fit: no visible global function definition for ‘pchisq’
    rsem.fit: no visible global function definition for ‘pf’
    rsem.print : print.estimate: no visible global function definition for
     ‘pnorm’
    rsem.weight: no visible global function definition for ‘qchisq’
    rsem.weight: no visible global function definition for ‘pchisq’
    semdiag.call.eqs: no visible global function definition for
     ‘write.table’
    semdiag.read.eqs: no visible global function definition for ‘read.fwf’
    Undefined global functions or variables:
     na.omit pchisq pf pnorm qchisq read.fwf write.table
    Consider adding
     importFrom("stats", "na.omit", "pchisq", "pf", "pnorm", "qchisq")
     importFrom("utils", "read.fwf", "write.table")
    to your NAMESPACE file.
Flavors: r-devel-linux-x86_64-debian-gcc, r-devel-linux-x86_64-fedora-clang, r-devel-linux-x86_64-fedora-gcc, r-devel-osx-x86_64-clang, r-devel-windows-ix86+x86_64, r-patched-linux-x86_64, r-patched-solaris-sparc, r-patched-solaris-x86, r-release-linux-x86_64, r-release-osx-x86_64-mavericks, r-release-windows-ix86+x86_64