CRAN Package Check Results for Package rsem

Last updated on 2015-04-27 03:47:34.

Flavor Version Tinstall Tcheck Ttotal Status Flags
r-devel-linux-x86_64-debian-clang 0.4.5 1.11 18.60 19.71 WARN
r-devel-linux-x86_64-debian-gcc 0.4.5 1.25 18.54 19.80 WARN
r-devel-linux-x86_64-fedora-clang 0.4.5 39.75 WARN
r-devel-linux-x86_64-fedora-gcc 0.4.5 36.01 WARN
r-devel-osx-x86_64-clang 0.4.5 40.12 WARN
r-devel-windows-ix86+x86_64 0.4.5 4.00 60.00 64.00 WARN
r-patched-linux-x86_64 0.4.5 1.09 18.56 19.65 WARN
r-patched-solaris-sparc 0.4.5 208.10 WARN
r-patched-solaris-x86 0.4.5 52.50 WARN
r-release-linux-x86_64 0.4.5 1.19 18.53 19.72 WARN
r-release-osx-x86_64-mavericks 0.4.5 WARN
r-release-osx-x86_64-snowleopard 0.4.5 NOTE
r-release-windows-ix86+x86_64 0.4.5 4.00 33.00 37.00 WARN
r-oldrel-windows-ix86+x86_64 0.4.5 4.00 35.00 39.00 WARN

Check Details

Version: 0.4.5
Check: dependencies in R code
Result: NOTE
    Unexported objects imported by ':::' calls:
     ‘lavaan:::computeExpectedInformation’ ‘lavaan:::vnames’
     See the note in ?`:::` about the use of this operator.
Flavors: r-devel-linux-x86_64-debian-clang, r-devel-linux-x86_64-debian-gcc, r-devel-linux-x86_64-fedora-clang, r-devel-linux-x86_64-fedora-gcc, r-devel-osx-x86_64-clang, r-devel-windows-ix86+x86_64, r-patched-solaris-sparc, r-patched-solaris-x86, r-release-osx-x86_64-mavericks, r-release-osx-x86_64-snowleopard, r-release-windows-ix86+x86_64, r-oldrel-windows-ix86+x86_64

Version: 0.4.5
Check: examples
Result: WARN
    Found the following significant warnings:
    
     Warning: 'vech' is deprecated.
    Deprecated functions may be defunct as soon as of the next release of
    R.
    See ?Deprecated.
Flavors: r-devel-linux-x86_64-debian-clang, r-devel-linux-x86_64-debian-gcc, r-devel-linux-x86_64-fedora-clang, r-devel-linux-x86_64-fedora-gcc, r-devel-osx-x86_64-clang, r-devel-windows-ix86+x86_64, r-patched-solaris-sparc, r-patched-solaris-x86, r-release-osx-x86_64-mavericks, r-release-windows-ix86+x86_64, r-oldrel-windows-ix86+x86_64