CRAN Package Check Results for Package rsem

Last updated on 2015-07-28 23:47:49.

Flavor Version Tinstall Tcheck Ttotal Status Flags
r-devel-linux-x86_64-debian-clang 0.4.6 1.04 22.55 23.59 NOTE
r-devel-linux-x86_64-debian-gcc 0.4.6 1.04 22.02 23.05 NOTE
r-devel-linux-x86_64-fedora-clang 0.4.6 43.74 NOTE
r-devel-linux-x86_64-fedora-gcc 0.4.6 40.77 NOTE
r-devel-osx-x86_64-clang 0.4.6 36.21 OK
r-devel-windows-ix86+x86_64 0.4.6 5.00 33.00 38.00 NOTE
r-patched-linux-x86_64 0.4.6 1.20 22.11 23.31 OK
r-patched-solaris-sparc 0.4.6 283.20 OK
r-patched-solaris-x86 0.4.6 58.30 OK
r-release-linux-x86_64 0.4.6 1.11 22.19 23.30 OK
r-release-osx-x86_64-mavericks 0.4.6 OK
r-release-windows-ix86+x86_64 0.4.6 8.00 38.00 46.00 OK
r-oldrel-windows-ix86+x86_64 0.4.6 9.00 40.00 49.00 OK

Check Details

Version: 0.4.6
Check: R code for possible problems
Result: NOTE
    rsem: no visible global function definition for ‘write.table’
    rsem.Ascov: no visible global function definition for ‘qchisq’
    rsem.Ascov: no visible global function definition for ‘pchisq’
    rsem.emmusig: no visible global function definition for ‘na.omit’
    rsem.emmusig: no visible global function definition for ‘qchisq’
    rsem.emmusig: no visible global function definition for ‘pchisq’
    rsem.fit: no visible global function definition for ‘pchisq’
    rsem.fit: no visible global function definition for ‘pf’
    rsem.print : print.estimate: no visible global function definition for
     ‘pnorm’
    rsem.weight: no visible global function definition for ‘qchisq’
    rsem.weight: no visible global function definition for ‘pchisq’
    semdiag.call.eqs: no visible global function definition for
     ‘write.table’
    semdiag.read.eqs: no visible global function definition for ‘read.fwf’
    Undefined global functions or variables:
     na.omit pchisq pf pnorm qchisq read.fwf write.table
    Consider adding
     importFrom("stats", "na.omit", "pchisq", "pf", "pnorm", "qchisq")
     importFrom("utils", "read.fwf", "write.table")
    to your NAMESPACE.
Flavors: r-devel-linux-x86_64-debian-clang, r-devel-linux-x86_64-debian-gcc, r-devel-linux-x86_64-fedora-clang, r-devel-linux-x86_64-fedora-gcc, r-devel-windows-ix86+x86_64