CRAN Package Check Results for Package rsem

Last updated on 2015-03-02 12:48:24.

Flavor Version Tinstall Tcheck Ttotal Status Flags
r-devel-linux-x86_64-debian-clang 0.4.5 1.01 19.02 20.03 NOTE
r-devel-linux-x86_64-debian-gcc 0.4.5 1.34 18.30 19.64 NOTE
r-devel-linux-x86_64-fedora-clang 0.4.5 38.87 NOTE
r-devel-linux-x86_64-fedora-gcc 0.4.5 36.17 NOTE
r-devel-osx-x86_64-clang 0.4.5 40.78 NOTE
r-devel-windows-ix86+x86_64 0.4.5 9.00 39.00 48.00 NOTE
r-patched-linux-x86_64 0.4.5 1.71 22.77 24.48 NOTE
r-patched-solaris-sparc 0.4.5 250.90 NOTE
r-patched-solaris-x86 0.4.5 63.80 NOTE
r-release-linux-ix86 0.4.5 1.52 28.97 30.50 NOTE
r-release-linux-x86_64 0.4.5 1.25 22.16 23.41 NOTE
r-release-osx-x86_64-mavericks 0.4.5 NOTE
r-release-osx-x86_64-snowleopard 0.4.5 NOTE
r-release-windows-ix86+x86_64 0.4.5 9.00 39.00 48.00 NOTE
r-oldrel-windows-ix86+x86_64 0.4.5 5.00 36.00 41.00 NOTE

Check Details

Version: 0.4.5
Check: dependencies in R code
Result: NOTE
    Unexported objects imported by ':::' calls:
     ‘lavaan:::computeExpectedInformation’ ‘lavaan:::vnames’
     See the note in ?`:::` about the use of this operator.
Flavors: r-devel-linux-x86_64-debian-clang, r-devel-linux-x86_64-debian-gcc, r-devel-linux-x86_64-fedora-clang, r-devel-linux-x86_64-fedora-gcc, r-devel-osx-x86_64-clang, r-devel-windows-ix86+x86_64, r-patched-linux-x86_64, r-patched-solaris-x86

Version: 0.4.5
Check: dependencies in R code
Result: NOTE
    Unexported objects imported by ':::' calls:
     ‘lavaan:::computeExpectedInformation’ ‘lavaan:::vnames’
     See the note in ?`:::` about the use of this operator.
    See the information on DESCRIPTION files in the chapter ‘Creating R
    packages’ of the ‘Writing R Extensions’ manual.
Flavors: r-patched-solaris-sparc, r-release-linux-ix86, r-release-linux-x86_64, r-release-osx-x86_64-mavericks, r-release-osx-x86_64-snowleopard, r-release-windows-ix86+x86_64, r-oldrel-windows-ix86+x86_64