CRAN Package Check Results for Package rsig

Last updated on 2015-03-03 14:47:35.

Flavor Version Tinstall Tcheck Ttotal Status Flags
r-devel-linux-x86_64-debian-clang 1.0 3.23 33.51 36.74 NOTE
r-devel-linux-x86_64-debian-gcc 1.0 2.77 32.33 35.10 NOTE
r-devel-linux-x86_64-fedora-clang 1.0 74.96 NOTE
r-devel-linux-x86_64-fedora-gcc 1.0 70.60 NOTE
r-devel-osx-x86_64-clang 1.0 66.81 NOTE
r-devel-windows-ix86+x86_64 1.0 13.00 69.00 82.00 NOTE
r-patched-linux-x86_64 1.0 4.15 45.44 49.59 NOTE
r-patched-solaris-sparc 1.0 642.30 NOTE
r-patched-solaris-x86 1.0 151.90 NOTE
r-release-linux-ix86 1.0 4.92 54.42 59.34 NOTE
r-release-linux-x86_64 1.0 4.17 45.58 49.75 NOTE
r-release-osx-x86_64-mavericks 1.0 NOTE
r-release-osx-x86_64-snowleopard 1.0 OK
r-release-windows-ix86+x86_64 1.0 20.00 105.00 125.00 NOTE
r-oldrel-windows-ix86+x86_64 1.0 15.00 71.00 86.00 OK

Check Details

Version: 1.0
Check: dependencies in R code
Result: NOTE
    Package in Depends field not imported from: ‘parallel’
     These packages need to be imported from (in the NAMESPACE file)
     for when this namespace is loaded but not attached.
Flavors: r-devel-linux-x86_64-debian-clang, r-devel-linux-x86_64-debian-gcc, r-devel-linux-x86_64-fedora-clang, r-devel-linux-x86_64-fedora-gcc, r-devel-osx-x86_64-clang, r-devel-windows-ix86+x86_64, r-patched-linux-x86_64, r-patched-solaris-sparc, r-patched-solaris-x86

Version: 1.0
Check: R code for possible problems
Result: NOTE
    rsig: no visible binding for global variable ‘mclapply’
    rsig.all: no visible binding for global variable ‘mclapply’
Flavors: r-devel-linux-x86_64-debian-clang, r-devel-linux-x86_64-debian-gcc, r-devel-linux-x86_64-fedora-clang, r-devel-linux-x86_64-fedora-gcc, r-devel-osx-x86_64-clang, r-devel-windows-ix86+x86_64, r-patched-linux-x86_64, r-patched-solaris-sparc, r-patched-solaris-x86, r-release-linux-ix86, r-release-linux-x86_64, r-release-osx-x86_64-mavericks, r-release-windows-ix86+x86_64

Version: 1.0
Check: dependencies in R code
Result: NOTE
    Package in Depends field not imported from: ‘parallel’
     These packages need to be imported from (in the NAMESPACE file)
     for when this namespace is loaded but not attached.
    See the information on DESCRIPTION files in the chapter ‘Creating R
    packages’ of the ‘Writing R Extensions’ manual.
Flavors: r-release-linux-ix86, r-release-linux-x86_64, r-release-osx-x86_64-mavericks, r-release-windows-ix86+x86_64