CRAN Package Check Results for Package rsig

Last updated on 2014-12-22 03:49:04.

Flavor Version Tinstall Tcheck Ttotal Status Flags
r-devel-linux-x86_64-debian-clang 1.0 4.04 43.85 47.88 NOTE
r-devel-linux-x86_64-debian-gcc 1.0 3.93 43.05 46.98 NOTE
r-devel-linux-x86_64-fedora-clang 1.0 114.33 NOTE
r-devel-linux-x86_64-fedora-gcc 1.0 104.89 NOTE
r-devel-osx-x86_64-clang 1.0 93.01 NOTE
r-devel-windows-ix86+x86_64 1.0 12.00 65.00 77.00 NOTE
r-patched-linux-x86_64 1.0 5.43 45.54 50.98 NOTE
r-patched-solaris-sparc 1.0 609.80 NOTE
r-patched-solaris-x86 1.0 149.10 NOTE
r-release-linux-ix86 1.0 4.80 53.14 57.94 NOTE
r-release-linux-x86_64 1.0 4.76 44.46 49.22 NOTE
r-release-osx-x86_64-mavericks 1.0 OK
r-release-osx-x86_64-snowleopard 1.0 OK
r-release-windows-ix86+x86_64 1.0 11.00 73.00 84.00 NOTE
r-oldrel-windows-ix86+x86_64 1.0 11.00 71.00 82.00 OK

Check Details

Version: 1.0
Check: dependencies in R code
Result: NOTE
    Package in Depends field not imported from: ‘parallel’
     These packages need to be imported from (in the NAMESPACE file)
     for when this namespace is loaded but not attached.
    See the information on DESCRIPTION files in the chapter ‘Creating R
    packages’ of the ‘Writing R Extensions’ manual.
Flavors: r-devel-linux-x86_64-debian-clang, r-devel-linux-x86_64-debian-gcc, r-devel-linux-x86_64-fedora-clang, r-devel-linux-x86_64-fedora-gcc, r-devel-osx-x86_64-clang, r-devel-windows-ix86+x86_64, r-patched-linux-x86_64, r-patched-solaris-sparc, r-patched-solaris-x86, r-release-linux-ix86, r-release-linux-x86_64, r-release-windows-ix86+x86_64

Version: 1.0
Check: R code for possible problems
Result: NOTE
    rsig: no visible binding for global variable ‘mclapply’
    rsig.all: no visible binding for global variable ‘mclapply’
Flavors: r-devel-linux-x86_64-debian-clang, r-devel-linux-x86_64-debian-gcc, r-devel-linux-x86_64-fedora-clang, r-devel-linux-x86_64-fedora-gcc, r-devel-osx-x86_64-clang, r-devel-windows-ix86+x86_64, r-patched-linux-x86_64, r-patched-solaris-sparc, r-patched-solaris-x86, r-release-linux-ix86, r-release-linux-x86_64, r-release-windows-ix86+x86_64