CRAN Package Check Results for Package rsig

Last updated on 2016-04-28 21:47:43.

Flavor Version Tinstall Tcheck Ttotal Status Flags
r-devel-linux-x86_64-debian-gcc 1.0 3.31 34.13 37.43 NOTE
r-devel-linux-x86_64-fedora-clang 1.0 72.74 NOTE
r-devel-linux-x86_64-fedora-gcc 1.0 69.09 NOTE
r-devel-osx-x86_64-clang 1.0 78.81 NOTE
r-devel-windows-ix86+x86_64 1.0 13.00 96.00 109.00 NOTE
r-patched-linux-x86_64 1.0 3.31 33.56 36.87 NOTE
r-patched-solaris-sparc 1.0 432.20 NOTE
r-patched-solaris-x86 1.0 98.90 NOTE
r-release-linux-x86_64 1.0 3.24 36.65 39.89 NOTE
r-release-osx-x86_64-mavericks 1.0 NOTE
r-release-windows-ix86+x86_64 1.0 8.00 66.00 74.00 NOTE
r-oldrel-windows-ix86+x86_64 1.0 23.00 139.00 162.00 NOTE

Check Details

Version: 1.0
Check: dependencies in R code
Result: NOTE
    Package in Depends field not imported from: ‘parallel’
     These packages need to be imported from (in the NAMESPACE file)
     for when this namespace is loaded but not attached.
Flavors: r-devel-linux-x86_64-debian-gcc, r-devel-linux-x86_64-fedora-clang, r-devel-linux-x86_64-fedora-gcc, r-devel-osx-x86_64-clang, r-devel-windows-ix86+x86_64, r-patched-linux-x86_64, r-patched-solaris-sparc, r-patched-solaris-x86, r-release-linux-x86_64, r-release-osx-x86_64-mavericks, r-release-windows-ix86+x86_64, r-oldrel-windows-ix86+x86_64

Version: 1.0
Check: R code for possible problems
Result: NOTE
    filterSD: no visible binding for global variable ‘sd’
    filterSD: no visible global function definition for ‘quantile’
    fit_lasso: no visible global function definition for ‘coef’
    fit_prlasso: no visible global function definition for ‘coef’
    rsig: no visible binding for global variable ‘mclapply’
    rsig.all: no visible binding for global variable ‘mclapply’
    rsig.all : <anonymous>: no visible global function definition for
     ‘flush.console’
    rsig.all : <anonymous>: no visible global function definition for
     ‘predict’
    Undefined global functions or variables:
     coef flush.console mclapply predict quantile sd
    Consider adding
     importFrom("stats", "coef", "predict", "quantile", "sd")
     importFrom("utils", "flush.console")
    to your NAMESPACE file.
Flavors: r-devel-linux-x86_64-debian-gcc, r-devel-linux-x86_64-fedora-clang, r-devel-linux-x86_64-fedora-gcc, r-devel-osx-x86_64-clang, r-devel-windows-ix86+x86_64, r-patched-linux-x86_64, r-patched-solaris-sparc, r-patched-solaris-x86

Version: 1.0
Check: R code for possible problems
Result: NOTE
    rsig: no visible binding for global variable ‘mclapply’
    rsig.all: no visible binding for global variable ‘mclapply’
Flavors: r-release-linux-x86_64, r-release-osx-x86_64-mavericks, r-release-windows-ix86+x86_64, r-oldrel-windows-ix86+x86_64