CRAN Package Check Results for Package rsig

Last updated on 2014-09-02 22:47:49.

Flavor Version Tinstall Tcheck Ttotal Status Flags
r-devel-linux-x86_64-debian-clang 1.0 4.14 43.48 47.62 NOTE
r-devel-linux-x86_64-debian-gcc 1.0 3.96 42.18 46.15 NOTE
r-devel-linux-x86_64-fedora-clang 1.0 112.44 NOTE
r-devel-linux-x86_64-fedora-gcc 1.0 105.31 NOTE
r-devel-osx-x86_64-clang 1.0 84.00 NOTE
r-devel-windows-ix86+x86_64 1.0 12.00 72.00 84.00 NOTE
r-patched-linux-x86_64 1.0 4.35 44.27 48.62 NOTE
r-patched-solaris-sparc 1.0 637.30 NOTE
r-patched-solaris-x86 1.0 146.40 NOTE
r-release-linux-ix86 1.0 4.98 55.78 60.76 OK
r-release-linux-x86_64 1.0 4.34 44.77 49.10 OK
r-release-osx-x86_64-mavericks 1.0 OK
r-release-osx-x86_64-snowleopard 1.0 OK
r-release-windows-ix86+x86_64 1.0 12.00 72.00 84.00 OK
r-oldrel-windows-ix86+x86_64 1.0 13.00 70.00 83.00 OK

Check Details

Version: 1.0
Check: dependencies in R code
Result: NOTE
    Package in Depends field not imported from: ‘parallel’
     These packages need to be imported from (in the NAMESPACE file)
     for when this namespace is loaded but not attached.
    See the information on DESCRIPTION files in the chapter ‘Creating R
    packages’ of the ‘Writing R Extensions’ manual.
Flavors: r-devel-linux-x86_64-debian-clang, r-devel-linux-x86_64-debian-gcc, r-devel-linux-x86_64-fedora-clang, r-devel-linux-x86_64-fedora-gcc, r-devel-osx-x86_64-clang, r-devel-windows-ix86+x86_64, r-patched-linux-x86_64, r-patched-solaris-sparc, r-patched-solaris-x86

Version: 1.0
Check: R code for possible problems
Result: NOTE
    rsig: no visible binding for global variable ‘mclapply’
    rsig.all: no visible binding for global variable ‘mclapply’
Flavors: r-devel-linux-x86_64-debian-clang, r-devel-linux-x86_64-debian-gcc, r-devel-linux-x86_64-fedora-clang, r-devel-linux-x86_64-fedora-gcc, r-devel-osx-x86_64-clang, r-devel-windows-ix86+x86_64