CRAN Package Check Results for Package rsig

Last updated on 2015-01-31 05:48:55.

Flavor Version Tinstall Tcheck Ttotal Status Flags
r-devel-linux-x86_64-debian-clang 1.0 2.88 32.04 34.92 NOTE
r-devel-linux-x86_64-debian-gcc 1.0 3.78 32.18 35.96 NOTE
r-devel-linux-x86_64-fedora-clang 1.0 103.29 NOTE
r-devel-linux-x86_64-fedora-gcc 1.0 96.54 NOTE
r-devel-osx-x86_64-clang 1.0 92.66 NOTE
r-devel-windows-ix86+x86_64 1.0 13.00 49.00 62.00 NOTE
r-patched-linux-x86_64 1.0 4.16 45.64 49.80 NOTE
r-patched-solaris-sparc 1.0 603.00 NOTE
r-patched-solaris-x86 1.0 148.90 NOTE
r-release-linux-ix86 1.0 4.96 53.37 58.32 NOTE
r-release-linux-x86_64 1.0 4.52 45.48 50.00 NOTE
r-release-osx-x86_64-mavericks 1.0 NOTE
r-release-osx-x86_64-snowleopard 1.0 OK
r-release-windows-ix86+x86_64 1.0 13.00 73.00 86.00 NOTE
r-oldrel-windows-ix86+x86_64 1.0 14.00 76.00 90.00 OK

Check Details

Version: 1.0
Check: dependencies in R code
Result: NOTE
    Package in Depends field not imported from: ‘parallel’
     These packages need to be imported from (in the NAMESPACE file)
     for when this namespace is loaded but not attached.
Flavors: r-devel-linux-x86_64-debian-clang, r-devel-linux-x86_64-debian-gcc, r-devel-linux-x86_64-fedora-clang, r-devel-linux-x86_64-fedora-gcc, r-devel-osx-x86_64-clang, r-devel-windows-ix86+x86_64

Version: 1.0
Check: R code for possible problems
Result: NOTE
    rsig: no visible binding for global variable ‘mclapply’
    rsig.all: no visible binding for global variable ‘mclapply’
Flavors: r-devel-linux-x86_64-debian-clang, r-devel-linux-x86_64-debian-gcc, r-devel-linux-x86_64-fedora-clang, r-devel-linux-x86_64-fedora-gcc, r-devel-osx-x86_64-clang, r-devel-windows-ix86+x86_64, r-patched-linux-x86_64, r-patched-solaris-sparc, r-patched-solaris-x86, r-release-linux-ix86, r-release-linux-x86_64, r-release-osx-x86_64-mavericks, r-release-windows-ix86+x86_64

Version: 1.0
Check: dependencies in R code
Result: NOTE
    Package in Depends field not imported from: ‘parallel’
     These packages need to be imported from (in the NAMESPACE file)
     for when this namespace is loaded but not attached.
    See the information on DESCRIPTION files in the chapter ‘Creating R
    packages’ of the ‘Writing R Extensions’ manual.
Flavors: r-patched-linux-x86_64, r-patched-solaris-sparc, r-patched-solaris-x86, r-release-linux-ix86, r-release-linux-x86_64, r-release-osx-x86_64-mavericks, r-release-windows-ix86+x86_64