CRAN Package Check Results for Package rsig

Last updated on 2017-02-26 19:54:09.

Flavor Version Tinstall Tcheck Ttotal Status Flags
r-devel-linux-x86_64-debian-clang 1.0 2.87 35.93 38.80 NOTE
r-devel-linux-x86_64-debian-gcc 1.0 2.93 35.70 38.63 NOTE
r-devel-linux-x86_64-fedora-clang 1.0 92.85 NOTE --no-stop-on-test-error
r-devel-linux-x86_64-fedora-gcc 1.0 85.95 NOTE --no-stop-on-test-error
r-devel-macos-x86_64-clang 1.0 68.84 NOTE --no-stop-on-test-error
r-devel-windows-ix86+x86_64 1.0 15.00 126.00 141.00 NOTE
r-patched-linux-x86_64 1.0 2.82 31.57 34.38 NOTE
r-patched-solaris-sparc 1.0 437.90 NOTE
r-patched-solaris-x86 1.0 89.50 NOTE
r-release-linux-x86_64 1.0 2.72 32.59 35.30 NOTE
r-release-osx-x86_64-mavericks 1.0 NOTE
r-release-windows-ix86+x86_64 1.0 10.00 80.00 90.00 NOTE
r-oldrel-windows-ix86+x86_64 1.0 12.00 135.00 147.00 NOTE

Check Details

Version: 1.0
Check: dependencies in R code
Result: NOTE
    Package in Depends field not imported from: ‘parallel’
     These packages need to be imported from (in the NAMESPACE file)
     for when this namespace is loaded but not attached.
Flavors: r-devel-linux-x86_64-debian-clang, r-devel-linux-x86_64-debian-gcc, r-devel-windows-ix86+x86_64, r-patched-linux-x86_64, r-patched-solaris-sparc, r-patched-solaris-x86, r-release-linux-x86_64, r-release-osx-x86_64-mavericks, r-release-windows-ix86+x86_64, r-oldrel-windows-ix86+x86_64

Version: 1.0
Check: R code for possible problems
Result: NOTE
    filterSD: no visible binding for global variable ‘sd’
    filterSD: no visible global function definition for ‘quantile’
    fit_lasso: no visible global function definition for ‘coef’
    fit_prlasso: no visible global function definition for ‘coef’
    rsig: no visible binding for global variable ‘mclapply’
    rsig.all: no visible binding for global variable ‘mclapply’
    rsig.all : <anonymous>: no visible global function definition for
     ‘flush.console’
    rsig.all : <anonymous>: no visible global function definition for
     ‘predict’
    Undefined global functions or variables:
     coef flush.console mclapply predict quantile sd
    Consider adding
     importFrom("stats", "coef", "predict", "quantile", "sd")
     importFrom("utils", "flush.console")
    to your NAMESPACE file.
Flavors: r-devel-linux-x86_64-debian-clang, r-devel-linux-x86_64-debian-gcc, r-devel-windows-ix86+x86_64, r-patched-linux-x86_64, r-patched-solaris-sparc, r-patched-solaris-x86, r-release-linux-x86_64, r-release-osx-x86_64-mavericks, r-release-windows-ix86+x86_64

Version: 1.0
Flags: --no-stop-on-test-error
Check: dependencies in R code
Result: NOTE
    Package in Depends field not imported from: ‘parallel’
     These packages need to be imported from (in the NAMESPACE file)
     for when this namespace is loaded but not attached.
Flavors: r-devel-linux-x86_64-fedora-clang, r-devel-linux-x86_64-fedora-gcc, r-devel-macos-x86_64-clang

Version: 1.0
Flags: --no-stop-on-test-error
Check: R code for possible problems
Result: NOTE
    filterSD: no visible binding for global variable ‘sd’
    filterSD: no visible global function definition for ‘quantile’
    fit_lasso: no visible global function definition for ‘coef’
    fit_prlasso: no visible global function definition for ‘coef’
    rsig: no visible binding for global variable ‘mclapply’
    rsig.all: no visible binding for global variable ‘mclapply’
    rsig.all : <anonymous>: no visible global function definition for
     ‘flush.console’
    rsig.all : <anonymous>: no visible global function definition for
     ‘predict’
    Undefined global functions or variables:
     coef flush.console mclapply predict quantile sd
    Consider adding
     importFrom("stats", "coef", "predict", "quantile", "sd")
     importFrom("utils", "flush.console")
    to your NAMESPACE file.
Flavors: r-devel-linux-x86_64-fedora-clang, r-devel-linux-x86_64-fedora-gcc, r-devel-macos-x86_64-clang

Version: 1.0
Check: R code for possible problems
Result: NOTE
    rsig: no visible binding for global variable 'mclapply'
    rsig.all: no visible binding for global variable 'mclapply'
Flavor: r-oldrel-windows-ix86+x86_64