CRAN Package Check Results for Package rsig

Last updated on 2015-05-27 11:49:34.

Flavor Version Tinstall Tcheck Ttotal Status Flags
r-devel-linux-x86_64-debian-clang 1.0 2.94 35.34 38.28 NOTE
r-devel-linux-x86_64-debian-gcc 1.0 2.89 32.68 35.57 NOTE
r-devel-linux-x86_64-fedora-clang 1.0 75.09 NOTE
r-devel-linux-x86_64-fedora-gcc 1.0 71.11 NOTE
r-devel-osx-x86_64-clang 1.0 66.37 NOTE
r-devel-windows-ix86+x86_64 1.0 9.00 61.00 70.00 NOTE
r-patched-linux-x86_64 1.0 2.93 32.77 35.70 NOTE
r-patched-solaris-sparc 1.0 472.60 NOTE
r-patched-solaris-x86 1.0 106.70 NOTE
r-release-linux-x86_64 1.0 2.91 33.96 36.87 NOTE
r-release-osx-x86_64-mavericks 1.0 NOTE
r-release-osx-x86_64-snowleopard 1.0 ERROR
r-release-windows-ix86+x86_64 1.0 9.00 61.00 70.00 NOTE
r-oldrel-windows-ix86+x86_64 1.0 15.00 78.00 93.00 NOTE

Check Details

Version: 1.0
Check: dependencies in R code
Result: NOTE
    Package in Depends field not imported from: ‘parallel’
     These packages need to be imported from (in the NAMESPACE file)
     for when this namespace is loaded but not attached.
Flavors: r-devel-linux-x86_64-debian-clang, r-devel-linux-x86_64-debian-gcc, r-devel-linux-x86_64-fedora-clang, r-devel-linux-x86_64-fedora-gcc, r-devel-osx-x86_64-clang, r-devel-windows-ix86+x86_64, r-patched-linux-x86_64, r-patched-solaris-sparc, r-patched-solaris-x86, r-release-linux-x86_64, r-release-osx-x86_64-mavericks, r-release-windows-ix86+x86_64, r-oldrel-windows-ix86+x86_64

Version: 1.0
Check: R code for possible problems
Result: NOTE
    rsig: no visible binding for global variable ‘mclapply’
    rsig.all: no visible binding for global variable ‘mclapply’
Flavors: r-devel-linux-x86_64-debian-clang, r-devel-linux-x86_64-debian-gcc, r-devel-linux-x86_64-fedora-clang, r-devel-linux-x86_64-fedora-gcc, r-devel-osx-x86_64-clang, r-devel-windows-ix86+x86_64, r-patched-linux-x86_64, r-patched-solaris-sparc, r-patched-solaris-x86, r-release-linux-x86_64, r-release-osx-x86_64-mavericks, r-release-windows-ix86+x86_64, r-oldrel-windows-ix86+x86_64

Version: 1.0
Check: package dependencies
Result: ERROR
    Package required but not available: ‘survcomp’
    
    See section ‘The DESCRIPTION file’ in the ‘Writing R Extensions’
    manual.
Flavor: r-release-osx-x86_64-snowleopard