CRAN Package Check Results for Package rsig

Last updated on 2016-06-26 11:48:25.

Flavor Version Tinstall Tcheck Ttotal Status Flags
r-devel-linux-x86_64-debian-gcc 1.0 3.28 34.82 38.10 NOTE
r-devel-linux-x86_64-fedora-clang 1.0 74.08 NOTE
r-devel-linux-x86_64-fedora-gcc 1.0 68.93 NOTE
r-devel-osx-x86_64-clang 1.0 59.95 NOTE
r-devel-windows-ix86+x86_64 1.0 12.00 69.00 81.00 NOTE
r-patched-linux-x86_64 1.0 2.95 34.98 37.93 NOTE
r-patched-solaris-sparc 1.0 441.90 NOTE
r-patched-solaris-x86 1.0 98.80 NOTE
r-release-linux-x86_64 1.0 3.31 34.42 37.73 NOTE
r-release-osx-x86_64-mavericks 1.0 NOTE
r-release-windows-ix86+x86_64 1.0 9.00 63.00 72.00 NOTE
r-oldrel-windows-ix86+x86_64 1.0 14.00 103.00 117.00 NOTE

Check Details

Version: 1.0
Check: dependencies in R code
Result: NOTE
    Package in Depends field not imported from: ‘parallel’
     These packages need to be imported from (in the NAMESPACE file)
     for when this namespace is loaded but not attached.
Flavors: r-devel-linux-x86_64-debian-gcc, r-devel-linux-x86_64-fedora-clang, r-devel-linux-x86_64-fedora-gcc, r-devel-osx-x86_64-clang, r-devel-windows-ix86+x86_64, r-patched-linux-x86_64, r-patched-solaris-sparc, r-patched-solaris-x86, r-release-linux-x86_64, r-release-osx-x86_64-mavericks, r-release-windows-ix86+x86_64, r-oldrel-windows-ix86+x86_64

Version: 1.0
Check: R code for possible problems
Result: NOTE
    filterSD: no visible binding for global variable ‘sd’
    filterSD: no visible global function definition for ‘quantile’
    fit_lasso: no visible global function definition for ‘coef’
    fit_prlasso: no visible global function definition for ‘coef’
    rsig: no visible binding for global variable ‘mclapply’
    rsig.all: no visible binding for global variable ‘mclapply’
    rsig.all : <anonymous>: no visible global function definition for
     ‘flush.console’
    rsig.all : <anonymous>: no visible global function definition for
     ‘predict’
    Undefined global functions or variables:
     coef flush.console mclapply predict quantile sd
    Consider adding
     importFrom("stats", "coef", "predict", "quantile", "sd")
     importFrom("utils", "flush.console")
    to your NAMESPACE file.
Flavors: r-devel-linux-x86_64-debian-gcc, r-devel-linux-x86_64-fedora-clang, r-devel-linux-x86_64-fedora-gcc, r-devel-osx-x86_64-clang, r-devel-windows-ix86+x86_64, r-patched-linux-x86_64, r-patched-solaris-sparc, r-patched-solaris-x86, r-release-linux-x86_64, r-release-osx-x86_64-mavericks, r-release-windows-ix86+x86_64

Version: 1.0
Check: R code for possible problems
Result: NOTE
    rsig: no visible binding for global variable 'mclapply'
    rsig.all: no visible binding for global variable 'mclapply'
Flavor: r-oldrel-windows-ix86+x86_64