CRAN Package Check Results for Package rsig

Last updated on 2014-11-28 19:51:28.

Flavor Version Tinstall Tcheck Ttotal Status Flags
r-devel-linux-x86_64-debian-clang 1.0 3.97 44.28 48.25 NOTE
r-devel-linux-x86_64-debian-gcc 1.0 3.92 42.75 46.67 NOTE
r-devel-linux-x86_64-fedora-clang 1.0 114.76 NOTE
r-devel-linux-x86_64-fedora-gcc 1.0 106.95 NOTE
r-devel-osx-x86_64-clang 1.0 90.82 NOTE
r-devel-windows-ix86+x86_64 1.0 11.00 74.00 85.00 NOTE
r-patched-linux-x86_64 1.0 4.62 45.26 49.88 NOTE
r-patched-solaris-sparc 1.0 609.80 NOTE
r-patched-solaris-x86 1.0 148.10 NOTE
r-release-linux-ix86 1.0 5.02 53.04 58.06 NOTE
r-release-linux-x86_64 1.0 4.36 44.82 49.18 NOTE
r-release-osx-x86_64-mavericks 1.0 OK
r-release-osx-x86_64-snowleopard 1.0 OK
r-release-windows-ix86+x86_64 1.0 14.00 74.00 88.00 NOTE
r-oldrel-windows-ix86+x86_64 1.0 12.00 67.00 79.00 OK

Check Details

Version: 1.0
Check: dependencies in R code
Result: NOTE
    Package in Depends field not imported from: ‘parallel’
     These packages need to be imported from (in the NAMESPACE file)
     for when this namespace is loaded but not attached.
    See the information on DESCRIPTION files in the chapter ‘Creating R
    packages’ of the ‘Writing R Extensions’ manual.
Flavors: r-devel-linux-x86_64-debian-clang, r-devel-linux-x86_64-debian-gcc, r-devel-linux-x86_64-fedora-clang, r-devel-linux-x86_64-fedora-gcc, r-devel-osx-x86_64-clang, r-devel-windows-ix86+x86_64, r-patched-linux-x86_64, r-patched-solaris-sparc, r-patched-solaris-x86, r-release-linux-ix86, r-release-linux-x86_64, r-release-windows-ix86+x86_64

Version: 1.0
Check: R code for possible problems
Result: NOTE
    rsig: no visible binding for global variable ‘mclapply’
    rsig.all: no visible binding for global variable ‘mclapply’
Flavors: r-devel-linux-x86_64-debian-clang, r-devel-linux-x86_64-debian-gcc, r-devel-linux-x86_64-fedora-clang, r-devel-linux-x86_64-fedora-gcc, r-devel-osx-x86_64-clang, r-devel-windows-ix86+x86_64, r-patched-linux-x86_64, r-patched-solaris-sparc, r-patched-solaris-x86, r-release-linux-ix86, r-release-linux-x86_64, r-release-windows-ix86+x86_64