CRAN Package Check Results for Package rsig

Last updated on 2014-04-24 15:50:47.

Flavor Version Tinstall Tcheck Ttotal Status Flags
r-devel-linux-x86_64-debian-clang 1.0 4.60 46.64 51.24 OK
r-devel-linux-x86_64-debian-gcc 1.0 4.36 46.32 50.68 OK
r-devel-linux-x86_64-fedora-clang 1.0 116.95 OK
r-devel-linux-x86_64-fedora-gcc 1.0 113.73 OK
r-devel-osx-x86_64-clang 1.0 95.85 OK
r-devel-osx-x86_64-gcc 1.0 ERROR
r-devel-windows-ix86+x86_64 1.0 13.00 63.00 76.00 OK
r-patched-linux-x86_64 1.0 4.40 45.46 49.87 OK
r-patched-solaris-sparc 1.0 598.00 OK
r-patched-solaris-x86 1.0 144.90 OK
r-release-linux-ix86 1.0 7.00 77.00 84.00 OK
r-release-linux-x86_64 1.0 4.39 46.35 50.74 OK
r-release-osx-x86_64-mavericks 1.0 ERROR
r-release-osx-x86_64-snowleopard 1.0 OK
r-release-windows-ix86+x86_64 1.0 13.00 68.00 81.00 OK
r-oldrel-windows-ix86+x86_64 1.0 11.00 64.00 75.00 OK

Check Details

Version: 1.0
Check: package dependencies
Result: ERROR
    Package required but not available: ‘survcomp’
    
    See the information on DESCRIPTION files in the chapter ‘Creating R
    packages’ of the ‘Writing R Extensions’ manual.
Flavors: r-devel-osx-x86_64-gcc, r-release-osx-x86_64-mavericks