CRAN Package Check Results for Package rsig

Last updated on 2016-02-14 13:47:21.

Flavor Version Tinstall Tcheck Ttotal Status Flags
r-devel-linux-x86_64-debian-gcc 1.0 3.01 32.72 35.72 NOTE
r-devel-linux-x86_64-fedora-clang 1.0 71.42 NOTE
r-devel-linux-x86_64-fedora-gcc 1.0 68.85 NOTE
r-devel-osx-x86_64-clang 1.0 78.22 NOTE
r-devel-windows-ix86+x86_64 1.0 13.00 79.00 92.00 NOTE
r-patched-linux-x86_64 1.0 3.45 36.05 39.50 NOTE
r-patched-solaris-sparc 1.0 472.40 NOTE
r-patched-solaris-x86 1.0 106.80 NOTE
r-release-linux-x86_64 1.0 3.39 36.21 39.60 NOTE
r-release-osx-x86_64-mavericks 1.0 NOTE
r-release-windows-ix86+x86_64 1.0 12.00 92.00 104.00 NOTE
r-oldrel-windows-ix86+x86_64 1.0 22.00 102.00 124.00 NOTE

Check Details

Version: 1.0
Check: dependencies in R code
Result: NOTE
    Package in Depends field not imported from: ‘parallel’
     These packages need to be imported from (in the NAMESPACE file)
     for when this namespace is loaded but not attached.
Flavors: r-devel-linux-x86_64-debian-gcc, r-devel-linux-x86_64-fedora-clang, r-devel-linux-x86_64-fedora-gcc, r-devel-osx-x86_64-clang, r-devel-windows-ix86+x86_64, r-patched-linux-x86_64, r-patched-solaris-sparc, r-patched-solaris-x86, r-release-linux-x86_64, r-release-osx-x86_64-mavericks, r-release-windows-ix86+x86_64, r-oldrel-windows-ix86+x86_64

Version: 1.0
Check: R code for possible problems
Result: NOTE
    filterSD: no visible binding for global variable ‘sd’
    filterSD: no visible global function definition for ‘quantile’
    fit_lasso: no visible global function definition for ‘coef’
    fit_prlasso: no visible global function definition for ‘coef’
    rsig: no visible binding for global variable ‘mclapply’
    rsig.all: no visible binding for global variable ‘mclapply’
    rsig.all : <anonymous>: no visible global function definition for
     ‘flush.console’
    rsig.all : <anonymous>: no visible global function definition for
     ‘predict’
    Undefined global functions or variables:
     coef flush.console mclapply predict quantile sd
    Consider adding
     importFrom("stats", "coef", "predict", "quantile", "sd")
     importFrom("utils", "flush.console")
    to your NAMESPACE file.
Flavors: r-devel-linux-x86_64-debian-gcc, r-devel-linux-x86_64-fedora-clang, r-devel-linux-x86_64-fedora-gcc, r-devel-osx-x86_64-clang, r-devel-windows-ix86+x86_64

Version: 1.0
Check: R code for possible problems
Result: NOTE
    rsig: no visible binding for global variable ‘mclapply’
    rsig.all: no visible binding for global variable ‘mclapply’
Flavors: r-patched-linux-x86_64, r-patched-solaris-sparc, r-patched-solaris-x86, r-release-linux-x86_64, r-release-osx-x86_64-mavericks, r-release-windows-ix86+x86_64, r-oldrel-windows-ix86+x86_64