CRAN Package Check Results for Package rsig

Last updated on 2015-04-28 21:46:48.

Flavor Version Tinstall Tcheck Ttotal Status Flags
r-devel-linux-x86_64-debian-clang 1.0 4.28 34.41 38.68 NOTE
r-devel-linux-x86_64-debian-gcc 1.0 2.92 33.07 35.99 NOTE
r-devel-linux-x86_64-fedora-clang 1.0 76.63 NOTE
r-devel-linux-x86_64-fedora-gcc 1.0 69.64 NOTE
r-devel-osx-x86_64-clang 1.0 65.53 NOTE
r-devel-windows-ix86+x86_64 1.0 9.00 52.00 61.00 NOTE
r-patched-linux-x86_64 1.0 2.94 33.35 36.28 NOTE
r-patched-solaris-sparc 1.0 446.20 NOTE
r-patched-solaris-x86 1.0 106.80 NOTE
r-release-linux-x86_64 1.0 3.73 33.36 37.10 NOTE
r-release-osx-x86_64-mavericks 1.0 NOTE
r-release-osx-x86_64-snowleopard 1.0 ERROR
r-release-windows-ix86+x86_64 1.0 8.00 57.00 65.00 NOTE
r-oldrel-windows-ix86+x86_64 1.0 11.00 76.00 87.00 NOTE

Check Details

Version: 1.0
Check: dependencies in R code
Result: NOTE
    Package in Depends field not imported from: ‘parallel’
     These packages need to be imported from (in the NAMESPACE file)
     for when this namespace is loaded but not attached.
Flavors: r-devel-linux-x86_64-debian-clang, r-devel-linux-x86_64-debian-gcc, r-devel-linux-x86_64-fedora-clang, r-devel-linux-x86_64-fedora-gcc, r-devel-osx-x86_64-clang, r-devel-windows-ix86+x86_64, r-patched-linux-x86_64, r-patched-solaris-sparc, r-patched-solaris-x86, r-release-linux-x86_64, r-release-osx-x86_64-mavericks, r-release-windows-ix86+x86_64, r-oldrel-windows-ix86+x86_64

Version: 1.0
Check: R code for possible problems
Result: NOTE
    rsig: no visible binding for global variable ‘mclapply’
    rsig.all: no visible binding for global variable ‘mclapply’
Flavors: r-devel-linux-x86_64-debian-clang, r-devel-linux-x86_64-debian-gcc, r-devel-linux-x86_64-fedora-clang, r-devel-linux-x86_64-fedora-gcc, r-devel-osx-x86_64-clang, r-devel-windows-ix86+x86_64, r-patched-linux-x86_64, r-patched-solaris-sparc, r-patched-solaris-x86, r-release-linux-x86_64, r-release-osx-x86_64-mavericks, r-release-windows-ix86+x86_64, r-oldrel-windows-ix86+x86_64

Version: 1.0
Check: package dependencies
Result: ERROR
    Package required but not available: ‘survcomp’
    
    See section ‘The DESCRIPTION file’ in the ‘Writing R Extensions’
    manual.
Flavor: r-release-osx-x86_64-snowleopard