CRAN Package Check Results for Package rsinaica

Last updated on 2022-07-04 01:50:20 CEST.

Flavor Version Tinstall Tcheck Ttotal Status Flags
r-devel-linux-x86_64-debian-clang 0.6.1 6.69 63.70 70.39 OK
r-devel-linux-x86_64-debian-gcc 0.6.1 5.69 46.56 52.25 OK
r-devel-linux-x86_64-fedora-clang 0.6.1 91.34 NOTE
r-devel-linux-x86_64-fedora-gcc 0.6.1 89.78 NOTE
r-devel-windows-x86_64 0.6.1 21.00 90.00 111.00 OK
r-patched-linux-x86_64 0.6.1 5.80 58.08 63.88 OK
r-release-linux-x86_64 0.6.1 7.08 58.14 65.22 OK
r-release-macos-arm64 0.6.1 28.00 NOTE
r-release-macos-x86_64 0.6.1 53.00 NOTE
r-release-windows-x86_64 0.6.1 20.00 95.00 115.00 OK
r-oldrel-macos-arm64 0.6.1 35.00 NOTE
r-oldrel-macos-x86_64 0.6.1 1803.00 NOTE
r-oldrel-windows-ix86+x86_64 0.6.1 16.00 78.00 94.00 OK

Check Details

Version: 0.6.1
Check: data for non-ASCII characters
Result: NOTE
     Note: found 467 marked UTF-8 strings
Flavors: r-devel-linux-x86_64-fedora-clang, r-devel-linux-x86_64-fedora-gcc, r-release-macos-arm64, r-release-macos-x86_64, r-oldrel-macos-arm64, r-oldrel-macos-x86_64