Last updated on 2023-02-06 18:52:18 CET.
Flavor | Version | Tinstall | Tcheck | Ttotal | Status | Flags |
---|---|---|---|---|---|---|
r-devel-linux-x86_64-debian-clang | 2.10.3 | 4.45 | 102.62 | 107.07 | NOTE | |
r-devel-linux-x86_64-debian-gcc | 2.10.3 | 3.93 | 78.80 | 82.73 | NOTE | |
r-devel-linux-x86_64-fedora-clang | 2.10.3 | 144.68 | NOTE | |||
r-devel-linux-x86_64-fedora-gcc | 2.10.3 | 156.86 | NOTE | |||
r-devel-windows-x86_64 | 2.10.3 | 34.00 | 187.00 | 221.00 | OK | |
r-patched-linux-x86_64 | 2.10.3 | 4.45 | 97.69 | 102.14 | NOTE | |
r-release-linux-x86_64 | 2.10.3 | 4.60 | 102.19 | 106.79 | NOTE | |
r-release-macos-arm64 | 2.10.3 | 43.00 | OK | |||
r-release-macos-x86_64 | 2.10.3 | 68.00 | OK | |||
r-release-windows-x86_64 | 2.10.3 | 19.00 | 197.00 | 216.00 | OK | |
r-oldrel-macos-arm64 | 2.10.3 | 53.00 | OK | |||
r-oldrel-macos-x86_64 | 2.10.3 | 69.00 | OK | |||
r-oldrel-windows-ix86+x86_64 | 2.10.3 | 20.00 | 152.00 | 172.00 | OK |
Version: 2.10.3
Check: package dependencies
Result: NOTE
Package suggested but not available for checking: ‘Vdgraph’
Flavors: r-devel-linux-x86_64-debian-clang, r-devel-linux-x86_64-debian-gcc, r-devel-linux-x86_64-fedora-clang, r-devel-linux-x86_64-fedora-gcc, r-patched-linux-x86_64, r-release-linux-x86_64
Version: 2.10.3
Check: Rd cross-references
Result: NOTE
Unknown package ‘Vdgraph’ in Rd xrefs
Flavors: r-devel-linux-x86_64-debian-clang, r-devel-linux-x86_64-debian-gcc, r-devel-linux-x86_64-fedora-clang, r-devel-linux-x86_64-fedora-gcc, r-patched-linux-x86_64, r-release-linux-x86_64