CRAN Package Check Results for Package rsm

Last updated on 2015-04-28 05:48:00.

Flavor Version Tinstall Tcheck Ttotal Status Flags
r-devel-linux-x86_64-debian-clang 2.07 1.11 25.17 26.28 OK
r-devel-linux-x86_64-debian-gcc 2.07 1.09 24.67 25.76 OK
r-devel-linux-x86_64-fedora-clang 2.07 51.26 OK
r-devel-linux-x86_64-fedora-gcc 2.07 48.39 OK
r-devel-osx-x86_64-clang 2.07 59.26 OK
r-devel-windows-ix86+x86_64 2.07 4.00 43.00 47.00 OK
r-patched-linux-x86_64 2.07 0.83 25.03 25.86 OK
r-patched-solaris-sparc 2.07 307.10 OK
r-patched-solaris-x86 2.07 59.70 OK
r-release-linux-x86_64 2.07 0.82 24.38 25.20 OK
r-release-osx-x86_64-mavericks 2.07 OK
r-release-osx-x86_64-snowleopard 2.07 NOTE
r-release-windows-ix86+x86_64 2.07 4.00 54.00 58.00 OK
r-oldrel-windows-ix86+x86_64 2.07 2.00 38.00 40.00 OK

Check Details

Version: 2.07
Check: package dependencies
Result: NOTE
    Package suggested but not available for checking: ‘FrF2’
Flavor: r-release-osx-x86_64-snowleopard