CRAN Package Check Results for Package rsnps

Last updated on 2015-07-29 21:47:04.

Flavor Version Tinstall Tcheck Ttotal Status Flags
r-devel-linux-x86_64-debian-clang 0.1.6 1.46 20.58 22.04 NOTE
r-devel-linux-x86_64-debian-gcc 0.1.6 1.75 20.00 21.75 NOTE
r-devel-linux-x86_64-fedora-clang 0.1.6 42.60 NOTE
r-devel-linux-x86_64-fedora-gcc 0.1.6 39.63 NOTE
r-devel-osx-x86_64-clang 0.1.6 35.73 OK
r-devel-windows-ix86+x86_64 0.1.6 7.00 36.00 43.00 NOTE
r-patched-linux-x86_64 0.1.6 1.63 20.74 22.37 OK
r-patched-solaris-sparc 0.1.6 278.30 OK
r-patched-solaris-x86 0.1.6 62.60 OK
r-release-linux-x86_64 0.1.6 1.42 20.04 21.46 OK
r-release-osx-x86_64-mavericks 0.1.6 OK
r-release-windows-ix86+x86_64 0.1.6 7.00 33.00 40.00 OK
r-oldrel-windows-ix86+x86_64 0.1.6 12.00 52.00 64.00 OK

Check Details

Version: 0.1.6
Check: R code for possible problems
Result: NOTE
    fetch_genotypes: no visible global function definition for
     ‘download.file’
    fetch_genotypes: no visible global function definition for ‘read.table’
    read_users: no visible global function definition for ‘read.table’
    Undefined global functions or variables:
     download.file read.table
    Consider adding
     importFrom("utils", "download.file", "read.table")
    to your NAMESPACE.
Flavors: r-devel-linux-x86_64-debian-clang, r-devel-linux-x86_64-debian-gcc, r-devel-linux-x86_64-fedora-clang, r-devel-linux-x86_64-fedora-gcc, r-devel-windows-ix86+x86_64