CRAN Package Check Results for Package rsnps

Last updated on 2016-05-06 20:47:15.

Flavor Version Tinstall Tcheck Ttotal Status Flags
r-devel-linux-x86_64-debian-gcc 0.1.6 1.34 19.49 20.84 NOTE
r-devel-linux-x86_64-fedora-clang 0.1.6 39.79 NOTE
r-devel-linux-x86_64-fedora-gcc 0.1.6 36.36 NOTE
r-devel-osx-x86_64-clang 0.1.6 43.18 NOTE
r-devel-windows-ix86+x86_64 0.1.6 4.00 38.00 42.00 NOTE
r-patched-linux-x86_64 0.1.6 1.51 19.50 21.01 NOTE
r-patched-solaris-sparc 0.1.6 245.60 NOTE
r-patched-solaris-x86 0.1.6 56.40 NOTE
r-release-linux-x86_64 0.1.6 1.31 19.35 20.66 NOTE
r-release-osx-x86_64-mavericks 0.1.6 NOTE
r-release-windows-ix86+x86_64 0.1.6 10.00 58.00 68.00 NOTE
r-oldrel-windows-ix86+x86_64 0.1.6 10.00 38.00 48.00 OK

Check Details

Version: 0.1.6
Check: R code for possible problems
Result: NOTE
    fetch_genotypes: no visible global function definition for
     ‘download.file’
    fetch_genotypes: no visible global function definition for ‘read.table’
    read_users: no visible global function definition for ‘read.table’
    Undefined global functions or variables:
     download.file read.table
    Consider adding
     importFrom("utils", "download.file", "read.table")
    to your NAMESPACE file.
Flavors: r-devel-linux-x86_64-debian-gcc, r-devel-linux-x86_64-fedora-clang, r-devel-linux-x86_64-fedora-gcc, r-devel-osx-x86_64-clang, r-devel-windows-ix86+x86_64, r-patched-linux-x86_64, r-patched-solaris-sparc, r-patched-solaris-x86, r-release-linux-x86_64, r-release-osx-x86_64-mavericks, r-release-windows-ix86+x86_64