CRAN Package Check Results for Package rsnps

Last updated on 2016-02-11 06:50:56.

Flavor Version Tinstall Tcheck Ttotal Status Flags
r-devel-linux-x86_64-debian-gcc 0.1.6 1.39 18.67 20.07 NOTE
r-devel-linux-x86_64-fedora-clang 0.1.6 39.20 NOTE
r-devel-linux-x86_64-fedora-gcc 0.1.6 36.59 NOTE
r-devel-osx-x86_64-clang 0.1.6 42.79 NOTE
r-devel-windows-ix86+x86_64 0.1.6 8.00 35.00 43.00 NOTE
r-patched-linux-x86_64 0.1.6 1.52 20.70 22.22 OK
r-patched-solaris-sparc 0.1.6 257.90 OK
r-patched-solaris-x86 0.1.6 57.40 OK
r-release-linux-x86_64 0.1.6 1.72 20.56 22.28 OK
r-release-osx-x86_64-mavericks 0.1.6 OK
r-release-windows-ix86+x86_64 0.1.6 8.00 38.00 46.00 OK
r-oldrel-windows-ix86+x86_64 0.1.6 12.00 60.00 72.00 OK

Check Details

Version: 0.1.6
Check: R code for possible problems
Result: NOTE
    fetch_genotypes: no visible global function definition for
     ‘download.file’
    fetch_genotypes: no visible global function definition for ‘read.table’
    read_users: no visible global function definition for ‘read.table’
    Undefined global functions or variables:
     download.file read.table
    Consider adding
     importFrom("utils", "download.file", "read.table")
    to your NAMESPACE file.
Flavors: r-devel-linux-x86_64-debian-gcc, r-devel-linux-x86_64-fedora-clang, r-devel-linux-x86_64-fedora-gcc, r-devel-osx-x86_64-clang, r-devel-windows-ix86+x86_64