CRAN Package Check Results for Package rsnps

Last updated on 2015-04-28 08:50:33.

Flavor Version Tinstall Tcheck Ttotal Status Flags
r-devel-linux-x86_64-debian-clang 0.1.6 1.52 19.90 21.42 OK
r-devel-linux-x86_64-debian-gcc 0.1.6 1.35 19.64 20.98 OK
r-devel-linux-x86_64-fedora-clang 0.1.6 43.35 OK
r-devel-linux-x86_64-fedora-gcc 0.1.6 39.10 OK
r-devel-osx-x86_64-clang 0.1.6 41.27 OK
r-devel-windows-ix86+x86_64 0.1.6 6.00 31.00 37.00 OK
r-patched-linux-x86_64 0.1.6 1.38 19.56 20.94 OK
r-patched-solaris-sparc 0.1.6 269.60 OK
r-patched-solaris-x86 0.1.6 58.50 OK
r-release-linux-x86_64 0.1.6 1.38 19.44 20.82 OK
r-release-osx-x86_64-mavericks 0.1.6 OK
r-release-osx-x86_64-snowleopard 0.1.6 ERROR
r-release-windows-ix86+x86_64 0.1.6 5.00 33.00 38.00 OK
r-oldrel-windows-ix86+x86_64 0.1.6 7.00 40.00 47.00 OK

Check Details

Version: 0.1.6
Check: package dependencies
Result: ERROR
    Package required but not available: ‘XML’
    
    Package suggested but not available for checking: ‘knitr’
    
    VignetteBuilder package required for checking but not installed: ‘knitr’
    
    See section ‘The DESCRIPTION file’ in the ‘Writing R Extensions’
    manual.
Flavor: r-release-osx-x86_64-snowleopard