CRAN Package Check Results for Package rsnps

Last updated on 2015-09-02 16:49:41.

Flavor Version Tinstall Tcheck Ttotal Status Flags
r-devel-linux-x86_64-debian-clang 0.1.6 1.32 20.13 21.44 NOTE
r-devel-linux-x86_64-debian-gcc 0.1.6 1.37 19.04 20.42 NOTE
r-devel-linux-x86_64-fedora-clang 0.1.6 41.47 NOTE
r-devel-linux-x86_64-fedora-gcc 0.1.6 39.42 NOTE
r-devel-osx-x86_64-clang 0.1.6 35.12 OK
r-devel-windows-ix86+x86_64 0.1.6 8.00 66.00 74.00 NOTE
r-patched-linux-x86_64 0.1.6 1.49 20.31 21.80 OK
r-patched-solaris-sparc 0.1.6 278.30 OK
r-patched-solaris-x86 0.1.6 64.60 OK
r-release-linux-x86_64 0.1.6 1.45 21.17 22.62 OK
r-release-osx-x86_64-mavericks 0.1.6 OK
r-release-windows-ix86+x86_64 0.1.6 7.00 59.00 66.00 OK
r-oldrel-windows-ix86+x86_64 0.1.6 12.00 58.00 70.00 OK

Check Details

Version: 0.1.6
Check: R code for possible problems
Result: NOTE
    fetch_genotypes: no visible global function definition for
     ‘download.file’
    fetch_genotypes: no visible global function definition for ‘read.table’
    read_users: no visible global function definition for ‘read.table’
    Undefined global functions or variables:
     download.file read.table
    Consider adding
     importFrom("utils", "download.file", "read.table")
    to your NAMESPACE.
Flavors: r-devel-linux-x86_64-debian-clang, r-devel-linux-x86_64-debian-gcc, r-devel-linux-x86_64-fedora-clang, r-devel-linux-x86_64-fedora-gcc, r-devel-windows-ix86+x86_64