CRAN Package Check Results for Package rsnps

Last updated on 2016-08-31 15:48:13.

Flavor Version Tinstall Tcheck Ttotal Status Flags
r-devel-linux-x86_64-debian-clang 0.1.6 1.37 20.26 21.63 NOTE
r-devel-linux-x86_64-debian-gcc 0.1.6 1.41 20.19 21.60 NOTE
r-devel-linux-x86_64-fedora-clang 0.1.6 40.63 NOTE
r-devel-linux-x86_64-fedora-gcc 0.1.6 36.45 NOTE
r-devel-osx-x86_64-clang 0.1.6 33.60 NOTE
r-devel-windows-ix86+x86_64 0.1.6 7.00 57.00 64.00 NOTE
r-patched-linux-x86_64 0.1.6 1.41 19.64 21.04 NOTE
r-patched-solaris-sparc 0.1.6 246.20 NOTE
r-patched-solaris-x86 0.1.6 57.10 NOTE
r-release-linux-x86_64 0.1.6 1.44 20.03 21.47 NOTE
r-release-osx-x86_64-mavericks 0.1.6 NOTE
r-release-windows-ix86+x86_64 0.1.6 9.00 58.00 67.00 NOTE
r-oldrel-windows-ix86+x86_64 0.1.6 9.00 58.00 67.00 OK

Check Details

Version: 0.1.6
Check: R code for possible problems
Result: NOTE
    fetch_genotypes: no visible global function definition for
     ‘download.file’
    fetch_genotypes: no visible global function definition for ‘read.table’
    read_users: no visible global function definition for ‘read.table’
    Undefined global functions or variables:
     download.file read.table
    Consider adding
     importFrom("utils", "download.file", "read.table")
    to your NAMESPACE file.
Flavors: r-devel-linux-x86_64-debian-clang, r-devel-linux-x86_64-debian-gcc, r-devel-linux-x86_64-fedora-clang, r-devel-linux-x86_64-fedora-gcc, r-devel-osx-x86_64-clang, r-devel-windows-ix86+x86_64, r-patched-linux-x86_64, r-patched-solaris-sparc, r-patched-solaris-x86, r-release-linux-x86_64, r-release-osx-x86_64-mavericks, r-release-windows-ix86+x86_64