CRAN Package Check Results for Package rsnps

Last updated on 2015-05-29 13:49:20.

Flavor Version Tinstall Tcheck Ttotal Status Flags
r-devel-linux-x86_64-debian-clang 0.1.6 1.95 20.98 22.93 OK
r-devel-linux-x86_64-debian-gcc 0.1.6 1.45 19.97 21.42 OK
r-devel-linux-x86_64-fedora-clang 0.1.6 45.74 OK
r-devel-linux-x86_64-fedora-gcc 0.1.6 39.29 OK
r-devel-osx-x86_64-clang 0.1.6 41.34 OK
r-devel-windows-ix86+x86_64 0.1.6 5.00 33.00 38.00 OK
r-patched-linux-x86_64 0.1.6 1.74 20.16 21.90 OK
r-patched-solaris-sparc 0.1.6 273.70 OK
r-patched-solaris-x86 0.1.6 62.10 OK
r-release-linux-x86_64 0.1.6 1.92 20.13 22.05 OK
r-release-osx-x86_64-mavericks 0.1.6 OK
r-release-osx-x86_64-snowleopard 0.1.6 ERROR
r-release-windows-ix86+x86_64 0.1.6 5.00 34.00 39.00 OK
r-oldrel-windows-ix86+x86_64 0.1.6 8.00 48.00 56.00 OK

Check Details

Version: 0.1.6
Check: package dependencies
Result: ERROR
    Package required but not available: ‘XML’
    
    Package suggested but not available for checking: ‘knitr’
    
    VignetteBuilder package required for checking but not installed: ‘knitr’
    
    See section ‘The DESCRIPTION file’ in the ‘Writing R Extensions’
    manual.
Flavor: r-release-osx-x86_64-snowleopard