CRAN Package Check Results for Package rsnps

Last updated on 2016-07-29 22:49:26.

Flavor Version Tinstall Tcheck Ttotal Status Flags
r-devel-linux-x86_64-debian-clang 0.1.6 1.41 20.42 21.83 NOTE
r-devel-linux-x86_64-debian-gcc 0.1.6 1.37 19.69 21.06 NOTE
r-devel-linux-x86_64-fedora-clang 0.1.6 42.16 NOTE
r-devel-linux-x86_64-fedora-gcc 0.1.6 34.97 NOTE
r-devel-osx-x86_64-clang 0.1.6 33.35 NOTE
r-devel-windows-ix86+x86_64 0.1.6 5.00 41.00 46.00 NOTE
r-patched-linux-x86_64 0.1.6 1.71 23.68 25.40 NOTE
r-patched-solaris-sparc 0.1.6 246.20 NOTE
r-patched-solaris-x86 0.1.6 55.10 NOTE
r-release-linux-x86_64 0.1.6 1.85 23.89 25.74 NOTE
r-release-osx-x86_64-mavericks 0.1.6 NOTE
r-release-windows-ix86+x86_64 0.1.6 8.00 57.00 65.00 NOTE
r-oldrel-windows-ix86+x86_64 0.1.6 6.00 55.00 61.00 OK

Check Details

Version: 0.1.6
Check: R code for possible problems
Result: NOTE
    fetch_genotypes: no visible global function definition for
     ‘download.file’
    fetch_genotypes: no visible global function definition for ‘read.table’
    read_users: no visible global function definition for ‘read.table’
    Undefined global functions or variables:
     download.file read.table
    Consider adding
     importFrom("utils", "download.file", "read.table")
    to your NAMESPACE file.
Flavors: r-devel-linux-x86_64-debian-clang, r-devel-linux-x86_64-debian-gcc, r-devel-linux-x86_64-fedora-clang, r-devel-linux-x86_64-fedora-gcc, r-devel-osx-x86_64-clang, r-devel-windows-ix86+x86_64, r-patched-linux-x86_64, r-patched-solaris-sparc, r-patched-solaris-x86, r-release-linux-x86_64, r-release-osx-x86_64-mavericks, r-release-windows-ix86+x86_64