CRAN Package Check Results for Package rsnps

Last updated on 2014-04-16 15:49:35.

Flavor Version Tinstall Tcheck Ttotal Status Flags
r-devel-linux-x86_64-debian-clang 0.1.0 2.08 25.25 27.34 OK
r-devel-linux-x86_64-debian-gcc 0.1.0 2.07 25.56 27.63 OK
r-devel-linux-x86_64-fedora-clang 0.1.0 53.57 OK
r-devel-linux-x86_64-fedora-gcc 0.1.0 51.01 OK
r-devel-macosx-x86_64-clang 0.1.0 50.90 OK
r-devel-macosx-x86_64-gcc 0.1.0 ERROR
r-devel-windows-ix86+x86_64 0.1.0 6.00 35.00 41.00 OK
r-patched-linux-x86_64 0.1.0 2.06 25.53 27.59 OK
r-patched-solaris-sparc 0.1.0 299.80 OK
r-patched-solaris-x86 0.1.0 69.20 OK
r-release-linux-ix86 0.1.0 5.00 44.00 49.00 OK
r-release-linux-x86_64 0.1.0 2.07 24.71 26.78 OK
r-release-macosx-x86_64 0.1.0 OK
r-release-windows-ix86+x86_64 0.1.0 7.00 35.00 42.00 OK
r-oldrel-windows-ix86+x86_64 0.1.0 6.00 37.00 43.00 OK

Check Details

Version: 0.1.0
Check: package dependencies
Result: ERROR
    Package required but not available: ‘XML’
    
    See the information on DESCRIPTION files in the chapter ‘Creating R
    packages’ of the ‘Writing R Extensions’ manual.
Flavor: r-devel-macosx-x86_64-gcc