CRAN Package Check Results for Package rsnps

Last updated on 2016-09-28 08:57:55.

Flavor Version Tinstall Tcheck Ttotal Status Flags
r-devel-linux-x86_64-debian-clang 0.1.6 1.38 19.91 21.29 NOTE
r-devel-linux-x86_64-debian-gcc 0.1.6 1.43 19.39 20.82 NOTE
r-devel-linux-x86_64-fedora-clang 0.1.6 38.79 NOTE
r-devel-linux-x86_64-fedora-gcc 0.1.6 35.28 NOTE
r-devel-macos-x86_64-clang 0.1.6 31.41 NOTE
r-devel-windows-ix86+x86_64 0.1.6 5.00 53.00 58.00 NOTE
r-patched-linux-x86_64 0.1.6 1.41 19.95 21.36 NOTE
r-patched-solaris-sparc 0.1.6 246.20 NOTE
r-patched-solaris-x86 0.1.6 55.10 NOTE
r-release-linux-x86_64 0.1.6 1.47 20.15 21.62 NOTE
r-release-osx-x86_64-mavericks 0.1.6 NOTE
r-release-windows-ix86+x86_64 0.1.6 9.00 40.00 49.00 NOTE
r-oldrel-windows-ix86+x86_64 0.1.6 8.00 65.00 73.00 OK

Check Details

Version: 0.1.6
Check: R code for possible problems
Result: NOTE
    fetch_genotypes: no visible global function definition for
     ‘download.file’
    fetch_genotypes: no visible global function definition for ‘read.table’
    read_users: no visible global function definition for ‘read.table’
    Undefined global functions or variables:
     download.file read.table
    Consider adding
     importFrom("utils", "download.file", "read.table")
    to your NAMESPACE file.
Flavors: r-devel-linux-x86_64-debian-clang, r-devel-linux-x86_64-debian-gcc, r-devel-linux-x86_64-fedora-clang, r-devel-linux-x86_64-fedora-gcc, r-devel-macos-x86_64-clang, r-devel-windows-ix86+x86_64, r-patched-linux-x86_64, r-patched-solaris-sparc, r-patched-solaris-x86, r-release-linux-x86_64, r-release-osx-x86_64-mavericks, r-release-windows-ix86+x86_64