CRAN Package Check Results for Package rsnps

Last updated on 2015-02-26 23:47:55.

Flavor Version Tinstall Tcheck Ttotal Status Flags
r-devel-linux-x86_64-debian-clang 0.1.0 1.55 19.26 20.81 NOTE
r-devel-linux-x86_64-debian-gcc 0.1.0 1.40 18.79 20.19 NOTE
r-devel-linux-x86_64-fedora-clang 0.1.0 42.09 NOTE
r-devel-linux-x86_64-fedora-gcc 0.1.0 37.01 NOTE
r-devel-osx-x86_64-clang 0.1.0 39.94 NOTE
r-devel-windows-ix86+x86_64 0.1.0 8.00 31.00 39.00 NOTE
r-patched-linux-x86_64 0.1.0 2.00 24.77 26.76 OK
r-patched-solaris-sparc 0.1.0 301.60 OK
r-patched-solaris-x86 0.1.0 71.60 OK
r-release-linux-ix86 0.1.0 2.47 31.28 33.75 OK
r-release-linux-x86_64 0.1.0 1.98 0.28 2.26 OK
r-release-osx-x86_64-mavericks 0.1.0 OK
r-release-osx-x86_64-snowleopard 0.1.0 OK
r-release-windows-ix86+x86_64 0.1.0 9.00 45.00 54.00 OK
r-oldrel-windows-ix86+x86_64 0.1.0 8.00 65.00 73.00 OK

Check Details

Version: 0.1.0
Check: DESCRIPTION meta-information
Result: NOTE
    Malformed Title field: should not end in a period.
Flavors: r-devel-linux-x86_64-debian-clang, r-devel-linux-x86_64-debian-gcc, r-devel-linux-x86_64-fedora-clang, r-devel-linux-x86_64-fedora-gcc, r-devel-osx-x86_64-clang, r-devel-windows-ix86+x86_64