CRAN Package Check Results for Package rsolr

Last updated on 2020-09-23 15:28:14 CEST.

Flavor Version Tinstall Tcheck Ttotal Status Flags
r-devel-linux-x86_64-debian-clang 0.0.9 37.87 154.18 192.05 ERROR --no-vignettes
r-devel-linux-x86_64-debian-gcc 0.0.9 30.17 121.48 151.65 ERROR --no-vignettes
r-devel-linux-x86_64-fedora-clang 0.0.9 219.33 ERROR --no-vignettes
r-devel-linux-x86_64-fedora-gcc 0.0.9 228.00 ERROR --no-vignettes
r-devel-windows-ix86+x86_64 0.0.9 56.00 0.00 56.00 FAIL
r-patched-linux-x86_64 0.0.9 35.79 148.01 183.80 OK --no-vignettes
r-release-linux-x86_64 0.0.9 33.93 150.95 184.88 OK --no-vignettes
r-release-macos-x86_64 0.0.9 ERROR
r-release-windows-ix86+x86_64 0.0.9 53.00 0.00 53.00 FAIL
r-oldrel-macos-x86_64 0.0.9 OK
r-oldrel-windows-ix86+x86_64 0.0.9 40.00 0.00 40.00 FAIL

Check Details

Version: 0.0.9
Flags: --no-vignettes
Check: tests
Result: ERROR
     Running 'rsolr_unit_tests.R' [30s/84s]
    Running the tests in 'tests/rsolr_unit_tests.R' failed.
    Complete output:
     > rsolr:::.test()
     Starting Solr...
     Use options(verbose=TRUE) to diagnose any problems.
     WARNING: An illegal reflective access operation has occurred
     WARNING: Illegal reflective access by org.xnio.nio.NioXnio$2 (file:/home/hornik/.local/share/R/rsolr/solr-undertow-1.6.0-with-solr-5.5.0/lib/xnio-nio-3.3.4.Final.jar) to constructor sun.nio.ch.EPollSelectorProvider()
     WARNING: Please consider reporting this to the maintainers of org.xnio.nio.NioXnio$2
     WARNING: Use --illegal-access=warn to enable warnings of further illegal reflective access operations
     WARNING: All illegal access operations will be denied in a future release
     Solr started at: http://localhost:8983/solr/techproducts
    
     Attaching package: 'BiocGenerics'
    
     The following objects are masked from 'package:parallel':
    
     clusterApply, clusterApplyLB, clusterCall, clusterEvalQ,
     clusterExport, clusterMap, parApply, parCapply, parLapply,
     parLapplyLB, parRapply, parSapply, parSapplyLB
    
     The following objects are masked from 'package:stats':
    
     IQR, mad, sd, var, xtabs
    
     The following objects are masked from 'package:base':
    
     Filter, Find, Map, Position, Reduce, anyDuplicated, append,
     as.data.frame, basename, cbind, colnames, dirname, do.call,
     duplicated, eval, evalq, get, grep, grepl, intersect, is.unsorted,
     lapply, mapply, match, mget, order, paste, pmax, pmax.int, pmin,
     pmin.int, rank, rbind, rownames, sapply, setdiff, sort, table,
     tapply, union, unique, unsplit, which, which.max, which.min
    
    
     Attaching package: 'rsolr'
    
     The following object is masked from 'package:stats':
    
     ftable
    
     The following object is masked from 'package:base':
    
     grouping
    
     Timing stopped at: 1.766 0.023 4.141
     Error in checkEquals(s[["timestamp_dt"]], as.POSIXct(rep(NA, 5))) :
     'tzone' attributes are inconsistent ('UTC' and '')
    
     Error in x$.self$finalize() : attempt to apply non-function
     Error in x$.self$finalize() : attempt to apply non-function
     Error in x$.self$finalize() : attempt to apply non-function
     Error in x$.self$finalize() : attempt to apply non-function
     Error in x$.self$finalize() : attempt to apply non-function
     Error in x$.self$finalize() : attempt to apply non-function
     Error in x$.self$finalize() : attempt to apply non-function
     Error in x$.self$finalize() : attempt to apply non-function
     Starting Solr...
     Use options(verbose=TRUE) to diagnose any problems.
     WARNING: An illegal reflective access operation has occurred
     WARNING: Illegal reflective access by org.xnio.nio.NioXnio$2 (file:/home/hornik/.local/share/R/rsolr/solr-undertow-1.6.0-with-solr-5.5.0/lib/xnio-nio-3.3.4.Final.jar) to constructor sun.nio.ch.EPollSelectorProvider()
     WARNING: Please consider reporting this to the maintainers of org.xnio.nio.NioXnio$2
     WARNING: Use --illegal-access=warn to enable warnings of further illegal reflective access operations
     WARNING: All illegal access operations will be denied in a future release
     Solr started at: http://localhost:8983/solr/Cars93
     Starting Solr...
     Use options(verbose=TRUE) to diagnose any problems.
     WARNING: An illegal reflective access operation has occurred
     WARNING: Illegal reflective access by org.xnio.nio.NioXnio$2 (file:/home/hornik/.local/share/R/rsolr/solr-undertow-1.6.0-with-solr-5.5.0/lib/xnio-nio-3.3.4.Final.jar) to constructor sun.nio.ch.EPollSelectorProvider()
     WARNING: Please consider reporting this to the maintainers of org.xnio.nio.NioXnio$2
     WARNING: Use --illegal-access=warn to enable warnings of further illegal reflective access operations
     WARNING: All illegal access operations will be denied in a future release
     Solr started at: http://localhost:8983/solr/Cars93
    
    
     RUNIT TEST PROTOCOL -- Wed Sep 23 03:59:16 2020
     ***********************************************
     Number of test functions: 7
     Number of errors: 0
     Number of failures: 1
    
    
     1 Test Suite :
     rsolr RUnit Tests - 7 test functions, 0 errors, 1 failure
     FAILURE in test_SolrFrame_accessors: Error in checkEquals(s[["timestamp_dt"]], as.POSIXct(rep(NA, 5))) :
     'tzone' attributes are inconsistent ('UTC' and '')
    
    
     Test files with failing tests
    
     test_SolrFrame.R
     test_SolrFrame_accessors
    
    
     Error in get("testPackage", getNamespace("BiocGenerics"))("rsolr") :
     unit tests failed for package rsolr
     Calls: <Anonymous> -> <Anonymous>
     Execution halted
Flavor: r-devel-linux-x86_64-debian-clang

Version: 0.0.9
Flags: --no-vignettes
Check: tests
Result: ERROR
     Running ‘rsolr_unit_tests.R’ [23s/89s]
    Running the tests in ‘tests/rsolr_unit_tests.R’ failed.
    Complete output:
     > rsolr:::.test()
     Starting Solr...
     Use options(verbose=TRUE) to diagnose any problems.
     WARNING: An illegal reflective access operation has occurred
     WARNING: Illegal reflective access by org.xnio.nio.NioXnio$2 (file:/home/hornik/.local/share/R/rsolr/solr-undertow-1.6.0-with-solr-5.5.0/lib/xnio-nio-3.3.4.Final.jar) to constructor sun.nio.ch.EPollSelectorProvider()
     WARNING: Please consider reporting this to the maintainers of org.xnio.nio.NioXnio$2
     WARNING: Use --illegal-access=warn to enable warnings of further illegal reflective access operations
     WARNING: All illegal access operations will be denied in a future release
     Solr started at: http://localhost:8983/solr/techproducts
    
     Attaching package: 'BiocGenerics'
    
     The following objects are masked from 'package:parallel':
    
     clusterApply, clusterApplyLB, clusterCall, clusterEvalQ,
     clusterExport, clusterMap, parApply, parCapply, parLapply,
     parLapplyLB, parRapply, parSapply, parSapplyLB
    
     The following objects are masked from 'package:stats':
    
     IQR, mad, sd, var, xtabs
    
     The following objects are masked from 'package:base':
    
     Filter, Find, Map, Position, Reduce, anyDuplicated, append,
     as.data.frame, basename, cbind, colnames, dirname, do.call,
     duplicated, eval, evalq, get, grep, grepl, intersect, is.unsorted,
     lapply, mapply, match, mget, order, paste, pmax, pmax.int, pmin,
     pmin.int, rank, rbind, rownames, sapply, setdiff, sort, table,
     tapply, union, unique, unsplit, which, which.max, which.min
    
    
     Attaching package: 'rsolr'
    
     The following object is masked from 'package:stats':
    
     ftable
    
     The following object is masked from 'package:base':
    
     grouping
    
     Timing stopped at: 1.294 0.012 4.798
     Error in checkEquals(s[["timestamp_dt"]], as.POSIXct(rep(NA, 5))) :
     'tzone' attributes are inconsistent ('UTC' and '')
    
     Starting Solr...
     Use options(verbose=TRUE) to diagnose any problems.
     WARNING: An illegal reflective access operation has occurred
     WARNING: Illegal reflective access by org.xnio.nio.NioXnio$2 (file:/home/hornik/.local/share/R/rsolr/solr-undertow-1.6.0-with-solr-5.5.0/lib/xnio-nio-3.3.4.Final.jar) to constructor sun.nio.ch.EPollSelectorProvider()
     WARNING: Please consider reporting this to the maintainers of org.xnio.nio.NioXnio$2
     WARNING: Use --illegal-access=warn to enable warnings of further illegal reflective access operations
     WARNING: All illegal access operations will be denied in a future release
     Solr started at: http://localhost:8983/solr/Cars93
     Starting Solr...
     Use options(verbose=TRUE) to diagnose any problems.
     WARNING: An illegal reflective access operation has occurred
     WARNING: Illegal reflective access by org.xnio.nio.NioXnio$2 (file:/home/hornik/.local/share/R/rsolr/solr-undertow-1.6.0-with-solr-5.5.0/lib/xnio-nio-3.3.4.Final.jar) to constructor sun.nio.ch.EPollSelectorProvider()
     WARNING: Please consider reporting this to the maintainers of org.xnio.nio.NioXnio$2
     WARNING: Use --illegal-access=warn to enable warnings of further illegal reflective access operations
     WARNING: All illegal access operations will be denied in a future release
     Solr started at: http://localhost:8983/solr/Cars93
    
    
     RUNIT TEST PROTOCOL -- Wed Sep 23 12:33:36 2020
     ***********************************************
     Number of test functions: 7
     Number of errors: 0
     Number of failures: 1
    
    
     1 Test Suite :
     rsolr RUnit Tests - 7 test functions, 0 errors, 1 failure
     FAILURE in test_SolrFrame_accessors: Error in checkEquals(s[["timestamp_dt"]], as.POSIXct(rep(NA, 5))) :
     'tzone' attributes are inconsistent ('UTC' and '')
    
    
     Test files with failing tests
    
     test_SolrFrame.R
     test_SolrFrame_accessors
    
    
     Error in get("testPackage", getNamespace("BiocGenerics"))("rsolr") :
     unit tests failed for package rsolr
     Calls: <Anonymous> -> <Anonymous>
     Execution halted
Flavor: r-devel-linux-x86_64-debian-gcc

Version: 0.0.9
Flags: --no-vignettes
Check: tests
Result: ERROR
     Running ‘rsolr_unit_tests.R’ [9s/42s]
    Running the tests in ‘tests/rsolr_unit_tests.R’ failed.
    Complete output:
     > rsolr:::.test()
    
     Attaching package: 'BiocGenerics'
    
     The following objects are masked from 'package:parallel':
    
     clusterApply, clusterApplyLB, clusterCall, clusterEvalQ,
     clusterExport, clusterMap, parApply, parCapply, parLapply,
     parLapplyLB, parRapply, parSapply, parSapplyLB
    
     The following objects are masked from 'package:stats':
    
     IQR, mad, sd, var, xtabs
    
     The following objects are masked from 'package:base':
    
     Filter, Find, Map, Position, Reduce, anyDuplicated, append,
     as.data.frame, basename, cbind, colnames, dirname, do.call,
     duplicated, eval, evalq, get, grep, grepl, intersect, is.unsorted,
     lapply, mapply, match, mget, order, paste, pmax, pmax.int, pmin,
     pmin.int, rank, rbind, rownames, sapply, setdiff, sort, table,
     tapply, union, unique, unsplit, which, which.max, which.min
    
    
     Attaching package: 'rsolr'
    
     The following object is masked from 'package:stats':
    
     ftable
    
     The following object is masked from 'package:base':
    
     grouping
    
     Timing stopped at: 0.2 0.005 3.985
     Error in value[[3L]](cond) : Failed to retrieve schema.
     rsolr requires schema via REST or as XML from admin module.
     Error from REST: Error in (function (cond) : error in evaluating the argument 'X' in selecting a method for function 'lapply': Not Found
    
    
     Timing stopped at: 0.042 0 0.366
     Error in value[[3L]](cond) : Failed to retrieve schema.
     rsolr requires schema via REST or as XML from admin module.
     Error from REST: Error in (function (cond) : error in evaluating the argument 'X' in selecting a method for function 'lapply': Not Found
    
    
     Timing stopped at: 0.041 0 0.269
     Error in value[[3L]](cond) : Failed to retrieve schema.
     rsolr requires schema via REST or as XML from admin module.
     Error from REST: Error in (function (cond) : error in evaluating the argument 'X' in selecting a method for function 'lapply': Not Found
    
    
     Timing stopped at: 0.041 0.001 0.338
     Error in value[[3L]](cond) : Failed to retrieve schema.
     rsolr requires schema via REST or as XML from admin module.
     Error from REST: Error in (function (cond) : error in evaluating the argument 'X' in selecting a method for function 'lapply': Not Found
    
    
     Timing stopped at: 0.04 0.001 0.449
     Error in value[[3L]](cond) : Failed to retrieve schema.
     rsolr requires schema via REST or as XML from admin module.
     Error from REST: Error in (function (cond) : error in evaluating the argument 'X' in selecting a method for function 'lapply': Not Found
    
    
     Starting Solr...
     Use options(verbose=TRUE) to diagnose any problems.
     Solr started at: http://localhost:8983/solr/Cars93
     Starting Solr...
     Use options(verbose=TRUE) to diagnose any problems.
     Solr started at: http://localhost:8983/solr/Cars93
    
    
     RUNIT TEST PROTOCOL -- Sat Sep 19 23:23:41 2020
     ***********************************************
     Number of test functions: 7
     Number of errors: 5
     Number of failures: 0
    
    
     1 Test Suite :
     rsolr RUnit Tests - 7 test functions, 5 errors, 0 failures
     ERROR in test_SolrCore_accessors: Error in value[[3L]](cond) : Failed to retrieve schema.
     rsolr requires schema via REST or as XML from admin module.
     Error from REST: Error in (function (cond) : error in evaluating the argument 'X' in selecting a method for function 'lapply': Not Found
    
    
     ERROR in test_SolrFrame_accessors: Error in value[[3L]](cond) : Failed to retrieve schema.
     rsolr requires schema via REST or as XML from admin module.
     Error from REST: Error in (function (cond) : error in evaluating the argument 'X' in selecting a method for function 'lapply': Not Found
    
    
     ERROR in test_SolrList_accessors: Error in value[[3L]](cond) : Failed to retrieve schema.
     rsolr requires schema via REST or as XML from admin module.
     Error from REST: Error in (function (cond) : error in evaluating the argument 'X' in selecting a method for function 'lapply': Not Found
    
    
     ERROR in test_SolrList_queries: Error in value[[3L]](cond) : Failed to retrieve schema.
     rsolr requires schema via REST or as XML from admin module.
     Error from REST: Error in (function (cond) : error in evaluating the argument 'X' in selecting a method for function 'lapply': Not Found
    
    
     ERROR in test_SolrQuery: Error in value[[3L]](cond) : Failed to retrieve schema.
     rsolr requires schema via REST or as XML from admin module.
     Error from REST: Error in (function (cond) : error in evaluating the argument 'X' in selecting a method for function 'lapply': Not Found
    
    
    
     Test files with failing tests
    
     test_SolrCore.R
     test_SolrCore_accessors
    
     test_SolrFrame.R
     test_SolrFrame_accessors
    
     test_SolrList.R
     test_SolrList_accessors
     test_SolrList_queries
    
     test_SolrQuery.R
     test_SolrQuery
    
    
     Error in get("testPackage", getNamespace("BiocGenerics"))("rsolr") :
     unit tests failed for package rsolr
     Calls: <Anonymous> -> <Anonymous>
     Execution halted
Flavor: r-devel-linux-x86_64-fedora-clang

Version: 0.0.9
Flags: --no-vignettes
Check: tests
Result: ERROR
     Running ‘rsolr_unit_tests.R’ [34s/81s]
    Running the tests in ‘tests/rsolr_unit_tests.R’ failed.
    Complete output:
     > rsolr:::.test()
     Starting Solr...
     Use options(verbose=TRUE) to diagnose any problems.
     Solr started at: http://localhost:8983/solr/techproducts
    
     Attaching package: 'BiocGenerics'
    
     The following objects are masked from 'package:parallel':
    
     clusterApply, clusterApplyLB, clusterCall, clusterEvalQ,
     clusterExport, clusterMap, parApply, parCapply, parLapply,
     parLapplyLB, parRapply, parSapply, parSapplyLB
    
     The following objects are masked from 'package:stats':
    
     IQR, mad, sd, var, xtabs
    
     The following objects are masked from 'package:base':
    
     Filter, Find, Map, Position, Reduce, anyDuplicated, append,
     as.data.frame, basename, cbind, colnames, dirname, do.call,
     duplicated, eval, evalq, get, grep, grepl, intersect, is.unsorted,
     lapply, mapply, match, mget, order, paste, pmax, pmax.int, pmin,
     pmin.int, rank, rbind, rownames, sapply, setdiff, sort, table,
     tapply, union, unique, unsplit, which, which.max, which.min
    
    
     Attaching package: 'rsolr'
    
     The following object is masked from 'package:stats':
    
     ftable
    
     The following object is masked from 'package:base':
    
     grouping
    
     Timing stopped at: 1.974 0.01 4.179
     Error in checkEquals(s[["timestamp_dt"]], as.POSIXct(rep(NA, 5))) :
     'tzone' attributes are inconsistent ('UTC' and '')
    
     Error in x$.self$finalize() : attempt to apply non-function
     Error in x$.self$finalize() : attempt to apply non-function
     Starting Solr...
     Use options(verbose=TRUE) to diagnose any problems.
     Solr started at: http://localhost:8983/solr/Cars93
     Starting Solr...
     Use options(verbose=TRUE) to diagnose any problems.
     Solr started at: http://localhost:8983/solr/Cars93
    
    
     RUNIT TEST PROTOCOL -- Mon Sep 21 01:50:42 2020
     ***********************************************
     Number of test functions: 7
     Number of errors: 0
     Number of failures: 1
    
    
     1 Test Suite :
     rsolr RUnit Tests - 7 test functions, 0 errors, 1 failure
     FAILURE in test_SolrFrame_accessors: Error in checkEquals(s[["timestamp_dt"]], as.POSIXct(rep(NA, 5))) :
     'tzone' attributes are inconsistent ('UTC' and '')
    
    
     Test files with failing tests
    
     test_SolrFrame.R
     test_SolrFrame_accessors
    
    
     Error in get("testPackage", getNamespace("BiocGenerics"))("rsolr") :
     unit tests failed for package rsolr
     Calls: <Anonymous> -> <Anonymous>
     Execution halted
Flavor: r-devel-linux-x86_64-fedora-gcc

Version: 0.0.9
Check: tests
Result: FAIL
    Check process probably crashed or hung up for 20 minutes ... killed
    Most likely this happened in the example checks (?),
    if not, ignore the following last lines of example output:
    > ### Name: SolrList-class
    > ### Title: SolrList
    > ### Aliases: class:SolrList SolrList-class length,SolrList-method
    > ### names,SolrList-method [<-,SolrList,ANY,ANY,ANY-method
    > ### [[,SolrList,ANY-method [,SolrList-method [[,SolrList-method
    > ### [[<-,SolrList-method unique,SolrList-method searchDocs
    > ### searchDocs,Solr SolrList coerce,Solr,SolrList-method
    > ### coerce,SolrList,DocCollection-method show,SolrList-method
    > ### Keywords: methods classes
    >
    > ### ** Examples
    >
    >
    >
    >
    > ### * <FOOTER>
    > ###
    > cleanEx()
    > options(digits = 7L)
    > base::cat("Time elapsed: ", proc.time() - base::get("ptime", pos = 'CheckExEnv'),"\n")
    Time elapsed: 3.44 0.12 3.6 NA NA
    > grDevices::dev.off()
    null device
     1
    > ###
    > ### Local variables: ***
    > ### mode: outline-minor ***
    > ### outline-regexp: "\\(> \\)?### [*]+" ***
    > ### End: ***
    > quit('no')
    ======== End of example output (where/before crash/hang up occured ?) ========
Flavor: r-devel-windows-ix86+x86_64

Version: 0.0.9
Check: running R code from vignettes
Result: ERROR
    Errors in running code in vignettes:
    when running code in ‘intro.Rnw’
     ...
    5 -19 394.1379
    6 16 287.6000
    
    > with(defer(sr), S4Vectors::DataFrame(gain = arr_delay -
    + dep_delay, speed = distance/air_time * 60))
    DataFrame with 336776 rows and 2 columns
    
     When sourcing ‘intro.R’:
    Error: error in evaluating the argument 'x' in selecting a method for function 'makeNakedCharacterMatrixForDisplay': '[' only accepts x[i] or x[] syntax
    Execution halted
    
     ‘intro.Rnw’... failed
Flavor: r-release-macos-x86_64

Version: 0.0.9
Check: re-building of vignette outputs
Result: NOTE
    Error(s) in re-building vignettes:
    --- re-building ‘intro.Rnw’ using Sweave
    Warning: `...` is not empty.
    
    We detected these problematic arguments:
    * `needs_dots`
    
    These dots only exist to allow future extensions and should be empty.
    Did you misspecify an argument?
    Loading required package: BiocGenerics
    Loading required package: parallel
    
    Attaching package: ‘BiocGenerics’
    
    The following objects are masked from ‘package:parallel’:
    
     clusterApply, clusterApplyLB, clusterCall, clusterEvalQ,
     clusterExport, clusterMap, parApply, parCapply, parLapply,
     parLapplyLB, parRapply, parSapply, parSapplyLB
    
    The following objects are masked from ‘package:stats’:
    
     IQR, mad, sd, var, xtabs
    
    The following objects are masked from ‘package:base’:
    
     Filter, Find, Map, Position, Reduce, anyDuplicated, append,
     as.data.frame, basename, cbind, colnames, dirname, do.call,
     duplicated, eval, evalq, get, grep, grepl, intersect, is.unsorted,
     lapply, mapply, match, mget, order, paste, pmax, pmax.int, pmin,
     pmin.int, rank, rbind, rownames, sapply, setdiff, sort, table,
     tapply, union, unique, unsplit, which, which.max, which.min
    
    
    Attaching package: ‘rsolr’
    
    The following object is masked from ‘package:stats’:
    
     ftable
    
    The following object is masked from ‘package:base’:
    
     grouping
    
    Warning in value[[3L]](cond) :
     Luke request handler unavailable --- try 'includeStatic=TRUE'
    Warning in value[[3L]](cond) :
     Luke request handler unavailable --- try 'includeStatic=TRUE'
    Warning in value[[3L]](cond) :
     Luke request handler unavailable --- try 'includeStatic=TRUE'
    Warning in value[[3L]](cond) :
     Luke request handler unavailable --- try 'includeStatic=TRUE'
    Warning in value[[3L]](cond) :
     Luke request handler unavailable --- try 'includeStatic=TRUE'
    Warning in value[[3L]](cond) :
     Luke request handler unavailable --- try 'includeStatic=TRUE'
    Warning in value[[3L]](cond) :
     Luke request handler unavailable --- try 'includeStatic=TRUE'
    Warning in value[[3L]](cond) :
     Luke request handler unavailable --- try 'includeStatic=TRUE'
    Warning in value[[3L]](cond) :
     Luke request handler unavailable --- try 'includeStatic=TRUE'
    Warning in value[[3L]](cond) :
     Luke request handler unavailable --- try 'includeStatic=TRUE'
    Warning in value[[3L]](cond) :
     Luke request handler unavailable --- try 'includeStatic=TRUE'
    Warning in value[[3L]](cond) :
     Luke request handler unavailable --- try 'includeStatic=TRUE'
    Warning in value[[3L]](cond) :
     Luke request handler unavailable --- try 'includeStatic=TRUE'
    Warning in value[[3L]](cond) :
     Luke request handler unavailable --- try 'includeStatic=TRUE'
    Warning in value[[3L]](cond) :
     Luke request handler unavailable --- try 'includeStatic=TRUE'
    Warning in value[[3L]](cond) :
     Luke request handler unavailable --- try 'includeStatic=TRUE'
    Warning in value[[3L]](cond) :
     Luke request handler unavailable --- try 'includeStatic=TRUE'
    Warning in value[[3L]](cond) :
     Luke request handler unavailable --- try 'includeStatic=TRUE'
    Warning in value[[3L]](cond) :
     Luke request handler unavailable --- try 'includeStatic=TRUE'
    Warning in value[[3L]](cond) :
     Luke request handler unavailable --- try 'includeStatic=TRUE'
    Warning in value[[3L]](cond) :
     Luke request handler unavailable --- try 'includeStatic=TRUE'
    Warning in value[[3L]](cond) :
     Luke request handler unavailable --- try 'includeStatic=TRUE'
    Warning in value[[3L]](cond) :
     Luke request handler unavailable --- try 'includeStatic=TRUE'
    Warning in value[[3L]](cond) :
     Luke request handler unavailable --- try 'includeStatic=TRUE'
    Error: processing vignette 'intro.Rnw' failed with diagnostics:
    error in evaluating the argument 'x' in selecting a method for function 'makeNakedCharacterMatrixForDisplay': '[' only accepts x[i] or x[] syntax
    --- failed re-building ‘intro.Rnw’
    
    SUMMARY: processing the following file failed:
     ‘intro.Rnw’
    
    Error: Vignette re-building failed.
    Execution halted
Flavor: r-release-macos-x86_64

Version: 0.0.9
Check: tests
Result: FAIL
    Check process probably crashed or hung up for 20 minutes ... killed
    Most likely this happened in the example checks (?),
    if not, ignore the following last lines of example output:
    > ### Name: SolrList-class
    > ### Title: SolrList
    > ### Aliases: class:SolrList SolrList-class length,SolrList-method
    > ### names,SolrList-method [<-,SolrList,ANY,ANY,ANY-method
    > ### [[,SolrList,ANY-method [,SolrList-method [[,SolrList-method
    > ### [[<-,SolrList-method unique,SolrList-method searchDocs
    > ### searchDocs,Solr SolrList coerce,Solr,SolrList-method
    > ### coerce,SolrList,DocCollection-method show,SolrList-method
    > ### Keywords: methods classes
    >
    > ### ** Examples
    >
    >
    >
    >
    > ### * <FOOTER>
    > ###
    > cleanEx()
    > options(digits = 7L)
    > base::cat("Time elapsed: ", proc.time() - base::get("ptime", pos = 'CheckExEnv'),"\n")
    Time elapsed: 4.81 0.19 5.01 NA NA
    > grDevices::dev.off()
    null device
     1
    > ###
    > ### Local variables: ***
    > ### mode: outline-minor ***
    > ### outline-regexp: "\\(> \\)?### [*]+" ***
    > ### End: ***
    > quit('no')
    ======== End of example output (where/before crash/hang up occured ?) ========
Flavor: r-release-windows-ix86+x86_64

Version: 0.0.9
Check: tests
Result: FAIL
    Check process probably crashed or hung up for 20 minutes ... killed
    Most likely this happened in the example checks (?),
    if not, ignore the following last lines of example output:
    > ### Name: SolrList-class
    > ### Title: SolrList
    > ### Aliases: class:SolrList SolrList-class length,SolrList-method
    > ### names,SolrList-method [<-,SolrList,ANY,ANY,ANY-method
    > ### [[,SolrList,ANY-method [,SolrList-method [[,SolrList-method
    > ### [[<-,SolrList-method unique,SolrList-method searchDocs
    > ### searchDocs,Solr SolrList coerce,Solr,SolrList-method
    > ### coerce,SolrList,DocCollection-method show,SolrList-method
    > ### Keywords: methods classes
    >
    > ### ** Examples
    >
    >
    >
    >
    > ### * <FOOTER>
    > ###
    > cleanEx()
    > options(digits = 7L)
    > base::cat("Time elapsed: ", proc.time() - base::get("ptime", pos = 'CheckExEnv'),"\n")
    Time elapsed: 4.43 0.16 4.66 NA NA
    > grDevices::dev.off()
    null device
     1
    > ###
    > ### Local variables: ***
    > ### mode: outline-minor ***
    > ### outline-regexp: "\\(> \\)?### [*]+" ***
    > ### End: ***
    > quit('no')
    ======== End of example output (where/before crash/hang up occured ?) ========
Flavor: r-oldrel-windows-ix86+x86_64