CRAN Package Check Results for Package rspa

Last updated on 2014-04-21 12:43:26.

Flavor Version Tinstall Tcheck Ttotal Status Flags
r-devel-linux-x86_64-debian-clang 0.1-4 1.86 14.55 16.41 NOTE
r-devel-linux-x86_64-debian-gcc 0.1-4 1.87 15.10 16.96 NOTE
r-devel-linux-x86_64-fedora-clang 0.1-4 31.82 NOTE
r-devel-linux-x86_64-fedora-gcc 0.1-4 30.08 NOTE
r-devel-osx-x86_64-clang 0.1-4 36.05 NOTE
r-devel-osx-x86_64-gcc 0.1-4 ERROR
r-devel-windows-ix86+x86_64 0.1-4 15.00 31.00 46.00 NOTE
r-patched-linux-x86_64 0.1-4 1.83 15.28 17.11 NOTE
r-patched-solaris-sparc 0.1-4 186.20 NOTE
r-patched-solaris-x86 0.1-4 50.90 NOTE
r-release-linux-x86_64 0.1-4 1.82 14.93 16.74 NOTE
r-release-osx-x86_64-mavericks 0.1-4 WARN
r-release-osx-x86_64-snowleopard 0.1-4 OK
r-release-windows-ix86+x86_64 0.1-4 16.00 28.00 44.00 NOTE
r-oldrel-windows-ix86+x86_64 0.1-4 13.00 30.00 43.00 NOTE

Memtest notes: valgrind

Check Details

Version: 0.1-4
Check: dependencies in R code
Result: NOTE
    Package in Depends field not imported from: ‘editrules’
     These packages need to be imported from (in the NAMESPACE file)
     for when this namespace is loaded but not attached.
    See the information on DESCRIPTION files in the chapter ‘Creating R
    packages’ of the ‘Writing R Extensions’ manual.
Flavors: r-devel-linux-x86_64-debian-clang, r-devel-linux-x86_64-debian-gcc, r-devel-linux-x86_64-fedora-clang, r-devel-linux-x86_64-fedora-gcc, r-devel-osx-x86_64-clang, r-devel-windows-ix86+x86_64, r-patched-linux-x86_64, r-patched-solaris-sparc, r-patched-solaris-x86, r-release-linux-x86_64, r-release-osx-x86_64-mavericks, r-release-windows-ix86+x86_64, r-oldrel-windows-ix86+x86_64

Version: 0.1-4
Check: package dependencies
Result: ERROR
    Package required but not available: ‘editrules’
    
    Package suggested but not available for checking: ‘knitr’
    
    See the information on DESCRIPTION files in the chapter ‘Creating R
    packages’ of the ‘Writing R Extensions’ manual.
Flavor: r-devel-osx-x86_64-gcc

Version: 0.1-4
Check: PDF version of manual
Result: WARNING
    LaTeX errors when creating PDF version.
    This typically indicates Rd problems.
    LaTeX errors found:
    ! LaTeX Error: File `upquote.sty' not found.
    
    Type X to quit or <RETURN> to proceed,
    or enter new name. (Default extension: sty)
    
    46fa45a/Rd2.tex:8: ==> Fatal error occurred, no output PDF file produced!
Flavor: r-release-osx-x86_64-mavericks