CRAN Package Check Results for Package rspa

Last updated on 2017-03-27 03:50:06.

Flavor Version Tinstall Tcheck Ttotal Status Flags
r-devel-linux-x86_64-debian-clang 0.1.8 2.25 20.53 22.78 NOTE
r-devel-linux-x86_64-debian-gcc 0.1.8 1.83 19.63 21.46 NOTE
r-devel-linux-x86_64-fedora-clang 0.1.8 39.68 NOTE --no-stop-on-test-error
r-devel-linux-x86_64-fedora-gcc 0.1.8 38.50 NOTE --no-stop-on-test-error
r-devel-macos-x86_64-clang 0.1.8 34.15 NOTE --no-stop-on-test-error
r-patched-linux-x86_64 0.1.8 1.84 19.73 21.57 NOTE
r-patched-solaris-sparc 0.1.8 237.00 OK
r-patched-solaris-x86 0.1.8 55.10 OK
r-release-linux-x86_64 0.1.8 1.78 16.15 17.93 OK
r-release-osx-x86_64-mavericks 0.1.8 OK
r-release-windows-ix86+x86_64 0.1.8 22.00 47.00 69.00 OK
r-oldrel-windows-ix86+x86_64 0.1.8 15.00 41.00 56.00 OK

Check Details

Version: 0.1.8
Check: compiled code
Result: NOTE
    File ‘rspa/libs/rspa.so’:
     Found no calls to: ‘R_registerRoutines’, ‘R_useDynamicSymbols’
    
    It is good practice to register native routines and to disable symbol
    search.
    
    See ‘Writing portable packages’ in the ‘Writing R Extensions’ manual.
Flavors: r-devel-linux-x86_64-debian-clang, r-devel-linux-x86_64-debian-gcc, r-patched-linux-x86_64

Version: 0.1.8
Flags: --no-stop-on-test-error
Check: compiled code
Result: NOTE
    File ‘rspa/libs/rspa.so’:
     Found no calls to: ‘R_registerRoutines’, ‘R_useDynamicSymbols’
    
    It is good practice to register native routines and to disable symbol
    search.
    
    See ‘Writing portable packages’ in the ‘Writing R Extensions’ manual.
Flavors: r-devel-linux-x86_64-fedora-clang, r-devel-linux-x86_64-fedora-gcc, r-devel-macos-x86_64-clang