CRAN Package Check Results for Package rspa

Last updated on 2015-05-04 11:48:09.

Flavor Version Tinstall Tcheck Ttotal Status Flags
r-devel-linux-x86_64-debian-clang 0.1-6 1.66 12.10 13.76 OK
r-devel-linux-x86_64-debian-gcc 0.1-6 1.67 12.22 13.89 OK
r-devel-linux-x86_64-fedora-clang 0.1-6 27.07 OK
r-devel-linux-x86_64-fedora-gcc 0.1-6 25.45 OK
r-devel-osx-x86_64-clang 0.1-6 29.12 OK
r-devel-windows-ix86+x86_64 0.1-6 16.00 31.00 47.00 OK
r-patched-linux-x86_64 0.1-6 1.70 12.18 13.88 OK
r-patched-solaris-sparc 0.1-6 188.50 OK
r-patched-solaris-x86 0.1-6 44.50 OK
r-release-linux-x86_64 0.1-6 1.63 12.17 13.80 OK
r-release-osx-x86_64-mavericks 0.1-6 OK
r-release-osx-x86_64-snowleopard 0.1-6 ERROR
r-release-windows-ix86+x86_64 0.1-6 16.00 31.00 47.00 OK
r-oldrel-windows-ix86+x86_64 0.1-6 11.00 31.00 42.00 OK

Check Details

Version: 0.1-6
Check: package dependencies
Result: ERROR
    Package required but not available: ‘editrules’
    
    Package suggested but not available for checking: ‘knitr’
    
    See section ‘The DESCRIPTION file’ in the ‘Writing R Extensions’
    manual.
Flavor: r-release-osx-x86_64-snowleopard