CRAN Package Check Results for Package rspa

Last updated on 2017-04-27 11:53:57.

Flavor Version Tinstall Tcheck Ttotal Status Flags
r-devel-linux-x86_64-debian-clang 0.1.8 2.21 19.99 22.20 NOTE
r-devel-linux-x86_64-debian-gcc 0.1.8 1.86 20.06 21.92 NOTE
r-devel-linux-x86_64-fedora-clang 0.1.8 43.38 NOTE --no-stop-on-test-error
r-devel-linux-x86_64-fedora-gcc 0.1.8 38.26 NOTE --no-stop-on-test-error
r-devel-windows-ix86+x86_64 0.1.8 15.00 74.00 89.00 OK
r-patched-linux-x86_64 0.1.8 1.90 19.76 21.65 NOTE
r-patched-solaris-sparc 0.1.8 237.00 OK
r-patched-solaris-x86 0.1.8 53.50 OK
r-release-linux-x86_64 0.1.8 1.84 19.53 21.37 NOTE
r-release-windows-ix86+x86_64 0.1.8 15.00 48.00 63.00 OK
r-release-osx-x86_64 0.1.8 OK
r-oldrel-windows-ix86+x86_64 0.1.8 24.00 47.00 71.00 OK
r-oldrel-osx-x86_64 0.1.8 OK

Check Details

Version: 0.1.8
Check: compiled code
Result: NOTE
    File ‘rspa/libs/rspa.so’:
     Found no calls to: ‘R_registerRoutines’, ‘R_useDynamicSymbols’
    
    It is good practice to register native routines and to disable symbol
    search.
    
    See ‘Writing portable packages’ in the ‘Writing R Extensions’ manual.
Flavors: r-devel-linux-x86_64-debian-clang, r-devel-linux-x86_64-debian-gcc, r-patched-linux-x86_64, r-release-linux-x86_64

Version: 0.1.8
Flags: --no-stop-on-test-error
Check: compiled code
Result: NOTE
    File ‘rspa/libs/rspa.so’:
     Found no calls to: ‘R_registerRoutines’, ‘R_useDynamicSymbols’
    
    It is good practice to register native routines and to disable symbol
    search.
    
    See ‘Writing portable packages’ in the ‘Writing R Extensions’ manual.
Flavors: r-devel-linux-x86_64-fedora-clang, r-devel-linux-x86_64-fedora-gcc