CRAN Package Check Results for Package rspa

Last updated on 2015-07-04 17:47:39.

Flavor Version Tinstall Tcheck Ttotal Status Flags
r-devel-linux-x86_64-debian-clang 0.1-7 1.77 14.74 16.50 NOTE
r-devel-linux-x86_64-debian-gcc 0.1-7 1.64 15.48 17.11 NOTE
r-devel-linux-x86_64-fedora-clang 0.1-7 31.69 NOTE
r-devel-linux-x86_64-fedora-gcc 0.1-7 29.99 NOTE
r-devel-osx-x86_64-clang 0.1-7 30.39 OK
r-devel-windows-ix86+x86_64 0.1-7 25.00 37.00 62.00 NOTE
r-patched-linux-x86_64 0.1-7 1.64 14.91 16.54 OK
r-patched-solaris-sparc 0.1-7 202.20 OK
r-patched-solaris-x86 0.1-7 53.20 OK
r-release-linux-x86_64 0.1-7 1.78 15.25 17.03 OK
r-release-osx-x86_64-mavericks 0.1-7 OK
r-release-windows-ix86+x86_64 0.1-7 20.00 33.00 53.00 OK
r-oldrel-windows-ix86+x86_64 0.1-7 17.00 72.00 89.00 OK

Check Details

Version: 0.1-7
Check: R code for possible problems
Result: NOTE
    plot.adjustedRecords: no visible global function definition for ‘par’
    plot.adjustedRecords: no visible global function definition for
     ‘density’
    plot.adjustedRecords: no visible global function definition for ‘plot’
    plot.adjustedRecords: no visible global function definition for ‘rug’
    plot.adjustedRecords: no visible global function definition for
     ‘plot.new’
    plot.adjustedRecords: no visible global function definition for ‘text’
    Undefined global functions or variables:
     density par plot plot.new rug text
Flavors: r-devel-linux-x86_64-debian-clang, r-devel-linux-x86_64-debian-gcc, r-devel-linux-x86_64-fedora-clang, r-devel-linux-x86_64-fedora-gcc, r-devel-windows-ix86+x86_64