CRAN Package Check Results for Package rspa

Last updated on 2017-02-24 23:52:51.

Flavor Version Tinstall Tcheck Ttotal Status Flags
r-devel-linux-x86_64-debian-clang 0.1.8 2.22 20.86 23.08 NOTE
r-devel-linux-x86_64-debian-gcc 0.1.8 2.01 19.73 21.73 NOTE
r-devel-linux-x86_64-fedora-clang 0.1.8 42.56 NOTE --no-stop-on-test-error
r-devel-linux-x86_64-fedora-gcc 0.1.8 37.90 NOTE --no-stop-on-test-error
r-devel-macos-x86_64-clang 0.1.8 35.29 NOTE --no-stop-on-test-error
r-devel-windows-ix86+x86_64 0.1.8 36.00 76.00 112.00 OK
r-patched-linux-x86_64 0.1.8 1.74 16.41 18.15 OK
r-patched-solaris-sparc 0.1.8 178.20 OK
r-patched-solaris-x86 0.1.8 45.20 OK
r-release-linux-x86_64 0.1.8 1.83 16.34 18.17 OK
r-release-osx-x86_64-mavericks 0.1.8 OK
r-release-windows-ix86+x86_64 0.1.8 22.00 56.00 78.00 OK
r-oldrel-windows-ix86+x86_64 0.1.8 23.00 104.00 127.00 OK

Check Details

Version: 0.1.8
Check: compiled code
Result: NOTE
    File ‘rspa/libs/rspa.so’:
     Found no calls to: ‘R_registerRoutines’, ‘R_useDynamicSymbols’
    
    It is good practice to register native routines and to disable symbol
    search.
    
    See ‘Writing portable packages’ in the ‘Writing R Extensions’ manual.
Flavors: r-devel-linux-x86_64-debian-clang, r-devel-linux-x86_64-debian-gcc

Version: 0.1.8
Flags: --no-stop-on-test-error
Check: compiled code
Result: NOTE
    File ‘rspa/libs/rspa.so’:
     Found no calls to: ‘R_registerRoutines’, ‘R_useDynamicSymbols’
    
    It is good practice to register native routines and to disable symbol
    search.
    
    See ‘Writing portable packages’ in the ‘Writing R Extensions’ manual.
Flavors: r-devel-linux-x86_64-fedora-clang, r-devel-linux-x86_64-fedora-gcc, r-devel-macos-x86_64-clang