CRAN Package Check Results for Package rspear

Last updated on 2014-11-24 23:47:15.

Flavor Version Tinstall Tcheck Ttotal Status Flags
r-devel-linux-x86_64-debian-clang 0.1-2 1.03 19.10 20.14 OK
r-devel-linux-x86_64-debian-gcc 0.1-2 0.98 18.62 19.61 OK
r-devel-linux-x86_64-fedora-clang 0.1-2 40.23 OK
r-devel-linux-x86_64-fedora-gcc 0.1-2 37.89 OK
r-devel-osx-x86_64-clang 0.1-2 43.18 OK
r-devel-windows-ix86+x86_64 0.1-2 3.00 32.00 35.00 OK
r-patched-linux-x86_64 0.1-2 1.03 19.82 20.84 OK
r-patched-solaris-sparc 0.1-2 231.80 OK
r-patched-solaris-x86 0.1-2 54.70 OK
r-release-linux-ix86 0.1-2 1.40 26.22 27.62 OK
r-release-linux-x86_64 0.1-2 1.04 18.96 20.00 OK
r-release-osx-x86_64-mavericks 0.1-2 OK
r-release-osx-x86_64-snowleopard 0.1-2 NOTE
r-release-windows-ix86+x86_64 0.1-2 3.00 34.00 37.00 OK
r-oldrel-windows-ix86+x86_64 0.1-2 4.00 31.00 35.00 OK

Check Details

Version: 0.1-2
Check: re-building of vignette outputs
Result: NOTE
    Error in re-building vignettes:
     ...
    Loading required package: rspear
    Loading required package: reshape2
    trying URL 'http://www.systemecology.eu/rspear/traits.csv'
    Content type 'text/csv' length 127504 bytes (124 Kb)
    opened URL
    ==================================================
    downloaded 124 Kb
    
    Warning in spear(spear_example, taxa = names(spear_example)[1], abundance = names(spear_example)[2], :
     There were unmatched species:
    xxxxxxxxx
    Set SPEAR to 0.
    Warning in spear(spear_example, taxa = names(spear_example)[1], abundance = names(spear_example)[2], :
     Non-direct taxon matches!
    Check trait table if match is appropiate!!
    Error in texi2dvi(file = file, pdf = TRUE, clean = clean, quiet = quiet, :
     Running 'texi2dvi' on 'rspear.tex' failed.
    LaTeX errors:
    rspear.Rcheck/vign_test/rspear/vignettes/rspear.tex:19: LaTeX Error: Missing \b
    egin{document}.
    
    See the LaTeX manual or LaTeX Companion for explanation.
    Type H <return> for immediate help.
    Calls: buildVignettes -> texi2pdf -> texi2dvi
    Execution halted
Flavor: r-release-osx-x86_64-snowleopard