CRAN Package Check Results for Package rspear

Last updated on 2015-07-02 11:48:40.

Flavor Version Tinstall Tcheck Ttotal Status Flags
r-devel-linux-x86_64-debian-clang 0.1-2 0.75 17.52 18.26 NOTE
r-devel-linux-x86_64-debian-gcc 0.1-2 0.77 16.08 16.85 NOTE
r-devel-linux-x86_64-fedora-clang 0.1-2 32.55 NOTE
r-devel-linux-x86_64-fedora-gcc 0.1-2 30.19 NOTE
r-devel-osx-x86_64-clang 0.1-2 31.04 NOTE
r-devel-windows-ix86+x86_64 0.1-2 3.00 27.00 30.00 NOTE
r-patched-linux-x86_64 0.1-2 0.78 16.78 17.55 NOTE
r-patched-solaris-sparc 0.1-2 224.50 NOTE
r-patched-solaris-x86 0.1-2 48.20 NOTE
r-release-linux-x86_64 0.1-2 0.78 17.59 18.37 NOTE
r-release-osx-x86_64-mavericks 0.1-2 NOTE
r-release-windows-ix86+x86_64 0.1-2 3.00 32.00 35.00 NOTE
r-oldrel-windows-ix86+x86_64 0.1-2 4.00 55.00 59.00 OK

Check Details

Version: 0.1-2
Check: DESCRIPTION meta-information
Result: NOTE
    Malformed Description field: should contain one or more complete sentences.
Flavors: r-devel-linux-x86_64-debian-clang, r-devel-linux-x86_64-debian-gcc, r-devel-linux-x86_64-fedora-clang, r-devel-linux-x86_64-fedora-gcc, r-devel-osx-x86_64-clang, r-devel-windows-ix86+x86_64, r-patched-linux-x86_64, r-patched-solaris-sparc, r-patched-solaris-x86, r-release-linux-x86_64, r-release-osx-x86_64-mavericks, r-release-windows-ix86+x86_64

Version: 0.1-2
Check: R code for possible problems
Result: NOTE
    get_traits: no visible global function definition for ‘download.file’
    get_traits: no visible global function definition for ‘read.table’
    match_traits: no visible global function definition for ‘na.omit’
Flavors: r-devel-linux-x86_64-debian-clang, r-devel-linux-x86_64-debian-gcc, r-devel-linux-x86_64-fedora-gcc, r-devel-windows-ix86+x86_64

Version: 0.1-2
Check: R code for possible problems
Result: NOTE
    get_traits: no visible global function definition for ‘download.file’
    get_traits: no visible global function definition for ‘read.table’
    match_traits: no visible global function definition for ‘na.omit’
    Undefined global functions or variables:
     download.file na.omit read.table
Flavor: r-devel-linux-x86_64-fedora-clang