CRAN Package Check Results for Package rspear

Last updated on 2015-03-30 00:48:31.

Flavor Version Tinstall Tcheck Ttotal Status Flags
r-devel-linux-x86_64-debian-clang 0.1-2 0.79 16.65 17.44 NOTE
r-devel-linux-x86_64-debian-gcc 0.1-2 0.79 17.76 18.55 NOTE
r-devel-linux-x86_64-fedora-clang 0.1-2 33.76 NOTE
r-devel-linux-x86_64-fedora-gcc 0.1-2 33.76 NOTE
r-devel-osx-x86_64-clang 0.1-2 42.63 NOTE
r-prerel-windows-ix86+x86_64 0.1-2 3.00 31.00 34.00 NOTE
r-prerel-linux-x86_64 0.1-2 0.79 16.60 17.39 NOTE
r-prerel-solaris-sparc 0.1-2 218.70 NOTE
r-prerel-solaris-x86 0.1-2 47.80 NOTE
r-release-linux-x86_64 0.1-2 1.00 18.86 19.87 OK
r-release-osx-x86_64-mavericks 0.1-2 OK
r-release-osx-x86_64-snowleopard 0.1-2 NOTE
r-release-windows-ix86+x86_64 0.1-2 4.00 32.00 36.00 OK
r-oldrel-windows-ix86+x86_64 0.1-2 5.00 54.00 59.00 OK

Check Details

Version: 0.1-2
Check: DESCRIPTION meta-information
Result: NOTE
    Malformed Description field: should contain one or more complete sentences.
Flavors: r-devel-linux-x86_64-debian-clang, r-devel-linux-x86_64-debian-gcc, r-devel-linux-x86_64-fedora-clang, r-devel-linux-x86_64-fedora-gcc, r-devel-osx-x86_64-clang, r-prerel-windows-ix86+x86_64, r-prerel-linux-x86_64, r-prerel-solaris-sparc, r-prerel-solaris-x86

Version: 0.1-2
Check: re-building of vignette outputs
Result: NOTE
    Error in re-building vignettes:
     ...
    Loading required package: rspear
    Loading required package: reshape2
    trying URL 'http://www.systemecology.eu/rspear/traits.csv'
    Content type 'text/csv' length 127504 bytes (124 Kb)
    opened URL
    ==================================================
    downloaded 124 Kb
    
    Warning in spear(spear_example, taxa = names(spear_example)[1], abundance = names(spear_example)[2], :
     There were unmatched species:
    xxxxxxxxx
    Set SPEAR to 0.
    Warning in spear(spear_example, taxa = names(spear_example)[1], abundance = names(spear_example)[2], :
     Non-direct taxon matches!
    Check trait table if match is appropiate!!
    Error in texi2dvi(file = file, pdf = TRUE, clean = clean, quiet = quiet, :
     Running 'texi2dvi' on 'rspear.tex' failed.
    LaTeX errors:
    rspear.Rcheck/vign_test/rspear/vignettes/rspear.tex:19: LaTeX Error: Missing \b
    egin{document}.
    
    See the LaTeX manual or LaTeX Companion for explanation.
    Type H <return> for immediate help.
    Calls: buildVignettes -> texi2pdf -> texi2dvi
    Execution halted
Flavor: r-release-osx-x86_64-snowleopard