CRAN Package Check Results for Package rspear

Last updated on 2015-05-30 15:48:02.

Flavor Version Tinstall Tcheck Ttotal Status Flags
r-devel-linux-x86_64-debian-clang 0.1-2 0.86 17.00 17.86 NOTE
r-devel-linux-x86_64-debian-gcc 0.1-2 0.84 16.25 17.08 NOTE
r-devel-linux-x86_64-fedora-clang 0.1-2 35.71 NOTE
r-devel-linux-x86_64-fedora-gcc 0.1-2 31.70 NOTE
r-devel-osx-x86_64-clang 0.1-2 39.13 NOTE
r-devel-windows-ix86+x86_64 0.1-2 3.00 29.00 32.00 NOTE
r-patched-linux-x86_64 0.1-2 0.78 16.48 17.26 NOTE
r-patched-solaris-sparc 0.1-2 224.50 NOTE
r-patched-solaris-x86 0.1-2 47.80 NOTE
r-release-linux-x86_64 0.1-2 0.78 16.92 17.70 NOTE
r-release-osx-x86_64-mavericks 0.1-2 NOTE
r-release-osx-x86_64-snowleopard 0.1-2 NOTE
r-release-windows-ix86+x86_64 0.1-2 3.00 27.00 30.00 NOTE
r-oldrel-windows-ix86+x86_64 0.1-2 4.00 34.00 38.00 OK

Check Details

Version: 0.1-2
Check: DESCRIPTION meta-information
Result: NOTE
    Malformed Description field: should contain one or more complete sentences.
Flavors: r-devel-linux-x86_64-debian-clang, r-devel-linux-x86_64-debian-gcc, r-devel-linux-x86_64-fedora-clang, r-devel-linux-x86_64-fedora-gcc, r-devel-osx-x86_64-clang, r-devel-windows-ix86+x86_64, r-patched-linux-x86_64, r-patched-solaris-sparc, r-patched-solaris-x86, r-release-linux-x86_64, r-release-osx-x86_64-mavericks, r-release-osx-x86_64-snowleopard, r-release-windows-ix86+x86_64