CRAN Package Check Results for Package rspear

Last updated on 2014-04-24 11:48:55.

Flavor Version Tinstall Tcheck Ttotal Status Flags
r-devel-linux-x86_64-debian-clang 0.1-2 1.10 19.55 20.65 OK
r-devel-linux-x86_64-debian-gcc 0.1-2 1.13 19.65 20.78 OK
r-devel-linux-x86_64-fedora-clang 0.1-2 41.14 OK
r-devel-linux-x86_64-fedora-gcc 0.1-2 39.76 OK
r-devel-osx-x86_64-clang 0.1-2 45.31 OK
r-devel-osx-x86_64-gcc 0.1-2 OK
r-devel-windows-ix86+x86_64 0.1-2 4.00 31.00 35.00 OK
r-patched-linux-x86_64 0.1-2 1.10 19.33 20.43 OK
r-patched-solaris-sparc 0.1-2 226.80 OK
r-patched-solaris-x86 0.1-2 57.20 OK
r-release-linux-ix86 0.1-2 2.00 39.00 41.00 OK
r-release-linux-x86_64 0.1-2 1.11 20.12 21.23 OK
r-release-osx-x86_64-mavericks 0.1-2 WARN
r-release-osx-x86_64-snowleopard 0.1-2 NOTE
r-release-windows-ix86+x86_64 0.1-2 4.00 32.00 36.00 OK
r-oldrel-windows-ix86+x86_64 0.1-2 4.00 36.00 40.00 OK

Check Details

Version: 0.1-2
Check: PDF version of manual
Result: WARNING
    LaTeX errors when creating PDF version.
    This typically indicates Rd problems.
    LaTeX errors found:
    ! LaTeX Error: File `upquote.sty' not found.
    
    Type X to quit or <RETURN> to proceed,
    or enter new name. (Default extension: sty)
    
    0c0e6e/Rd2.tex:8: ==> Fatal error occurred, no output PDF file produced!
Flavor: r-release-osx-x86_64-mavericks

Version: 0.1-2
Check: re-building of vignette outputs
Result: NOTE
    Error in re-building vignettes:
     ...
    Loading required package: rspear
    Loading required package: reshape2
    trying URL 'http://www.systemecology.eu/rspear/traits.csv'
    Content type 'text/csv' length 127504 bytes (124 Kb)
    opened URL
    ==================================================
    downloaded 124 Kb
    
    Warning in spear(spear_example, taxa = names(spear_example)[1], abundance = names(spear_example)[2], :
     There were unmatched species:
    xxxxxxxxx
    Set SPEAR to 0.
    Warning in spear(spear_example, taxa = names(spear_example)[1], abundance = names(spear_example)[2], :
     Non-direct taxon matches!
    Check trait table if match is appropiate!!
    Error in texi2dvi(file = file, pdf = TRUE, clean = clean, quiet = quiet, :
     Running 'texi2dvi' on 'rspear.tex' failed.
    LaTeX errors:
    rspear.Rcheck/vign_test/rspear/vignettes/rspear.tex:19: LaTeX Error: Missing \b
    egin{document}.
    
    See the LaTeX manual or LaTeX Companion for explanation.
    Type H <return> for immediate help.
    Calls: buildVignettes -> texi2pdf -> texi2dvi
    Execution halted
Flavor: r-release-osx-x86_64-snowleopard