CRAN Package Check Results for Package rsprng

Last updated on 2015-07-07 23:48:03.

Flavor Version Tinstall Tcheck Ttotal Status Flags
r-devel-windows-ix86+x86_64 1.0 NOTE

Check Details

Version: 1.0
Check: Rd files
Result: NOTE
    prepare_Rd: free.sprng.Rd:11-12: Dropping empty section \arguments
Flavor: r-devel-windows-ix86+x86_64