CRAN Package Check Results for Package rsprng

Last updated on 2014-04-24 15:50:47.

Flavor Version Tinstall Tcheck Ttotal Status Flags
r-devel-linux-x86_64-debian-clang 1.0 1.36 8.85 10.21 NOTE
r-devel-linux-x86_64-debian-gcc 1.0 1.34 8.89 10.22 NOTE
r-devel-linux-x86_64-fedora-clang 1.0 19.58 NOTE
r-devel-linux-x86_64-fedora-gcc 1.0 18.74 NOTE
r-devel-osx-x86_64-clang 1.0 23.79 NOTE
r-devel-osx-x86_64-gcc 1.0 ERROR
r-devel-windows-ix86+x86_64 1.0 5.00 19.00 24.00 NOTE
r-patched-linux-x86_64 1.0 1.29 9.06 10.36 NOTE
r-patched-solaris-sparc 1.0 111.40 NOTE
r-patched-solaris-x86 1.0 29.20 NOTE
r-release-linux-ix86 1.0 3.00 21.00 24.00 NOTE
r-release-linux-x86_64 1.0 1.34 8.88 10.22 NOTE
r-release-osx-x86_64-mavericks 1.0 ERROR
r-release-osx-x86_64-snowleopard 1.0 ERROR
r-release-windows-ix86+x86_64 1.0 9.00 29.00 38.00 NOTE
r-oldrel-windows-ix86+x86_64 1.0 6.00 19.00 25.00 NOTE

Check Details

Version: 1.0
Check: Rd files
Result: NOTE
    prepare_Rd: free.sprng.Rd:11-12: Dropping empty section \arguments
Flavors: r-devel-linux-x86_64-debian-clang, r-devel-linux-x86_64-debian-gcc, r-devel-linux-x86_64-fedora-clang, r-devel-linux-x86_64-fedora-gcc, r-devel-osx-x86_64-clang, r-devel-windows-ix86+x86_64, r-patched-linux-x86_64, r-patched-solaris-sparc, r-patched-solaris-x86, r-release-linux-ix86, r-release-linux-x86_64, r-release-windows-ix86+x86_64, r-oldrel-windows-ix86+x86_64

Version: 1.0
Check: whether package can be installed
Result: ERROR
    Installation failed.
    See ‘/Volumes/XT3/Builds/R-dev-web/QA/Simon/packages/snowleopard-x86_64/results/3.2/rsprng.Rcheck/00install.out’ for details.
Flavor: r-devel-osx-x86_64-gcc

Version: 1.0
Check: whether package can be installed
Result: ERROR
    Installation failed.
    See ‘/Builds/CRAN-QA-Simon/packages/mavericks-x86_64/results/3.1/rsprng.Rcheck/00install.out’ for details.
Flavor: r-release-osx-x86_64-mavericks

Version: 1.0
Check: whether package can be installed
Result: ERROR
    Installation failed.
    See ‘/Volumes/XT3/Builds/R-dev-web/QA/Simon/packages/snowleopard-x86_64/results/3.1/rsprng.Rcheck/00install.out’ for details.
Flavor: r-release-osx-x86_64-snowleopard