CRAN Package Check Results for Package rsprng

Last updated on 2014-08-27 11:51:02.

Flavor Version Tinstall Tcheck Ttotal Status Flags
r-devel-linux-x86_64-debian-clang 1.0 1.28 8.27 9.55 NOTE
r-devel-linux-x86_64-debian-gcc 1.0 1.27 8.19 9.46 NOTE
r-devel-linux-x86_64-fedora-clang 1.0 18.64 NOTE
r-devel-linux-x86_64-fedora-gcc 1.0 17.15 NOTE
r-devel-osx-x86_64-clang 1.0 22.76 NOTE
r-devel-windows-ix86+x86_64 1.0 5.00 20.00 25.00 NOTE
r-patched-linux-x86_64 1.0 1.26 8.38 9.64 NOTE
r-patched-solaris-sparc 1.0 115.40 NOTE
r-patched-solaris-x86 1.0 29.20 NOTE
r-release-linux-ix86 1.0 2.34 14.46 16.80 NOTE
r-release-linux-x86_64 1.0 1.36 8.54 9.89 NOTE
r-release-osx-x86_64-mavericks 1.0 ERROR
r-release-osx-x86_64-snowleopard 1.0 ERROR
r-release-windows-ix86+x86_64 1.0 7.00 24.00 31.00 NOTE
r-oldrel-windows-ix86+x86_64 1.0 6.00 19.00 25.00 NOTE

Check Details

Version: 1.0
Check: Rd files
Result: NOTE
    prepare_Rd: free.sprng.Rd:11-12: Dropping empty section \arguments
Flavors: r-devel-linux-x86_64-debian-clang, r-devel-linux-x86_64-debian-gcc, r-devel-linux-x86_64-fedora-clang, r-devel-linux-x86_64-fedora-gcc, r-devel-osx-x86_64-clang, r-devel-windows-ix86+x86_64, r-patched-linux-x86_64, r-patched-solaris-sparc, r-patched-solaris-x86, r-release-linux-ix86, r-release-linux-x86_64, r-release-windows-ix86+x86_64, r-oldrel-windows-ix86+x86_64

Version: 1.0
Check: whether package can be installed
Result: ERROR
    Installation failed.
Flavors: r-release-osx-x86_64-mavericks, r-release-osx-x86_64-snowleopard