CRAN Package Check Results for Package rsprng

Last updated on 2014-11-24 05:47:41.

Flavor Version Tinstall Tcheck Ttotal Status Flags
r-devel-linux-x86_64-debian-clang 1.0 1.34 9.72 11.06 NOTE
r-devel-linux-x86_64-debian-gcc 1.0 1.28 9.39 10.67 NOTE
r-devel-linux-x86_64-fedora-clang 1.0 22.45 NOTE
r-devel-linux-x86_64-fedora-gcc 1.0 20.53 NOTE
r-devel-osx-x86_64-clang 1.0 27.79 NOTE
r-devel-windows-ix86+x86_64 1.0 5.00 20.00 25.00 NOTE
r-patched-linux-x86_64 1.0 1.38 9.29 10.68 NOTE
r-patched-solaris-sparc 1.0 115.40 NOTE
r-patched-solaris-x86 1.0 31.70 NOTE
r-release-linux-ix86 1.0 2.42 15.01 17.42 NOTE
r-release-linux-x86_64 1.0 1.33 9.33 10.66 NOTE
r-release-osx-x86_64-mavericks 1.0 ERROR
r-release-osx-x86_64-snowleopard 1.0 ERROR
r-release-windows-ix86+x86_64 1.0 5.00 25.00 30.00 NOTE
r-oldrel-windows-ix86+x86_64 1.0 6.00 19.00 25.00 NOTE

Check Details

Version: 1.0
Check: Rd files
Result: NOTE
    prepare_Rd: free.sprng.Rd:11-12: Dropping empty section \arguments
Flavors: r-devel-linux-x86_64-debian-clang, r-devel-linux-x86_64-debian-gcc, r-devel-linux-x86_64-fedora-clang, r-devel-linux-x86_64-fedora-gcc, r-devel-osx-x86_64-clang, r-devel-windows-ix86+x86_64, r-patched-linux-x86_64, r-patched-solaris-sparc, r-patched-solaris-x86, r-release-linux-ix86, r-release-linux-x86_64, r-release-windows-ix86+x86_64, r-oldrel-windows-ix86+x86_64

Version: 1.0
Check: whether package can be installed
Result: ERROR
    Installation failed.
Flavors: r-release-osx-x86_64-mavericks, r-release-osx-x86_64-snowleopard