CRAN Package Check Results for Package rsprng

Last updated on 2015-03-05 23:48:28.

Flavor Version Tinstall Tcheck Ttotal Status Flags
r-devel-linux-x86_64-debian-clang 1.0 1.41 9.00 10.41 NOTE
r-devel-linux-x86_64-debian-gcc 1.0 1.25 8.66 9.91 NOTE
r-devel-linux-x86_64-fedora-clang 1.0 19.36 NOTE
r-devel-linux-x86_64-fedora-gcc 1.0 18.57 NOTE
r-devel-osx-x86_64-clang 1.0 28.07 NOTE
r-devel-windows-ix86+x86_64 1.0 7.00 21.00 28.00 NOTE
r-patched-linux-x86_64 1.0 1.34 9.59 10.93 NOTE
r-patched-solaris-sparc 1.0 149.20 NOTE
r-patched-solaris-x86 1.0 32.40 NOTE
r-release-linux-ix86 1.0 2.36 15.80 18.16 NOTE
r-release-linux-x86_64 1.0 1.35 9.52 10.87 NOTE
r-release-osx-x86_64-mavericks 1.0 ERROR
r-release-osx-x86_64-snowleopard 1.0 ERROR
r-release-windows-ix86+x86_64 1.0 5.00 25.00 30.00 NOTE
r-oldrel-windows-ix86+x86_64 1.0 6.00 19.00 25.00 NOTE

Check Details

Version: 1.0
Check: Rd files
Result: NOTE
    prepare_Rd: free.sprng.Rd:11-12: Dropping empty section \arguments
Flavors: r-devel-linux-x86_64-debian-clang, r-devel-linux-x86_64-debian-gcc, r-devel-linux-x86_64-fedora-clang, r-devel-linux-x86_64-fedora-gcc, r-devel-osx-x86_64-clang, r-devel-windows-ix86+x86_64, r-patched-linux-x86_64, r-patched-solaris-sparc, r-patched-solaris-x86, r-release-linux-ix86, r-release-linux-x86_64, r-release-windows-ix86+x86_64, r-oldrel-windows-ix86+x86_64

Version: 1.0
Check: whether package can be installed
Result: ERROR
    Installation failed.
Flavors: r-release-osx-x86_64-mavericks, r-release-osx-x86_64-snowleopard