CRAN Package Check Results for Package rsprng

Last updated on 2014-10-23 00:48:08.

Flavor Version Tinstall Tcheck Ttotal Status Flags
r-devel-linux-x86_64-debian-clang 1.0 1.33 9.76 11.09 NOTE
r-devel-linux-x86_64-debian-gcc 1.0 1.37 9.29 10.66 NOTE
r-devel-linux-x86_64-fedora-clang 1.0 21.01 NOTE
r-devel-linux-x86_64-fedora-gcc 1.0 19.56 NOTE
r-devel-osx-x86_64-clang 1.0 25.70 NOTE
r-devel-windows-ix86+x86_64 1.0 5.00 21.00 26.00 NOTE
r-patched-linux-x86_64 1.0 1.46 9.39 10.84 NOTE
r-patched-solaris-sparc 1.0 115.40 NOTE
r-patched-solaris-x86 1.0 29.90 NOTE
r-release-linux-ix86 1.0 2.37 14.70 17.07 NOTE
r-release-linux-x86_64 1.0 1.34 9.38 10.72 NOTE
r-release-osx-x86_64-mavericks 1.0 ERROR
r-release-osx-x86_64-snowleopard 1.0 ERROR
r-release-windows-ix86+x86_64 1.0 7.00 24.00 31.00 NOTE
r-oldrel-windows-ix86+x86_64 1.0 6.00 19.00 25.00 NOTE

Check Details

Version: 1.0
Check: Rd files
Result: NOTE
    prepare_Rd: free.sprng.Rd:11-12: Dropping empty section \arguments
Flavors: r-devel-linux-x86_64-debian-clang, r-devel-linux-x86_64-debian-gcc, r-devel-linux-x86_64-fedora-clang, r-devel-linux-x86_64-fedora-gcc, r-devel-osx-x86_64-clang, r-devel-windows-ix86+x86_64, r-patched-linux-x86_64, r-patched-solaris-sparc, r-patched-solaris-x86, r-release-linux-ix86, r-release-linux-x86_64, r-release-windows-ix86+x86_64, r-oldrel-windows-ix86+x86_64

Version: 1.0
Check: whether package can be installed
Result: ERROR
    Installation failed.
Flavors: r-release-osx-x86_64-mavericks, r-release-osx-x86_64-snowleopard