CRAN Package Check Results for Package rstan

Last updated on 2024-02-27 23:55:48 CET.

Flavor Version Tinstall Tcheck Ttotal Status Flags
r-devel-linux-x86_64-debian-clang 2.32.5 263.96 224.13 488.09 NOTE
r-devel-linux-x86_64-debian-gcc 2.32.5 217.94 179.41 397.35 NOTE
r-devel-linux-x86_64-fedora-clang 2.32.5 637.65 NOTE
r-devel-linux-x86_64-fedora-gcc 2.32.5 1488.12 NOTE
r-devel-windows-x86_64 2.32.5 210.00 196.00 406.00 NOTE
r-patched-linux-x86_64 2.32.5 285.32 237.05 522.37 NOTE
r-release-linux-x86_64 2.32.5 297.89 233.93 531.82 NOTE
r-release-macos-arm64 2.32.5 258.00 NOTE
r-release-macos-x86_64 2.32.5 541.00 NOTE
r-release-windows-x86_64 2.32.5 271.00 241.00 512.00 NOTE
r-oldrel-macos-arm64 2.32.5 247.00 NOTE
r-oldrel-windows-x86_64 2.32.5 267.00 238.00 505.00 NOTE

Check Details

Version: 2.32.5
Check: for GNU extensions in Makefiles
Result: NOTE GNU make is a SystemRequirements. Flavors: r-devel-linux-x86_64-debian-clang, r-devel-linux-x86_64-debian-gcc, r-devel-linux-x86_64-fedora-clang, r-devel-linux-x86_64-fedora-gcc, r-devel-windows-x86_64, r-patched-linux-x86_64, r-release-linux-x86_64, r-release-macos-arm64, r-release-macos-x86_64, r-release-windows-x86_64, r-oldrel-macos-arm64, r-oldrel-windows-x86_64

Version: 2.32.5
Check: Rd cross-references
Result: NOTE Undeclared package ‘rstanarm’ in Rd xrefs Flavor: r-devel-linux-x86_64-fedora-clang

Version: 2.32.5
Check: installed package size
Result: NOTE installed size is 5.4Mb sub-directories of 1Mb or more: lib 2.1Mb libs 1.5Mb Flavors: r-devel-windows-x86_64, r-release-macos-arm64, r-release-macos-x86_64, r-release-windows-x86_64, r-oldrel-macos-arm64, r-oldrel-windows-x86_64