CRAN Package Check Results for Package rstatix

Last updated on 2024-07-18 19:49:09 CEST.

Flavor Version Tinstall Tcheck Ttotal Status Flags
r-devel-linux-x86_64-debian-clang 0.7.2 9.41 147.84 157.25 NOTE
r-devel-linux-x86_64-debian-gcc 0.7.2 10.47 107.51 117.98 NOTE
r-devel-linux-x86_64-fedora-clang 0.7.2 202.18 NOTE
r-devel-linux-x86_64-fedora-gcc 0.7.2 185.11 NOTE
r-devel-windows-x86_64 0.7.2 14.00 133.00 147.00 NOTE
r-patched-linux-x86_64 0.7.2 10.06 137.67 147.73 NOTE
r-release-linux-x86_64 0.7.2 11.66 136.49 148.15 NOTE
r-release-macos-arm64 0.7.2 51.00 NOTE
r-release-macos-x86_64 0.7.2 74.00 NOTE
r-release-windows-x86_64 0.7.2 13.00 134.00 147.00 NOTE
r-oldrel-macos-arm64 0.7.2 63.00 OK
r-oldrel-macos-x86_64 0.7.2 98.00 NOTE
r-oldrel-windows-x86_64 0.7.2 16.00 165.00 181.00 OK

Check Details

Version: 0.7.2
Check: Rd files
Result: NOTE checkRd: (-1) box_m.Rd:19: Lost braces in \itemize; \value handles \item{}{} directly checkRd: (-1) box_m.Rd:20: Lost braces in \itemize; \value handles \item{}{} directly checkRd: (-1) box_m.Rd:21: Lost braces in \itemize; \value handles \item{}{} directly checkRd: (-1) box_m.Rd:22: Lost braces in \itemize; \value handles \item{}{} directly checkRd: (-1) wilcox_test.Rd:91: Lost braces; missing escapes or markup? 91 | distribution of \code{(u+v)/2}, where \code{u} and {v} are independent, each | ^ Flavors: r-devel-linux-x86_64-debian-clang, r-devel-linux-x86_64-debian-gcc, r-devel-linux-x86_64-fedora-clang, r-devel-linux-x86_64-fedora-gcc, r-devel-windows-x86_64, r-patched-linux-x86_64, r-release-linux-x86_64, r-release-macos-arm64, r-release-macos-x86_64, r-release-windows-x86_64

Version: 0.7.2
Check: package dependencies
Result: NOTE Package suggested but not available for checking: ‘ggpubr’ Flavor: r-oldrel-macos-x86_64