CRAN Package Check Results for Package rstream

Last updated on 2017-04-30 23:51:53.

Flavor Version Tinstall Tcheck Ttotal Status Flags
r-devel-linux-x86_64-debian-clang 1.3.4 1.73 20.00 21.73 NOTE
r-devel-linux-x86_64-debian-gcc 1.3.4 1.72 19.75 21.46 NOTE
r-devel-linux-x86_64-fedora-clang 1.3.4 41.29 NOTE --no-stop-on-test-error
r-devel-linux-x86_64-fedora-gcc 1.3.4 36.84 NOTE --no-stop-on-test-error
r-devel-windows-ix86+x86_64 1.3.4 10.00 64.00 74.00 OK
r-patched-linux-x86_64 1.3.4 1.79 19.67 21.45 NOTE
r-patched-solaris-sparc 1.3.4 224.70 OK
r-patched-solaris-x86 1.3.4 51.20 OK
r-release-linux-x86_64 1.3.4 1.71 19.63 21.34 NOTE
r-release-windows-ix86+x86_64 1.3.4 9.00 51.00 60.00 OK
r-release-osx-x86_64 1.3.4 OK
r-oldrel-windows-ix86+x86_64 1.3.4 7.00 43.00 50.00 OK
r-oldrel-osx-x86_64 1.3.4 OK

Check Details

Version: 1.3.4
Check: compiled code
Result: NOTE
    File ‘rstream/libs/rstream.so’:
     Found no calls to: ‘R_registerRoutines’, ‘R_useDynamicSymbols’
    
    It is good practice to register native routines and to disable symbol
    search.
    
    See ‘Writing portable packages’ in the ‘Writing R Extensions’ manual.
Flavors: r-devel-linux-x86_64-debian-clang, r-devel-linux-x86_64-debian-gcc, r-patched-linux-x86_64, r-release-linux-x86_64

Version: 1.3.4
Flags: --no-stop-on-test-error
Check: compiled code
Result: NOTE
    File ‘rstream/libs/rstream.so’:
     Found no calls to: ‘R_registerRoutines’, ‘R_useDynamicSymbols’
    
    It is good practice to register native routines and to disable symbol
    search.
    
    See ‘Writing portable packages’ in the ‘Writing R Extensions’ manual.
Flavors: r-devel-linux-x86_64-fedora-clang, r-devel-linux-x86_64-fedora-gcc