CRAN Package Check Results for Package rstream

Last updated on 2017-02-21 15:50:47.

Flavor Version Tinstall Tcheck Ttotal Status Flags
r-devel-linux-x86_64-debian-clang 1.3.4 1.69 19.71 21.40 NOTE
r-devel-linux-x86_64-debian-gcc 1.3.4 1.73 19.53 21.26 NOTE
r-devel-linux-x86_64-fedora-clang 1.3.4 36.45 NOTE --no-stop-on-test-error
r-devel-linux-x86_64-fedora-gcc 1.3.4 35.19 NOTE --no-stop-on-test-error
r-devel-macos-x86_64-clang 1.3.4 32.32 NOTE --no-stop-on-test-error
r-devel-windows-ix86+x86_64 1.3.4 8.00 53.00 61.00 OK
r-patched-linux-x86_64 1.3.4 1.53 16.22 17.75 OK
r-patched-solaris-sparc 1.3.4 189.20 OK
r-patched-solaris-x86 1.3.4 43.20 OK
r-release-linux-x86_64 1.3.4 1.46 16.04 17.50 OK
r-release-osx-x86_64-mavericks 1.3.4 OK
r-release-windows-ix86+x86_64 1.3.4 7.00 43.00 50.00 OK
r-oldrel-windows-ix86+x86_64 1.3.4 9.00 43.00 52.00 OK

Check Details

Version: 1.3.4
Check: compiled code
Result: NOTE
    File ‘rstream/libs/rstream.so’:
     Found no calls to: ‘R_registerRoutines’, ‘R_useDynamicSymbols’
    
    It is good practice to register native routines and to disable symbol
    search.
    
    See ‘Writing portable packages’ in the ‘Writing R Extensions’ manual.
Flavors: r-devel-linux-x86_64-debian-clang, r-devel-linux-x86_64-debian-gcc

Version: 1.3.4
Flags: --no-stop-on-test-error
Check: compiled code
Result: NOTE
    File ‘rstream/libs/rstream.so’:
     Found no calls to: ‘R_registerRoutines’, ‘R_useDynamicSymbols’
    
    It is good practice to register native routines and to disable symbol
    search.
    
    See ‘Writing portable packages’ in the ‘Writing R Extensions’ manual.
Flavors: r-devel-linux-x86_64-fedora-clang, r-devel-linux-x86_64-fedora-gcc, r-devel-macos-x86_64-clang