CRAN Package Check Results for Package rstream

Last updated on 2017-03-25 15:48:10.

Flavor Version Tinstall Tcheck Ttotal Status Flags
r-devel-linux-x86_64-debian-clang 1.3.4 1.72 19.98 21.70 NOTE
r-devel-linux-x86_64-debian-gcc 1.3.4 1.73 19.31 21.04 NOTE
r-devel-linux-x86_64-fedora-clang 1.3.4 40.50 NOTE --no-stop-on-test-error
r-devel-linux-x86_64-fedora-gcc 1.3.4 38.77 NOTE --no-stop-on-test-error
r-devel-macos-x86_64-clang 1.3.4 31.41 NOTE --no-stop-on-test-error
r-devel-windows-ix86+x86_64 1.3.4 9.00 53.00 62.00 OK
r-patched-linux-x86_64 1.3.4 1.76 19.41 21.17 NOTE
r-patched-solaris-sparc 1.3.4 224.70 OK
r-patched-solaris-x86 1.3.4 54.90 OK
r-release-linux-x86_64 1.3.4 1.46 16.00 17.45 OK
r-release-osx-x86_64-mavericks 1.3.4 OK
r-release-windows-ix86+x86_64 1.3.4 7.00 43.00 50.00 OK
r-oldrel-windows-ix86+x86_64 1.3.4 9.00 43.00 52.00 OK

Check Details

Version: 1.3.4
Check: compiled code
Result: NOTE
    File ‘rstream/libs/rstream.so’:
     Found no calls to: ‘R_registerRoutines’, ‘R_useDynamicSymbols’
    
    It is good practice to register native routines and to disable symbol
    search.
    
    See ‘Writing portable packages’ in the ‘Writing R Extensions’ manual.
Flavors: r-devel-linux-x86_64-debian-clang, r-devel-linux-x86_64-debian-gcc, r-patched-linux-x86_64

Version: 1.3.4
Flags: --no-stop-on-test-error
Check: compiled code
Result: NOTE
    File ‘rstream/libs/rstream.so’:
     Found no calls to: ‘R_registerRoutines’, ‘R_useDynamicSymbols’
    
    It is good practice to register native routines and to disable symbol
    search.
    
    See ‘Writing portable packages’ in the ‘Writing R Extensions’ manual.
Flavors: r-devel-linux-x86_64-fedora-clang, r-devel-linux-x86_64-fedora-gcc, r-devel-macos-x86_64-clang