CRAN Package Check Results for Package rstream

Last updated on 2017-06-23 18:47:00.

Flavor Version Tinstall Tcheck Ttotal Status Flags
r-devel-linux-x86_64-debian-clang 1.3.4 1.72 19.71 21.43 NOTE
r-devel-linux-x86_64-debian-gcc 1.3.5 1.83 19.72 21.54 OK
r-devel-linux-x86_64-fedora-clang 1.3.5 38.20 OK
r-devel-linux-x86_64-fedora-gcc 1.3.5 36.64 OK
r-devel-windows-ix86+x86_64 1.3.5 9.00 48.00 57.00 OK
r-patched-linux-x86_64 1.3.5 1.80 19.82 21.62 OK
r-patched-solaris-sparc 1.3.4 224.70 OK
r-patched-solaris-x86 1.3.5 46.10 OK
r-release-linux-x86_64 1.3.5 2.32 19.76 22.08 OK
r-release-windows-ix86+x86_64 1.3.5 9.00 52.00 61.00 OK
r-release-osx-x86_64 1.3.4 OK
r-oldrel-windows-ix86+x86_64 1.3.5 16.00 57.00 73.00 OK
r-oldrel-osx-x86_64 1.3.5 OK

Check Details

Version: 1.3.4
Check: compiled code
Result: NOTE
    File ‘rstream/libs/rstream.so’:
     Found no calls to: ‘R_registerRoutines’, ‘R_useDynamicSymbols’
    
    It is good practice to register native routines and to disable symbol
    search.
    
    See ‘Writing portable packages’ in the ‘Writing R Extensions’ manual.
Flavor: r-devel-linux-x86_64-debian-clang