CRAN Package Check Results for Package rstream

Last updated on 2015-06-30 06:47:15.

Flavor Version Tinstall Tcheck Ttotal Status Flags
r-devel-linux-x86_64-debian-clang 1.3.2 1.28 16.07 17.35 NOTE
r-devel-linux-x86_64-debian-gcc 1.3.2 1.38 16.48 17.86 NOTE
r-devel-linux-x86_64-fedora-clang 1.3.2 32.30 OK
r-devel-linux-x86_64-fedora-gcc 1.3.2 31.28 OK
r-devel-osx-x86_64-clang 1.3.2 28.77 OK
r-devel-windows-ix86+x86_64 1.3.2 9.00 37.00 46.00 OK
r-patched-linux-x86_64 1.3.2 1.50 15.75 17.25 OK
r-patched-solaris-sparc 1.3.2 213.40 OK
r-patched-solaris-x86 1.3.2 47.00 OK
r-release-linux-x86_64 1.3.2 1.50 16.66 18.16 OK
r-release-osx-x86_64-mavericks 1.3.2 OK
r-release-windows-ix86+x86_64 1.3.2 7.00 39.00 46.00 OK
r-oldrel-windows-ix86+x86_64 1.3.2 13.00 40.00 53.00 OK

Check Details

Version: 1.3.2
Check: R code for possible problems
Result: NOTE
    .rstream.runif.sample: no visible global function definition for
     ‘runif’
Flavors: r-devel-linux-x86_64-debian-clang, r-devel-linux-x86_64-debian-gcc