CRAN Package Check Results for Package rsyntax

Last updated on 2020-09-30 00:47:40 CEST.

Flavor Version Tinstall Tcheck Ttotal Status Flags
r-devel-linux-x86_64-debian-clang 0.1.0 7.45 61.84 69.29 OK
r-devel-linux-x86_64-debian-gcc 0.1.0 5.42 46.29 51.71 OK
r-devel-linux-x86_64-fedora-clang 0.1.0 88.88 NOTE
r-devel-linux-x86_64-fedora-gcc 0.1.0 80.95 OK
r-devel-windows-ix86+x86_64 0.1.0 11.00 62.00 73.00 OK
r-patched-linux-x86_64 0.1.0 5.96 57.13 63.09 OK
r-patched-solaris-x86 0.1.0 103.80 OK
r-release-linux-x86_64 0.1.0 5.86 58.24 64.10 OK
r-release-macos-x86_64 0.1.0 OK
r-release-windows-ix86+x86_64 0.1.0 12.00 79.00 91.00 OK
r-oldrel-macos-x86_64 0.1.0 OK
r-oldrel-windows-ix86+x86_64 0.1.0 10.00 82.00 92.00 OK

Check Details

Version: 0.1.0
Check: Rd cross-references
Result: NOTE
    Undeclared package ‘spacyr’ in Rd xrefs
Flavor: r-devel-linux-x86_64-fedora-clang