CRAN Package Check Results for Package rt3

Last updated on 2024-02-22 15:49:31 CET.

Flavor Version Tinstall Tcheck Ttotal Status Flags
r-devel-linux-x86_64-debian-clang 0.1.2 NOTE
r-devel-linux-x86_64-debian-gcc 0.1.2 1.58 17.50 19.08 NOTE
r-devel-linux-x86_64-fedora-clang 0.1.2 30.49 NOTE
r-devel-linux-x86_64-fedora-gcc 0.1.2 29.13 NOTE
r-devel-windows-x86_64 0.1.2 3.00 40.00 43.00 NOTE
r-patched-linux-x86_64 0.1.2 1.99 22.11 24.10 NOTE
r-release-linux-x86_64 0.1.2 1.92 22.02 23.94 NOTE
r-release-macos-arm64 0.1.2 15.00 NOTE
r-release-macos-x86_64 0.1.2 20.00 NOTE
r-release-windows-x86_64 0.1.2 3.00 41.00 44.00 NOTE
r-oldrel-macos-arm64 0.1.2 16.00 NOTE
r-oldrel-windows-x86_64 0.1.2 4.00 46.00 50.00 NOTE

Check Details

Version: 0.1.2
Check: LazyData
Result: NOTE 'LazyData' is specified without a 'data' directory Flavors: r-devel-linux-x86_64-debian-clang, r-devel-linux-x86_64-debian-gcc, r-devel-linux-x86_64-fedora-clang, r-devel-linux-x86_64-fedora-gcc, r-devel-windows-x86_64, r-patched-linux-x86_64, r-release-linux-x86_64, r-release-macos-arm64, r-release-macos-x86_64, r-release-windows-x86_64, r-oldrel-macos-arm64, r-oldrel-windows-x86_64