CRAN Package Check Results for Package rtables

Last updated on 2021-04-16 23:48:17 CEST.

Flavor Version Tinstall Tcheck Ttotal Status Flags
r-devel-linux-x86_64-debian-clang 0.3.6 22.48 161.89 184.37 OK
r-devel-linux-x86_64-debian-gcc 0.3.6 18.71 120.19 138.90 OK
r-devel-linux-x86_64-fedora-clang 0.3.6 228.85 NOTE
r-devel-linux-x86_64-fedora-gcc 0.3.6 228.23 OK
r-devel-windows-ix86+x86_64 0.3.6 44.00 163.00 207.00 NOTE
r-devel-windows-x86_64-gcc10-UCRT 0.3.6 OK
r-patched-linux-x86_64 0.3.6 22.00 153.38 175.38 OK
r-patched-solaris-x86 0.3.6 267.30 NOTE
r-release-linux-x86_64 0.3.6 22.98 152.76 175.74 OK
r-release-macos-x86_64 0.3.6 NOTE
r-release-windows-ix86+x86_64 0.3.6 35.00 196.00 231.00 NOTE
r-oldrel-macos-x86_64 0.3.6 NOTE
r-oldrel-windows-ix86+x86_64 0.3.6 24.00 183.00 207.00 NOTE

Check Details

Version: 0.3.6
Check: installed package size
Result: NOTE
     installed size is 6.0Mb
     sub-directories of 1Mb or more:
     R 1.1Mb
     bootstrap 1.6Mb
     data 2.2Mb
Flavors: r-devel-linux-x86_64-fedora-clang, r-devel-windows-ix86+x86_64, r-patched-solaris-x86, r-release-macos-x86_64, r-release-windows-ix86+x86_64, r-oldrel-macos-x86_64, r-oldrel-windows-ix86+x86_64