CRAN Package Check Results for Package rtematres

Last updated on 2014-04-24 21:47:49.

Flavor Version Tinstall Tcheck Ttotal Status Flags
r-devel-linux-x86_64-debian-clang 0.2 2.06 23.66 25.72 OK
r-devel-linux-x86_64-debian-gcc 0.2 1.90 23.47 25.36 OK
r-devel-linux-x86_64-fedora-clang 0.2 51.46 OK
r-devel-linux-x86_64-fedora-gcc 0.2 50.03 OK
r-devel-osx-x86_64-clang 0.2 49.63 OK
r-devel-osx-x86_64-gcc 0.2 ERROR
r-devel-windows-ix86+x86_64 0.2 5.00 33.00 38.00 OK
r-patched-linux-x86_64 0.2 1.87 22.92 24.78 OK
r-patched-solaris-sparc 0.2 288.10 OK
r-patched-solaris-x86 0.2 68.20 OK
r-release-linux-ix86 0.2 3.00 42.00 45.00 OK
r-release-linux-x86_64 0.2 1.89 23.44 25.33 OK
r-release-osx-x86_64-mavericks 0.2 WARN
r-release-osx-x86_64-snowleopard 0.2 OK
r-release-windows-ix86+x86_64 0.2 5.00 35.00 40.00 OK
r-oldrel-windows-ix86+x86_64 0.2 6.00 32.00 38.00 OK

Check Details

Version: 0.2
Check: package dependencies
Result: ERROR
    Package required but not available: ‘XML’
    
    Package suggested but not available for checking: ‘ggplot2’
    
    See the information on DESCRIPTION files in the chapter ‘Creating R
    packages’ of the ‘Writing R Extensions’ manual.
Flavor: r-devel-osx-x86_64-gcc

Version: 0.2
Check: PDF version of manual
Result: WARNING
    LaTeX errors when creating PDF version.
    This typically indicates Rd problems.
    LaTeX errors found:
    ! LaTeX Error: File `upquote.sty' not found.
    
    Type X to quit or <RETURN> to proceed,
    or enter new name. (Default extension: sty)
    
    39ceadf/Rd2.tex:8: ==> Fatal error occurred, no output PDF file produced!
Flavor: r-release-osx-x86_64-mavericks