CRAN Package Check Results for Package rtematres

Last updated on 2015-05-29 15:47:08.

Flavor Version Tinstall Tcheck Ttotal Status Flags
r-devel-linux-x86_64-debian-clang 0.2 1.26 18.37 19.64 OK
r-devel-linux-x86_64-debian-gcc 0.2 1.24 17.33 18.57 OK
r-devel-linux-x86_64-fedora-clang 0.2 38.78 OK
r-devel-linux-x86_64-fedora-gcc 0.2 35.13 OK
r-devel-osx-x86_64-clang 0.2 37.10 OK
r-devel-windows-ix86+x86_64 0.2 5.00 28.00 33.00 OK
r-patched-linux-x86_64 0.2 1.30 18.33 19.64 OK
r-patched-solaris-sparc 0.2 225.40 OK
r-patched-solaris-x86 0.2 53.30 OK
r-release-linux-x86_64 0.2 1.25 17.31 18.56 OK
r-release-osx-x86_64-mavericks 0.2 OK
r-release-osx-x86_64-snowleopard 0.2 ERROR
r-release-windows-ix86+x86_64 0.2 4.00 29.00 33.00 OK
r-oldrel-windows-ix86+x86_64 0.2 7.00 37.00 44.00 OK

Check Details

Version: 0.2
Check: package dependencies
Result: ERROR
    Package required but not available: ‘XML’
    
    Package suggested but not available for checking: ‘ggplot2’
    
    See section ‘The DESCRIPTION file’ in the ‘Writing R Extensions’
    manual.
Flavor: r-release-osx-x86_64-snowleopard