CRAN Package Check Results for Package rtemps

Last updated on 2022-12-04 22:54:53 CET.

Flavor Version Tinstall Tcheck Ttotal Status Flags
r-devel-linux-x86_64-debian-clang 0.8.0 2.05 23.10 25.15 NOTE
r-devel-linux-x86_64-debian-gcc 0.8.0 1.54 18.37 19.91 NOTE
r-devel-linux-x86_64-fedora-clang 0.8.0 44.48 NOTE
r-devel-linux-x86_64-fedora-gcc 0.8.0 40.96 NOTE
r-devel-windows-x86_64 0.8.0 37.00 56.00 93.00 NOTE
r-patched-linux-x86_64 0.8.0 1.87 22.45 24.32 NOTE
r-release-linux-x86_64 0.8.0 2.03 23.20 25.23 NOTE
r-release-macos-arm64 0.8.0 16.00 NOTE
r-release-macos-x86_64 0.8.0 27.00 NOTE
r-release-windows-x86_64 0.8.0 45.00 69.00 114.00 NOTE
r-oldrel-macos-arm64 0.8.0 20.00 NOTE
r-oldrel-macos-x86_64 0.8.0 23.00 NOTE
r-oldrel-windows-ix86+x86_64 0.8.0 7.00 51.00 58.00 NOTE

Check Details

Version: 0.8.0
Check: LazyData
Result: NOTE
     'LazyData' is specified without a 'data' directory
Flavors: r-devel-linux-x86_64-debian-clang, r-devel-linux-x86_64-debian-gcc, r-devel-linux-x86_64-fedora-clang, r-devel-linux-x86_64-fedora-gcc, r-devel-windows-x86_64, r-patched-linux-x86_64, r-release-linux-x86_64, r-release-macos-arm64, r-release-macos-x86_64, r-release-windows-x86_64, r-oldrel-macos-arm64, r-oldrel-macos-x86_64, r-oldrel-windows-ix86+x86_64