CRAN Package Check Results for Package rtf

Last updated on 2014-04-23 07:55:08.

Flavor Version Tinstall Tcheck Ttotal Status Flags
r-devel-linux-x86_64-debian-clang 0.4-11 0.91 28.53 29.44 OK
r-devel-linux-x86_64-debian-gcc 0.4-11 0.92 28.49 29.40 OK
r-devel-linux-x86_64-fedora-clang 0.4-11 59.13 OK
r-devel-linux-x86_64-fedora-gcc 0.4-11 56.54 OK
r-devel-osx-x86_64-clang 0.4-11 61.01 OK
r-devel-osx-x86_64-gcc 0.4-11 WARN
r-devel-windows-ix86+x86_64 0.4-11 3.00 41.00 44.00 OK
r-patched-linux-x86_64 0.4-11 0.90 27.88 28.78 OK
r-patched-solaris-sparc 0.4-11 359.20 OK
r-patched-solaris-x86 0.4-11 89.40 OK
r-release-linux-ix86 0.4-11 1.00 55.00 56.00 OK
r-release-linux-x86_64 0.4-11 0.98 28.58 29.56 OK
r-release-osx-x86_64-mavericks 0.4-11 WARN
r-release-osx-x86_64-snowleopard 0.4-11 OK
r-release-windows-ix86+x86_64 0.4-11 3.00 41.00 44.00 OK
r-oldrel-windows-ix86+x86_64 0.4-11 3.00 41.00 44.00 OK

Check Details

Version: 0.4-11
Check: package dependencies
Result: NOTE
    Package suggested but not available for checking: ‘ggplot2’
Flavor: r-devel-osx-x86_64-gcc

Version: 0.4-11
Check: running R code from vignettes
Result: WARNING
    Errors in running code in vignettes:
    when running code in ‘rtf.Rnw’
     ...
    > print(p3)
    
    > addTrellisObject(rtf, trellis.object = p3, width = 6,
    + height = 6, res = 300)
    
    > library(ggplot2)
    
     When sourcing ‘rtf.R’:
    Error: there is no package called ‘ggplot2’
    Execution halted
Flavor: r-devel-osx-x86_64-gcc

Version: 0.4-11
Check: re-building of vignette outputs
Result: NOTE
    Error in re-building vignettes:
     ...
    
    Error: processing vignette 'rtf.Rnw' failed with diagnostics:
     chunk 29
    Error in library(ggplot2) : there is no package called ‘ggplot2’
    Execution halted
Flavor: r-devel-osx-x86_64-gcc

Version: 0.4-11
Check: PDF version of manual
Result: WARNING
    LaTeX errors when creating PDF version.
    This typically indicates Rd problems.
    LaTeX errors found:
    ! LaTeX Error: File `upquote.sty' not found.
    
    Type X to quit or <RETURN> to proceed,
    or enter new name. (Default extension: sty)
    
    df59b0/Rd2.tex:8: ==> Fatal error occurred, no output PDF file produced!
Flavor: r-release-osx-x86_64-mavericks