CRAN Package Check Results for Package rtf

Last updated on 2015-04-27 06:46:50.

Flavor Version Tinstall Tcheck Ttotal Status Flags
r-devel-linux-x86_64-debian-clang 0.4-11 0.98 25.54 26.52 NOTE
r-devel-linux-x86_64-debian-gcc 0.4-11 0.79 25.32 26.10 NOTE
r-devel-linux-x86_64-fedora-clang 0.4-11 50.95 NOTE
r-devel-linux-x86_64-fedora-gcc 0.4-11 47.80 NOTE
r-devel-osx-x86_64-clang 0.4-11 54.93 NOTE
r-devel-windows-ix86+x86_64 0.4-11 3.00 41.00 44.00 OK
r-patched-linux-x86_64 0.4-11 1.08 25.32 26.40 NOTE
r-patched-solaris-sparc 0.4-11 355.10 OK
r-patched-solaris-x86 0.4-11 70.10 NOTE
r-release-linux-x86_64 0.4-11 0.75 24.79 25.54 NOTE
r-release-osx-x86_64-mavericks 0.4-11 OK
r-release-osx-x86_64-snowleopard 0.4-11 WARN
r-release-windows-ix86+x86_64 0.4-11 4.00 40.00 44.00 OK
r-oldrel-windows-ix86+x86_64 0.4-11 3.00 37.00 40.00 OK

Check Details

Version: 0.4-11
Check: S3 generic/method consistency
Result: NOTE
    Found the following apparent S3 methods exported but not registered:
     addHeader.RTF addNewLine.RTF addPageBreak.RTF addParagraph.RTF
     addPlot.RTF addPng.RTF addSessionInfo.RTF addTOC.RTF addTable.RTF
     addText.RTF addTrellisObject.RTF decreaseIndent.RTF done.RTF
     endParagraph.RTF increaseIndent.RTF setFontSize.RTF
     startParagraph.RTF view.RTF
    See section ‘Registering S3 methods’ in the ‘Writing R Extensions’
    manual.
Flavors: r-devel-linux-x86_64-debian-clang, r-devel-linux-x86_64-debian-gcc, r-devel-linux-x86_64-fedora-clang, r-devel-linux-x86_64-fedora-gcc, r-devel-osx-x86_64-clang, r-patched-solaris-x86

Version: 0.4-11
Check: package dependencies
Result: NOTE
    Package suggested but not available for checking: ‘ggplot2’
Flavor: r-release-osx-x86_64-snowleopard

Version: 0.4-11
Check: running R code from vignettes
Result: WARN
    Errors in running code in vignettes:
    when running code in ‘rtf.Rnw’
     ...
    > print(p3)
    
    > addTrellisObject(rtf, trellis.object = p3, width = 6,
    + height = 6, res = 300)
    
    > library(ggplot2)
    
     When sourcing ‘rtf.R’:
    Error: there is no package called ‘ggplot2’
    Execution halted
Flavor: r-release-osx-x86_64-snowleopard

Version: 0.4-11
Check: re-building of vignette outputs
Result: NOTE
    Error in re-building vignettes:
     ...
    
    Error: processing vignette 'rtf.Rnw' failed with diagnostics:
     chunk 29
    Error in library(ggplot2) : there is no package called ‘ggplot2’
    Execution halted
Flavor: r-release-osx-x86_64-snowleopard