CRAN Package Check Results for Package rtf

Last updated on 2023-12-08 00:52:07 CET.

Flavor Version Tinstall Tcheck Ttotal Status Flags
r-devel-linux-x86_64-debian-clang 0.4-14.1 3.14 48.51 51.65 NOTE
r-devel-linux-x86_64-debian-gcc 0.4-14.1 2.51 38.14 40.65 NOTE
r-devel-linux-x86_64-fedora-clang 0.4-14.1 67.63 NOTE
r-devel-linux-x86_64-fedora-gcc 0.4-14.1 76.14 NOTE
r-devel-windows-x86_64 0.4-14.1 3.00 73.00 76.00 OK
r-patched-linux-x86_64 0.4-14.1 3.78 48.05 51.83 NOTE
r-release-linux-x86_64 0.4-14.1 3.70 48.48 52.18 NOTE
r-release-macos-arm64 0.4-14.1 33.00 OK
r-release-macos-x86_64 0.4-14.1 56.00 OK
r-release-windows-x86_64 0.4-14.1 5.00 71.00 76.00 OK
r-oldrel-macos-arm64 0.4-14.1 36.00 OK
r-oldrel-macos-x86_64 0.4-14.1 41.00 OK
r-oldrel-windows-x86_64 0.4-14.1 5.00 76.00 81.00 OK

Check Details

Version: 0.4-14.1
Check: for non-standard things in the check directory
Result: NOTE Found the following files/directories: ‘test_addPageBreak.doc’ ‘test_addPlot.doc’ ‘test_addSessionInfo.doc’ ‘test_addTable.doc’ Flavors: r-devel-linux-x86_64-debian-clang, r-devel-linux-x86_64-debian-gcc, r-devel-linux-x86_64-fedora-clang, r-devel-linux-x86_64-fedora-gcc, r-patched-linux-x86_64, r-release-linux-x86_64