CRAN Package Check Results for Package rtf

Last updated on 2018-04-24 10:47:37 CEST.

Flavor Version Tinstall Tcheck Ttotal Status Flags
r-devel-linux-x86_64-debian-clang 0.4-11 2.19 22.18 24.37 ERROR
r-devel-linux-x86_64-debian-gcc 0.4-11 1.23 20.49 21.72 ERROR
r-devel-linux-x86_64-fedora-clang 0.4-11 50.15 NOTE
r-devel-linux-x86_64-fedora-gcc 0.4-11 48.28 NOTE
r-devel-windows-ix86+x86_64 0.4-11 5.00 52.00 57.00 NOTE
r-patched-linux-x86_64 0.4-11 2.37 25.47 27.84 ERROR
r-patched-solaris-x86 0.4-11 73.00 NOTE
r-release-linux-x86_64 0.4-11 2.41 24.89 27.30 ERROR
r-release-windows-ix86+x86_64 0.4-11 5.00 52.00 57.00 NOTE
r-release-osx-x86_64 0.4-11 NOTE
r-oldrel-windows-ix86+x86_64 0.4-11 7.00 82.00 89.00 NOTE
r-oldrel-osx-x86_64 0.4-11 NOTE

Check Details

Version: 0.4-11
Check: S3 generic/method consistency
Result: NOTE
    Found the following apparent S3 methods exported but not registered:
     addHeader.RTF addNewLine.RTF addPageBreak.RTF addParagraph.RTF
     addPlot.RTF addPng.RTF addSessionInfo.RTF addTOC.RTF addTable.RTF
     addText.RTF addTrellisObject.RTF decreaseIndent.RTF done.RTF
     endParagraph.RTF increaseIndent.RTF setFontSize.RTF
     startParagraph.RTF view.RTF
    See section ‘Registering S3 methods’ in the ‘Writing R Extensions’
    manual.
Flavors: r-devel-linux-x86_64-debian-clang, r-devel-linux-x86_64-debian-gcc, r-devel-linux-x86_64-fedora-clang, r-devel-linux-x86_64-fedora-gcc, r-patched-linux-x86_64, r-patched-solaris-x86, r-release-linux-x86_64

Version: 0.4-11
Check: R code for possible problems
Result: NOTE
    .forest.plot: no visible global function definition for ‘par’
    .forest.plot: no visible global function definition for ‘plot’
    .forest.plot: no visible global function definition for ‘abline’
    .forest.plot: no visible global function definition for ‘arrows’
    .forest.plot: no visible global function definition for ‘points’
    .forest.plot.scale: no visible global function definition for ‘par’
    .forest.plot.scale: no visible global function definition for ‘plot’
    .forest.plot.scale: no visible global function definition for ‘axTicks’
    .forest.plot.scale : <anonymous>: no visible global function definition
     for ‘lines’
    .forest.plot.scale: no visible global function definition for ‘lines’
    .forest.plot.scale: no visible global function definition for ‘text’
    .rtf.plot: no visible global function definition for ‘png’
    .rtf.plot: no visible global function definition for ‘dev.off’
    .rtf.trellis.object: no visible global function definition for ‘png’
    .rtf.trellis.object: no visible global function definition for
     ‘dev.off’
    addSessionInfo.RTF: no visible global function definition for
     ‘sessionInfo’
    Undefined global functions or variables:
     abline arrows axTicks dev.off lines par plot png points sessionInfo
     text
    Consider adding
     importFrom("grDevices", "dev.off", "png")
     importFrom("graphics", "abline", "arrows", "axTicks", "lines", "par",
     "plot", "points", "text")
     importFrom("utils", "sessionInfo")
    to your NAMESPACE file.
Flavors: r-devel-linux-x86_64-debian-clang, r-devel-linux-x86_64-debian-gcc, r-devel-linux-x86_64-fedora-clang, r-devel-linux-x86_64-fedora-gcc, r-devel-windows-ix86+x86_64, r-patched-linux-x86_64, r-patched-solaris-x86, r-release-linux-x86_64, r-release-windows-ix86+x86_64, r-release-osx-x86_64, r-oldrel-windows-ix86+x86_64, r-oldrel-osx-x86_64

Version: 0.4-11
Check: examples
Result: ERROR
    Running examples in ‘rtf-Ex.R’ failed
    The error most likely occurred in:
    
    > base::assign(".ptime", proc.time(), pos = "CheckExEnv")
    > ### Name: addPageBreak.RTF
    > ### Title: Insert a page break into the RTF document optionally specifying
    > ### new page settings
    > ### Aliases: addPageBreak.RTF RTF.addPageBreak addPageBreak,RTF-method
    > ### Keywords: methods
    >
    > ### ** Examples
    >
    > rtf<-RTF("test_addPageBreak.doc",width=8.5,height=11,font.size=10,omi=c(1,1,1,1))
    > addPageBreak(rtf,width=11,height=8.5,omi=c(0.5,0.5,0.5,0.5))
    Error in UseMethod("addPageBreak") :
     no applicable method for 'addPageBreak' applied to an object of class "c('RTF', 'Object')"
    Calls: addPageBreak
    Execution halted
Flavors: r-devel-linux-x86_64-debian-clang, r-devel-linux-x86_64-debian-gcc, r-patched-linux-x86_64, r-release-linux-x86_64

Version: 0.4-11
Check: tests
Result: ERROR
     Running ‘tests.R’ [0s/0s]
    Running the tests in ‘tests/tests.R’ failed.
    Complete output:
     > require(rtf)
     Loading required package: rtf
     > require(lattice)
     Loading required package: lattice
     >
     > output<-"test_rtf-package.doc"
     > png.res<-300
     >
     > rtf<-RTF(output,width=8.5,height=11,font.size=10,omi=c(1,1,1,1))
     > addHeader(rtf,title="Test",subtitle="2011-08-15\n")
     Error in UseMethod("addHeader") :
     no applicable method for 'addHeader' applied to an object of class "c('RTF', 'Object')"
     Calls: addHeader
     Execution halted
Flavor: r-devel-linux-x86_64-debian-clang

Version: 0.4-11
Check: re-building of vignette outputs
Result: WARN
    Error in re-building vignettes:
     ...
    
    Error: processing vignette ‘rtf.Rnw’ failed with diagnostics:
     chunk 2
    Error in UseMethod("done") :
     no applicable method for ‘done’ applied to an object of class "c('RTF', 'Object')"
    Execution halted
Flavors: r-devel-linux-x86_64-debian-clang, r-devel-linux-x86_64-debian-gcc, r-patched-linux-x86_64, r-release-linux-x86_64

Version: 0.4-11
Check: tests
Result: ERROR
     Running ‘tests.R’ [0s/1s]
    Running the tests in ‘tests/tests.R’ failed.
    Complete output:
     > require(rtf)
     Loading required package: rtf
     > require(lattice)
     Loading required package: lattice
     >
     > output<-"test_rtf-package.doc"
     > png.res<-300
     >
     > rtf<-RTF(output,width=8.5,height=11,font.size=10,omi=c(1,1,1,1))
     > addHeader(rtf,title="Test",subtitle="2011-08-15\n")
     Error in UseMethod("addHeader") :
     no applicable method for 'addHeader' applied to an object of class "c('RTF', 'Object')"
     Calls: addHeader
     Execution halted
Flavors: r-devel-linux-x86_64-debian-gcc, r-patched-linux-x86_64, r-release-linux-x86_64