CRAN Package Check Results for Package rticles

Last updated on 2022-01-24 06:49:04 CET.

Flavor Version Tinstall Tcheck Ttotal Status Flags
r-devel-linux-x86_64-debian-clang 0.22 4.52 41.32 45.84 NOTE
r-devel-linux-x86_64-debian-gcc 0.22 3.37 32.26 35.63 NOTE
r-devel-linux-x86_64-fedora-clang 0.22 54.86 NOTE
r-devel-linux-x86_64-fedora-gcc 0.22 43.48 NOTE
r-devel-windows-x86_64-new-UL 0.22 492.00 67.00 559.00 NOTE
r-devel-windows-x86_64-new-TK 0.22 NOTE
r-patched-linux-x86_64 0.22 2.99 39.62 42.61 NOTE
r-release-linux-x86_64 0.22 2.60 39.54 42.14 NOTE
r-release-macos-arm64 0.22 NOTE
r-release-macos-x86_64 0.22 NOTE
r-release-windows-ix86+x86_64 0.22 9.00 50.00 59.00 NOTE
r-oldrel-macos-x86_64 0.22 NOTE
r-oldrel-windows-ix86+x86_64 0.22 9.00 49.00 58.00 NOTE

Check Details

Version: 0.22
Check: for GNU extensions in Makefiles
Result: NOTE
    GNU make is a SystemRequirements.
Flavors: r-devel-linux-x86_64-debian-clang, r-devel-linux-x86_64-debian-gcc, r-devel-linux-x86_64-fedora-clang, r-devel-linux-x86_64-fedora-gcc, r-devel-windows-x86_64-new-UL, r-devel-windows-x86_64-new-TK, r-patched-linux-x86_64, r-release-linux-x86_64, r-release-macos-arm64, r-release-macos-x86_64, r-release-windows-ix86+x86_64, r-oldrel-macos-x86_64, r-oldrel-windows-ix86+x86_64

Version: 0.22
Check: installed package size
Result: NOTE
     installed size is 7.0Mb
     sub-directories of 1Mb or more:
     rmarkdown 6.7Mb
Flavors: r-devel-linux-x86_64-fedora-clang, r-devel-windows-x86_64-new-UL, r-release-macos-arm64, r-release-macos-x86_64, r-release-windows-ix86+x86_64, r-oldrel-macos-x86_64, r-oldrel-windows-ix86+x86_64