Last updated on 2021-04-16 23:48:18 CEST.
Flavor | Version | Tinstall | Tcheck | Ttotal | Status | Flags |
---|---|---|---|---|---|---|
r-devel-linux-x86_64-debian-clang | 1.7.2 | 5.28 | 83.82 | 89.10 | OK | |
r-devel-linux-x86_64-debian-gcc | 1.7.2 | 4.46 | 64.24 | 68.70 | OK | |
r-devel-linux-x86_64-fedora-clang | 1.7.2 | 119.73 | NOTE | |||
r-devel-linux-x86_64-fedora-gcc | 1.7.2 | 107.75 | NOTE | |||
r-devel-windows-ix86+x86_64 | 1.7.2 | 14.00 | 86.00 | 100.00 | OK | |
r-devel-windows-x86_64-gcc10-UCRT | 1.7.2 | NOTE | ||||
r-patched-linux-x86_64 | 1.7.2 | 5.85 | 80.99 | 86.84 | OK | |
r-patched-solaris-x86 | 1.7.2 | 163.80 | NOTE | |||
r-release-linux-x86_64 | 1.7.2 | 5.62 | 79.55 | 85.17 | OK | |
r-release-macos-x86_64 | 1.7.2 | NOTE | ||||
r-release-windows-ix86+x86_64 | 1.7.2 | 15.00 | 108.00 | 123.00 | OK | |
r-oldrel-macos-x86_64 | 1.7.2 | NOTE | ||||
r-oldrel-windows-ix86+x86_64 | 1.7.2 | 7.00 | 102.00 | 109.00 | OK |
Version: 1.7.2
Check: dependencies in R code
Result: NOTE
Namespaces in Imports field not imported from:
‘stringr’ ‘tidyverse’
All declared Imports should be used.
Flavors: r-devel-linux-x86_64-fedora-clang, r-devel-linux-x86_64-fedora-gcc, r-devel-windows-x86_64-gcc10-UCRT, r-patched-solaris-x86, r-release-macos-x86_64, r-oldrel-macos-x86_64