CRAN Package Check Results for Package rtiff

Last updated on 2018-06-18 10:49:01 CEST.

Flavor Version Tinstall Tcheck Ttotal Status Flags
r-devel-linux-x86_64-debian-clang 1.4.5 2.46 21.80 24.26 NOTE
r-devel-linux-x86_64-debian-gcc 1.4.5 2.01 18.65 20.66 NOTE
r-devel-linux-x86_64-fedora-clang 1.4.5 30.17 NOTE
r-devel-linux-x86_64-fedora-gcc 1.4.5 29.37 NOTE
r-devel-windows-ix86+x86_64 1.4.5 8.00 97.00 105.00 OK
r-patched-linux-x86_64 1.4.5 2.29 21.70 23.99 NOTE
r-patched-solaris-x86 1.4.5 45.70 OK
r-release-linux-x86_64 1.4.5 2.18 21.86 24.04 NOTE
r-release-windows-ix86+x86_64 1.4.5 10.00 48.00 58.00 OK
r-release-osx-x86_64 1.4.5 OK
r-oldrel-windows-ix86+x86_64 1.4.5 7.00 49.00 56.00 OK
r-oldrel-osx-x86_64 1.4.5 OK

Check Details

Version: 1.4.5
Check: compiled code
Result: NOTE
    File ‘rtiff/libs/rtiff.so’:
     Found no calls to: ‘R_registerRoutines’, ‘R_useDynamicSymbols’
    
    It is good practice to register native routines and to disable symbol
    search.
    
    See ‘Writing portable packages’ in the ‘Writing R Extensions’ manual.
Flavors: r-devel-linux-x86_64-debian-clang, r-devel-linux-x86_64-debian-gcc, r-devel-linux-x86_64-fedora-clang, r-devel-linux-x86_64-fedora-gcc, r-patched-linux-x86_64, r-release-linux-x86_64