CRAN Package Check Results for Package rtiff

Last updated on 2019-08-24 06:47:30 CEST.

Flavor Version Tinstall Tcheck Ttotal Status Flags
r-devel-linux-x86_64-debian-clang 1.4.6 3.45 24.61 28.06 NOTE
r-devel-linux-x86_64-debian-gcc 1.4.6 2.79 19.88 22.67 NOTE
r-devel-linux-x86_64-fedora-clang 1.4.6 35.75 NOTE
r-devel-linux-x86_64-fedora-gcc 1.4.6 34.35 NOTE
r-devel-windows-ix86+x86_64 1.4.6 16.00 57.00 73.00 OK
r-patched-linux-x86_64 1.4.6 3.15 24.56 27.71 OK
r-patched-solaris-x86 1.4.6 53.00 OK
r-release-linux-x86_64 1.4.6 3.13 25.00 28.13 OK
r-release-windows-ix86+x86_64 1.4.6 8.00 70.00 78.00 OK
r-release-osx-x86_64 1.4.6 OK
r-oldrel-windows-ix86+x86_64 1.4.6 10.00 65.00 75.00 OK
r-oldrel-osx-x86_64 1.4.6 OK

Check Details

Version: 1.4.6
Check: for non-standard things in the check directory
Result: NOTE
    Found the following files/directories:
     'atesttif.tif'
Flavors: r-devel-linux-x86_64-debian-clang, r-devel-linux-x86_64-debian-gcc, r-devel-linux-x86_64-fedora-clang, r-devel-linux-x86_64-fedora-gcc