CRAN Package Check Results for Package rtiff

Last updated on 2017-12-11 02:48:59 CET.

Flavor Version Tinstall Tcheck Ttotal Status Flags
r-devel-linux-x86_64-debian-clang 1.4.5 1.63 18.58 20.21 NOTE
r-devel-linux-x86_64-debian-gcc 1.4.5 1.52 16.55 18.07 NOTE
r-devel-linux-x86_64-fedora-clang 1.4.5 26.74 NOTE
r-devel-linux-x86_64-fedora-gcc 1.4.5 25.48 NOTE
r-devel-windows-ix86+x86_64 1.4.5 11.00 42.00 53.00 OK
r-patched-linux-x86_64 1.4.5 1.61 21.14 22.75 NOTE
r-patched-solaris-x86 1.4.5 45.80 OK
r-release-linux-x86_64 1.4.5 1.73 21.31 23.04 NOTE
r-release-windows-ix86+x86_64 1.4.5 7.00 49.00 56.00 OK
r-release-osx-x86_64 1.4.5 OK
r-oldrel-windows-ix86+x86_64 1.4.5 6.00 38.00 44.00 OK
r-oldrel-osx-x86_64 1.4.5 OK

Check Details

Version: 1.4.5
Check: compiled code
Result: NOTE
    File ‘rtiff/libs/rtiff.so’:
     Found no calls to: ‘R_registerRoutines’, ‘R_useDynamicSymbols’
    
    It is good practice to register native routines and to disable symbol
    search.
    
    See ‘Writing portable packages’ in the ‘Writing R Extensions’ manual.
Flavors: r-devel-linux-x86_64-debian-clang, r-devel-linux-x86_64-debian-gcc, r-devel-linux-x86_64-fedora-clang, r-devel-linux-x86_64-fedora-gcc, r-patched-linux-x86_64, r-release-linux-x86_64