CRAN Package Check Results for Package rtiff

Last updated on 2019-06-17 10:48:28 CEST.

Flavor Version Tinstall Tcheck Ttotal Status Flags
r-devel-linux-x86_64-debian-clang 1.4.6 3.10 24.71 27.81 NOTE
r-devel-linux-x86_64-debian-gcc 1.4.6 2.54 19.82 22.36 NOTE
r-devel-linux-x86_64-fedora-clang 1.4.6 33.86 NOTE
r-devel-linux-x86_64-fedora-gcc 1.4.6 35.26 NOTE
r-devel-windows-ix86+x86_64 1.4.6 9.00 54.00 63.00 OK
r-patched-linux-x86_64 1.4.6 2.99 24.44 27.43 OK
r-patched-solaris-x86 1.4.6 51.00 OK
r-release-linux-x86_64 1.4.6 2.87 24.50 27.37 OK
r-release-windows-ix86+x86_64 1.4.6 8.00 70.00 78.00 OK
r-release-osx-x86_64 1.4.6 OK
r-oldrel-windows-ix86+x86_64 1.4.6 10.00 65.00 75.00 OK
r-oldrel-osx-x86_64 1.4.6 OK

Check Details

Version: 1.4.6
Check: for non-standard things in the check directory
Result: NOTE
    Found the following files/directories:
     'atesttif.tif'
Flavors: r-devel-linux-x86_64-debian-clang, r-devel-linux-x86_64-debian-gcc, r-devel-linux-x86_64-fedora-clang, r-devel-linux-x86_64-fedora-gcc