CRAN Package Check Results for Package rtodoist

Last updated on 2022-08-12 03:53:37 CEST.

Flavor Version Tinstall Tcheck Ttotal Status Flags
r-devel-linux-x86_64-debian-clang 0.1.0 5.47 51.86 57.33 NOTE
r-devel-linux-x86_64-debian-gcc 0.1.0 3.96 39.97 43.93 NOTE
r-devel-linux-x86_64-fedora-clang 0.1.0 78.86 NOTE
r-devel-linux-x86_64-fedora-gcc 0.1.0 76.43 NOTE
r-devel-windows-x86_64 0.1.0 26.00 80.00 106.00 NOTE
r-patched-linux-x86_64 0.1.0 4.91 49.72 54.63 NOTE
r-release-linux-x86_64 0.1.0 3.64 50.24 53.88 NOTE
r-release-macos-arm64 0.1.0 24.00 NOTE
r-release-macos-x86_64 0.1.0 47.00 NOTE
r-release-windows-x86_64 0.1.0 26.00 81.00 107.00 NOTE
r-oldrel-macos-arm64 0.1.0 30.00 NOTE
r-oldrel-macos-x86_64 0.1.0 35.00 NOTE
r-oldrel-windows-ix86+x86_64 0.1.0 15.00 70.00 85.00 NOTE

Check Details

Version: 0.1.0
Check: LazyData
Result: NOTE
     'LazyData' is specified without a 'data' directory
Flavors: r-devel-linux-x86_64-debian-clang, r-devel-linux-x86_64-debian-gcc, r-devel-linux-x86_64-fedora-clang, r-devel-linux-x86_64-fedora-gcc, r-devel-windows-x86_64, r-patched-linux-x86_64, r-release-linux-x86_64, r-release-macos-arm64, r-release-macos-x86_64, r-release-windows-x86_64, r-oldrel-macos-arm64, r-oldrel-macos-x86_64, r-oldrel-windows-ix86+x86_64