CRAN Package Check Results for Package rtop

Last updated on 2014-07-26 08:50:57.

Flavor Version Tinstall Tcheck Ttotal Status Flags
r-devel-linux-x86_64-debian-clang 0.3-45 3.20 42.81 46.01 OK
r-devel-linux-x86_64-debian-gcc 0.3-45 3.29 42.71 46.00 OK
r-devel-linux-x86_64-fedora-clang 0.3-45 99.69 OK
r-devel-linux-x86_64-fedora-gcc 0.3-45 93.44 OK
r-devel-osx-x86_64-clang 0.3-45 81.41 OK
r-devel-windows-ix86+x86_64 0.3-45 10.00 85.00 95.00 OK
r-patched-linux-x86_64 0.3-45 3.16 42.89 46.05 OK
r-patched-solaris-sparc 0.3-45 496.50 OK
r-patched-solaris-x86 0.3-45 121.50 OK
r-release-linux-ix86 0.3-45 4.29 53.63 57.92 OK
r-release-linux-x86_64 0.3-45 3.24 44.87 48.11 OK
r-release-osx-x86_64-mavericks 0.3-45 ERROR
r-release-osx-x86_64-snowleopard 0.3-45 OK
r-release-windows-ix86+x86_64 0.3-45 10.00 96.00 106.00 OK
r-oldrel-windows-ix86+x86_64 0.3-45 12.00 97.00 109.00 OK

Check Details

Version: 0.3-45
Check: package dependencies
Result: ERROR
    Package required but not available: ‘gstat’
    
    Packages suggested but not available for checking:
     ‘rgdal’ ‘intamap’ ‘rgeos’
    
    See the information on DESCRIPTION files in the chapter ‘Creating R
    packages’ of the ‘Writing R Extensions’ manual.
Flavor: r-release-osx-x86_64-mavericks