CRAN Package Check Results for Package rtop

Last updated on 2017-08-16 20:48:29.

Flavor Version Tinstall Tcheck Ttotal Status Flags
r-devel-linux-x86_64-debian-clang 0.5-10 2.90 55.40 58.30 NOTE
r-devel-linux-x86_64-debian-gcc 0.5-10 2.77 57.12 59.89 NOTE
r-devel-linux-x86_64-fedora-clang 0.5-10 106.30 NOTE
r-devel-linux-x86_64-fedora-gcc 0.5-10 101.77 NOTE
r-devel-windows-ix86+x86_64 0.5-10 10.00 122.00 132.00 OK
r-patched-linux-x86_64 0.5-10 3.14 55.45 58.59 NOTE
r-patched-solaris-x86 0.5-10 131.50 OK
r-release-linux-x86_64 0.5-10 2.81 55.00 57.81 NOTE
r-release-windows-ix86+x86_64 0.5-10 9.00 159.00 168.00 OK
r-release-osx-x86_64 0.5-10 OK
r-oldrel-windows-ix86+x86_64 0.5-10 14.00 100.00 114.00 OK
r-oldrel-osx-x86_64 0.5-10 OK

Check Details

Version: 0.5-10
Check: compiled code
Result: NOTE
    File ‘rtop/libs/rtop.so’:
     Found no calls to: ‘R_registerRoutines’, ‘R_useDynamicSymbols’
    
    It is good practice to register native routines and to disable symbol
    search.
    
    See ‘Writing portable packages’ in the ‘Writing R Extensions’ manual.
Flavors: r-devel-linux-x86_64-debian-clang, r-devel-linux-x86_64-debian-gcc, r-devel-linux-x86_64-fedora-clang, r-devel-linux-x86_64-fedora-gcc, r-patched-linux-x86_64, r-release-linux-x86_64