CRAN Package Check Results for Package rtop

Last updated on 2015-03-29 00:48:26.

Flavor Version Tinstall Tcheck Ttotal Status Flags
r-devel-linux-x86_64-debian-clang 0.3-45 2.21 35.54 37.74 NOTE
r-devel-linux-x86_64-debian-gcc 0.3-45 2.36 34.46 36.82 NOTE
r-devel-linux-x86_64-fedora-clang 0.3-45 76.82 NOTE
r-devel-linux-x86_64-fedora-gcc 0.3-45 76.14 NOTE
r-devel-osx-x86_64-clang 0.3-45 73.94 NOTE
r-prerel-windows-ix86+x86_64 0.3-45 12.00 76.00 88.00 NOTE
r-prerel-linux-x86_64 0.3-45 2.20 34.83 37.03 NOTE
r-prerel-solaris-sparc 0.3-45 465.90 NOTE
r-prerel-solaris-x86 0.3-45 97.30 NOTE
r-release-linux-x86_64 0.3-45 3.57 45.88 49.46 NOTE
r-release-osx-x86_64-mavericks 0.3-45 ERROR
r-release-osx-x86_64-snowleopard 0.3-45 OK
r-release-windows-ix86+x86_64 0.3-45 11.00 100.00 111.00 NOTE
r-oldrel-windows-ix86+x86_64 0.3-45 10.00 97.00 107.00 OK

Check Details

Version: 0.3-45
Check: dependencies in R code
Result: NOTE
    'library' or 'require' calls in package code:
     ‘igraph’ ‘intamap’
     Please use :: or requireNamespace() instead.
     See section 'Suggested packages' in the 'Writing R Extensions' manual.
Flavors: r-devel-linux-x86_64-debian-clang, r-devel-linux-x86_64-debian-gcc, r-devel-linux-x86_64-fedora-clang, r-devel-linux-x86_64-fedora-gcc, r-devel-osx-x86_64-clang, r-prerel-windows-ix86+x86_64, r-prerel-linux-x86_64, r-prerel-solaris-sparc, r-prerel-solaris-x86, r-release-linux-x86_64, r-release-osx-x86_64-mavericks, r-release-windows-ix86+x86_64

Version: 0.3-45
Check: R code for possible problems
Result: NOTE
    netProp: no visible global function definition for ‘graph.data.frame’
    netProp: no visible global function definition for ‘topological.sort’
    netProp: no visible global function definition for ‘V’
    netProp: no visible global function definition for ‘neighbors’
Flavors: r-devel-linux-x86_64-debian-clang, r-devel-linux-x86_64-debian-gcc, r-devel-linux-x86_64-fedora-clang, r-devel-linux-x86_64-fedora-gcc, r-devel-osx-x86_64-clang, r-prerel-windows-ix86+x86_64, r-prerel-linux-x86_64, r-prerel-solaris-sparc, r-prerel-solaris-x86, r-release-linux-x86_64, r-release-osx-x86_64-mavericks, r-release-windows-ix86+x86_64

Version: 0.3-45
Check: package dependencies
Result: NOTE
    Packages suggested but not available for checking: ‘rgdal’ ‘rgeos’
Flavor: r-release-osx-x86_64-mavericks

Version: 0.3-45
Check: examples
Result: ERROR
    Running examples in ‘rtop-Ex.R’ failed
    The error most likely occurred in:
    
    > ### Name: createRtopObject
    > ### Title: Create an object for interpolation within the rtop package
    > ### Aliases: createRtopObject
    > ### Keywords: spatial
    >
    > ### ** Examples
    >
    > ## Not run:
    > library(rgdal)
    Error in library(rgdal) : there is no package called ‘rgdal’
    Execution halted
Flavor: r-release-osx-x86_64-mavericks