CRAN Package Check Results for Package rtop

Last updated on 2017-06-22 13:47:13.

Flavor Version Tinstall Tcheck Ttotal Status Flags
r-devel-linux-x86_64-debian-clang 0.5-10 3.20 53.64 56.84 NOTE
r-devel-linux-x86_64-debian-gcc 0.5-10 3.38 56.26 59.64 NOTE
r-devel-linux-x86_64-fedora-clang 0.5-10 104.27 NOTE
r-devel-linux-x86_64-fedora-gcc 0.5-10 105.56 NOTE
r-devel-windows-ix86+x86_64 0.5-10 15.00 163.00 178.00 OK
r-patched-linux-x86_64 0.5-10 2.97 53.48 56.46 NOTE
r-patched-solaris-sparc 0.5-10 660.50 OK
r-patched-solaris-x86 0.5-10 130.30 OK
r-release-linux-x86_64 0.5-10 3.12 53.12 56.25 NOTE
r-release-windows-ix86+x86_64 0.5-10 14.00 127.00 141.00 OK
r-release-osx-x86_64 0.5-10 OK
r-oldrel-windows-ix86+x86_64 0.5-10 13.00 110.00 123.00 OK
r-oldrel-osx-x86_64 0.5-10 OK

Check Details

Version: 0.5-10
Check: compiled code
Result: NOTE
    File ‘rtop/libs/rtop.so’:
     Found no calls to: ‘R_registerRoutines’, ‘R_useDynamicSymbols’
    
    It is good practice to register native routines and to disable symbol
    search.
    
    See ‘Writing portable packages’ in the ‘Writing R Extensions’ manual.
Flavors: r-devel-linux-x86_64-debian-clang, r-devel-linux-x86_64-debian-gcc, r-devel-linux-x86_64-fedora-clang, r-devel-linux-x86_64-fedora-gcc, r-patched-linux-x86_64, r-release-linux-x86_64