CRAN Package Check Results for Package rtop

Last updated on 2014-09-03 05:47:53.

Flavor Version Tinstall Tcheck Ttotal Status Flags
r-devel-linux-x86_64-debian-clang 0.3-45 3.48 41.36 44.84 NOTE
r-devel-linux-x86_64-debian-gcc 0.3-45 3.03 40.92 43.94 NOTE
r-devel-linux-x86_64-fedora-clang 0.3-45 96.83 NOTE
r-devel-linux-x86_64-fedora-gcc 0.3-45 88.54 NOTE
r-devel-osx-x86_64-clang 0.3-45 76.79 NOTE
r-devel-windows-ix86+x86_64 0.3-45 11.00 85.00 96.00 NOTE
r-patched-linux-x86_64 0.3-45 3.15 43.76 46.91 OK
r-patched-solaris-sparc 0.3-45 551.30 OK
r-patched-solaris-x86 0.3-45 120.80 OK
r-release-linux-ix86 0.3-45 4.08 51.98 56.07 OK
r-release-linux-x86_64 0.3-45 3.39 44.15 47.54 OK
r-release-osx-x86_64-mavericks 0.3-45 ERROR
r-release-osx-x86_64-snowleopard 0.3-45 OK
r-release-windows-ix86+x86_64 0.3-45 10.00 97.00 107.00 OK
r-oldrel-windows-ix86+x86_64 0.3-45 12.00 100.00 112.00 OK

Check Details

Version: 0.3-45
Check: R code for possible problems
Result: NOTE
    netProp: no visible global function definition for ‘graph.data.frame’
    netProp: no visible global function definition for ‘topological.sort’
    netProp: no visible global function definition for ‘V’
    netProp: no visible global function definition for ‘neighbors’
Flavors: r-devel-linux-x86_64-debian-clang, r-devel-linux-x86_64-debian-gcc, r-devel-linux-x86_64-fedora-clang, r-devel-linux-x86_64-fedora-gcc, r-devel-osx-x86_64-clang, r-devel-windows-ix86+x86_64

Version: 0.3-45
Check: package dependencies
Result: ERROR
    Package required but not available: ‘gstat’
    
    Packages suggested but not available for checking:
     ‘rgdal’ ‘intamap’ ‘rgeos’
    
    See the information on DESCRIPTION files in the chapter ‘Creating R
    packages’ of the ‘Writing R Extensions’ manual.
Flavor: r-release-osx-x86_64-mavericks