CRAN Package Check Results for Package rtop

Last updated on 2014-10-22 05:47:29.

Flavor Version Tinstall Tcheck Ttotal Status Flags
r-devel-linux-x86_64-debian-clang 0.3-45 3.12 45.88 49.00 NOTE
r-devel-linux-x86_64-debian-gcc 0.3-45 3.10 44.26 47.36 NOTE
r-devel-linux-x86_64-fedora-clang 0.3-45 102.58 NOTE
r-devel-linux-x86_64-fedora-gcc 0.3-45 95.81 NOTE
r-devel-osx-x86_64-clang 0.3-45 81.32 NOTE
r-devel-windows-ix86+x86_64 0.3-45 11.00 89.00 100.00 NOTE
r-patched-linux-x86_64 0.3-45 3.20 46.33 49.54 NOTE
r-patched-solaris-sparc 0.3-45 604.40 NOTE
r-patched-solaris-x86 0.3-45 128.10 NOTE
r-release-linux-ix86 0.3-45 4.26 57.44 61.70 OK
r-release-linux-x86_64 0.3-45 3.53 47.49 51.02 OK
r-release-osx-x86_64-mavericks 0.3-45 ERROR
r-release-osx-x86_64-snowleopard 0.3-45 OK
r-release-windows-ix86+x86_64 0.3-45 12.00 104.00 116.00 OK
r-oldrel-windows-ix86+x86_64 0.3-45 12.00 101.00 113.00 OK

Check Details

Version: 0.3-45
Check: R code for possible problems
Result: NOTE
    netProp: no visible global function definition for ‘graph.data.frame’
    netProp: no visible global function definition for ‘topological.sort’
    netProp: no visible global function definition for ‘V’
    netProp: no visible global function definition for ‘neighbors’
Flavors: r-devel-linux-x86_64-debian-clang, r-devel-linux-x86_64-debian-gcc, r-devel-linux-x86_64-fedora-clang, r-devel-linux-x86_64-fedora-gcc, r-devel-osx-x86_64-clang, r-devel-windows-ix86+x86_64, r-patched-linux-x86_64, r-patched-solaris-sparc, r-patched-solaris-x86

Version: 0.3-45
Check: package dependencies
Result: ERROR
    Package required but not available: ‘gstat’
    
    Packages suggested but not available for checking:
     ‘rgdal’ ‘intamap’ ‘rgeos’
    
    See the information on DESCRIPTION files in the chapter ‘Creating R
    packages’ of the ‘Writing R Extensions’ manual.
Flavor: r-release-osx-x86_64-mavericks