CRAN Package Check Results for Package rtop

Last updated on 2015-04-21 03:49:40.

Flavor Version Tinstall Tcheck Ttotal Status Flags
r-devel-linux-x86_64-debian-clang 0.3-45 2.38 35.51 37.89 NOTE
r-devel-linux-x86_64-debian-gcc 0.3-45 2.21 34.68 36.89 NOTE
r-devel-linux-x86_64-fedora-clang 0.3-45 84.84 NOTE
r-devel-linux-x86_64-fedora-gcc 0.3-45 69.94 NOTE
r-devel-osx-x86_64-clang 0.3-45 67.49 NOTE
r-devel-windows-ix86+x86_64 0.3-45 12.00 98.00 110.00 NOTE
r-patched-linux-x86_64 0.3-45 2.23 35.24 37.47 NOTE
r-patched-solaris-sparc 0.3-45 465.90 NOTE
r-patched-solaris-x86 0.3-45 91.70 NOTE
r-release-linux-x86_64 0.3-45 2.40 35.00 37.40 NOTE
r-release-osx-x86_64-mavericks 0.3-45 ERROR
r-release-osx-x86_64-snowleopard 0.3-45 ERROR
r-release-windows-ix86+x86_64 0.3-45 7.00 69.00 76.00 NOTE
r-oldrel-windows-ix86+x86_64 0.3-45 10.00 91.00 101.00 NOTE

Check Details

Version: 0.3-45
Check: dependencies in R code
Result: NOTE
    'library' or 'require' calls in package code:
     ‘igraph’ ‘intamap’
     Please use :: or requireNamespace() instead.
     See section 'Suggested packages' in the 'Writing R Extensions' manual.
Flavors: r-devel-linux-x86_64-debian-clang, r-devel-linux-x86_64-debian-gcc, r-devel-linux-x86_64-fedora-clang, r-devel-linux-x86_64-fedora-gcc, r-devel-osx-x86_64-clang, r-devel-windows-ix86+x86_64, r-patched-linux-x86_64, r-patched-solaris-sparc, r-patched-solaris-x86, r-release-linux-x86_64, r-release-osx-x86_64-mavericks, r-release-windows-ix86+x86_64, r-oldrel-windows-ix86+x86_64

Version: 0.3-45
Check: R code for possible problems
Result: NOTE
    netProp: no visible global function definition for ‘graph.data.frame’
    netProp: no visible global function definition for ‘topological.sort’
    netProp: no visible global function definition for ‘V’
    netProp: no visible global function definition for ‘neighbors’
Flavors: r-devel-linux-x86_64-debian-clang, r-devel-linux-x86_64-debian-gcc, r-devel-linux-x86_64-fedora-clang, r-devel-linux-x86_64-fedora-gcc, r-devel-osx-x86_64-clang, r-devel-windows-ix86+x86_64, r-patched-linux-x86_64, r-patched-solaris-sparc, r-patched-solaris-x86, r-release-linux-x86_64, r-release-osx-x86_64-mavericks, r-release-windows-ix86+x86_64, r-oldrel-windows-ix86+x86_64

Version: 0.3-45
Check: package dependencies
Result: NOTE
    Packages suggested but not available for checking: ‘rgdal’ ‘rgeos’
Flavor: r-release-osx-x86_64-mavericks

Version: 0.3-45
Check: examples
Result: ERROR
    Running examples in ‘rtop-Ex.R’ failed
    The error most likely occurred in:
    
    > ### Name: createRtopObject
    > ### Title: Create an object for interpolation within the rtop package
    > ### Aliases: createRtopObject
    > ### Keywords: spatial
    >
    > ### ** Examples
    >
    > ## Not run:
    > library(rgdal)
    Error in library(rgdal) : there is no package called ‘rgdal’
    Execution halted
Flavor: r-release-osx-x86_64-mavericks

Version: 0.3-45
Check: tests
Result: ERROR
    Running the tests in ‘tests/rtop.R’ failed.
    Last 13 lines of output:
     'citation()' on how to cite R or R packages in publications.
    
     Type 'demo()' for some demos, 'help()' for on-line help, or
     'help.start()' for an HTML browser interface to help.
     Type 'q()' to quit R.
    
     > set.seed(1501)
     > #-----------------------------
     > library(rtop)
     Loading required package: sp
     > library(rgdal)
     Error in library(rgdal) : there is no package called 'rgdal'
     Execution halted
Flavor: r-release-osx-x86_64-mavericks

Version: 0.3-45
Check: package dependencies
Result: ERROR
    Package required but not available: ‘gstat’
    
    Packages suggested but not available for checking:
     ‘igraph’ ‘intamap’ ‘rgeos’
    
    See section ‘The DESCRIPTION file’ in the ‘Writing R Extensions’
    manual.
Flavor: r-release-osx-x86_64-snowleopard