CRAN Package Check Results for Package rtop

Last updated on 2016-08-27 08:49:11.

Flavor Version Tinstall Tcheck Ttotal Status Flags
r-devel-linux-x86_64-debian-clang 0.5-5 2.40 46.33 48.72 WARN
r-devel-linux-x86_64-debian-gcc 0.5-5 3.02 54.83 57.84 WARN
r-devel-linux-x86_64-fedora-clang 0.5-5 83.06 WARN
r-devel-linux-x86_64-fedora-gcc 0.5-5 78.12 WARN
r-devel-osx-x86_64-clang 0.5-5 67.31 WARN
r-devel-windows-ix86+x86_64 0.5-5 13.00 129.00 142.00 OK
r-patched-linux-x86_64 0.5-5 2.33 44.82 47.15 OK
r-patched-solaris-sparc 0.5-5 539.00 OK
r-patched-solaris-x86 0.5-5 109.00 OK
r-release-linux-x86_64 0.5-5 2.46 43.89 46.35 OK
r-release-osx-x86_64-mavericks 0.5-5 OK
r-release-windows-ix86+x86_64 0.5-5 14.00 103.00 117.00 OK
r-oldrel-windows-ix86+x86_64 0.5-5 9.00 112.00 121.00 OK

Check Details

Version: 0.5-5
Check: whether package can be installed
Result: WARN
    Found the following significant warnings:
     Warning: Integer division truncated to constant ‘1’ at (1) [-Winteger-division]
Flavors: r-devel-linux-x86_64-debian-clang, r-devel-linux-x86_64-debian-gcc, r-devel-linux-x86_64-fedora-clang, r-devel-linux-x86_64-fedora-gcc, r-devel-osx-x86_64-clang