CRAN Package Check Results for Package rtop

Last updated on 2014-04-25 09:52:23.

Flavor Version Tinstall Tcheck Ttotal Status Flags
r-devel-linux-x86_64-debian-clang 0.3-45 3.36 46.72 50.08 OK
r-devel-linux-x86_64-debian-gcc 0.3-45 3.52 45.79 49.30 OK
r-devel-linux-x86_64-fedora-clang 0.3-45 100.54 OK
r-devel-linux-x86_64-fedora-gcc 0.3-45 98.72 OK
r-devel-osx-x86_64-clang 0.3-45 85.84 OK
r-devel-osx-x86_64-gcc 0.3-45 ERROR
r-devel-windows-ix86+x86_64 0.3-45 10.00 85.00 95.00 OK
r-patched-linux-x86_64 0.3-45 3.34 46.45 49.79 OK
r-patched-solaris-sparc 0.3-45 496.50 OK
r-patched-solaris-x86 0.3-45 121.90 OK
r-release-linux-ix86 0.3-45 6.00 73.00 79.00 OK
r-release-linux-x86_64 0.3-45 3.33 46.22 49.55 OK
r-release-osx-x86_64-mavericks 0.3-45 ERROR
r-release-osx-x86_64-snowleopard 0.3-45 OK
r-release-windows-ix86+x86_64 0.3-45 11.00 92.00 103.00 OK
r-oldrel-windows-ix86+x86_64 0.3-45 11.00 88.00 99.00 OK

Check Details

Version: 0.3-45
Check: package dependencies
Result: ERROR
    Package required but not available: ‘gstat’
    
    Packages suggested but not available for checking:
     ‘igraph’ ‘intamap’ ‘rgeos’
    
    See the information on DESCRIPTION files in the chapter ‘Creating R
    packages’ of the ‘Writing R Extensions’ manual.
Flavor: r-devel-osx-x86_64-gcc

Version: 0.3-45
Check: package dependencies
Result: ERROR
    Package required but not available: ‘gstat’
    
    Packages suggested but not available for checking:
     ‘rgdal’ ‘intamap’ ‘rgeos’
    
    See the information on DESCRIPTION files in the chapter ‘Creating R
    packages’ of the ‘Writing R Extensions’ manual.
Flavor: r-release-osx-x86_64-mavericks