CRAN Package Check Results for Package rtop

Last updated on 2015-02-28 19:51:18.

Flavor Version Tinstall Tcheck Ttotal Status Flags
r-devel-linux-x86_64-debian-clang 0.3-45 2.25 35.76 38.01 NOTE
r-devel-linux-x86_64-debian-gcc 0.3-45 2.18 34.51 36.69 NOTE
r-devel-linux-x86_64-fedora-clang 0.3-45 75.01 NOTE
r-devel-linux-x86_64-fedora-gcc 0.3-45 70.89 NOTE
r-devel-osx-x86_64-clang 0.3-45 70.10 NOTE
r-devel-windows-ix86+x86_64 0.3-45 14.00 77.00 91.00 NOTE
r-patched-linux-x86_64 0.3-45 3.43 44.65 48.08 NOTE
r-patched-solaris-sparc 0.3-45 586.90 NOTE
r-patched-solaris-x86 0.3-45 123.00 NOTE
r-release-linux-ix86 0.3-45 3.86 61.39 65.25 NOTE
r-release-linux-x86_64 0.3-45 3.12 45.53 48.65 NOTE
r-release-osx-x86_64-mavericks 0.3-45 ERROR
r-release-osx-x86_64-snowleopard 0.3-45 OK
r-release-windows-ix86+x86_64 0.3-45 13.00 92.00 105.00 NOTE
r-oldrel-windows-ix86+x86_64 0.3-45 12.00 99.00 111.00 OK

Check Details

Version: 0.3-45
Check: dependencies in R code
Result: NOTE
    'library' or 'require' calls in package code:
     ‘igraph’ ‘intamap’
     Please use :: or requireNamespace() instead.
     See section 'Suggested packages' in the 'Writing R Extensions' manual.
Flavors: r-devel-linux-x86_64-debian-clang, r-devel-linux-x86_64-debian-gcc, r-devel-linux-x86_64-fedora-clang, r-devel-linux-x86_64-fedora-gcc, r-devel-osx-x86_64-clang, r-devel-windows-ix86+x86_64, r-patched-linux-x86_64, r-patched-solaris-sparc, r-patched-solaris-x86, r-release-osx-x86_64-mavericks

Version: 0.3-45
Check: R code for possible problems
Result: NOTE
    netProp: no visible global function definition for ‘graph.data.frame’
    netProp: no visible global function definition for ‘topological.sort’
    netProp: no visible global function definition for ‘V’
    netProp: no visible global function definition for ‘neighbors’
Flavors: r-devel-linux-x86_64-debian-clang, r-devel-linux-x86_64-debian-gcc, r-devel-linux-x86_64-fedora-clang, r-devel-linux-x86_64-fedora-gcc, r-devel-osx-x86_64-clang, r-devel-windows-ix86+x86_64, r-patched-linux-x86_64, r-patched-solaris-sparc, r-patched-solaris-x86, r-release-linux-ix86, r-release-linux-x86_64, r-release-osx-x86_64-mavericks, r-release-windows-ix86+x86_64

Version: 0.3-45
Check: package dependencies
Result: NOTE
    Packages suggested but not available for checking: ‘rgdal’ ‘rgeos’
Flavor: r-release-osx-x86_64-mavericks

Version: 0.3-45
Check: examples
Result: ERROR
    Running examples in ‘rtop-Ex.R’ failed
    The error most likely occurred in:
    
    > ### Name: createRtopObject
    > ### Title: Create an object for interpolation within the rtop package
    > ### Aliases: createRtopObject
    > ### Keywords: spatial
    >
    > ### ** Examples
    >
    > ## Not run:
    > library(rgdal)
    Error in library(rgdal) : there is no package called ‘rgdal’
    Execution halted
Flavor: r-release-osx-x86_64-mavericks