CRAN Package Check Results for Package rtop

Last updated on 2017-12-17 04:47:21 CET.

Flavor Version Tinstall Tcheck Ttotal Status Flags
r-devel-linux-x86_64-debian-clang 0.5-10 3.39 90.56 93.95 NOTE
r-devel-linux-x86_64-debian-gcc 0.5-10 3.83 69.41 73.24 NOTE
r-devel-linux-x86_64-fedora-clang 0.5-10 103.32 NOTE
r-devel-linux-x86_64-fedora-gcc 0.5-10 105.03 NOTE
r-devel-windows-ix86+x86_64 0.5-10 9.00 121.00 130.00 OK
r-patched-linux-x86_64 0.5-10 3.60 91.23 94.83 NOTE
r-patched-solaris-x86 0.5-10 167.10 OK
r-release-linux-x86_64 0.5-10 4.01 92.21 96.22 NOTE
r-release-windows-ix86+x86_64 0.5-10 9.00 111.00 120.00 OK
r-release-osx-x86_64 0.5-10 OK
r-oldrel-windows-ix86+x86_64 0.5-10 11.00 143.00 154.00 OK
r-oldrel-osx-x86_64 0.5-10 OK

Check Details

Version: 0.5-10
Check: compiled code
Result: NOTE
    File ‘rtop/libs/rtop.so’:
     Found no calls to: ‘R_registerRoutines’, ‘R_useDynamicSymbols’
    
    It is good practice to register native routines and to disable symbol
    search.
    
    See ‘Writing portable packages’ in the ‘Writing R Extensions’ manual.
Flavors: r-devel-linux-x86_64-debian-clang, r-devel-linux-x86_64-debian-gcc, r-devel-linux-x86_64-fedora-clang, r-devel-linux-x86_64-fedora-gcc, r-patched-linux-x86_64, r-release-linux-x86_64