CRAN Package Check Results for Package rtop

Last updated on 2017-10-17 19:48:12.

Flavor Version Tinstall Tcheck Ttotal Status Flags
r-devel-linux-x86_64-debian-clang 0.5-10 2.93 56.55 59.49 NOTE
r-devel-linux-x86_64-debian-gcc 0.5-10 3.10 62.30 65.39 NOTE
r-devel-linux-x86_64-fedora-clang 0.5-10 106.15 NOTE
r-devel-linux-x86_64-fedora-gcc 0.5-10 108.26 NOTE
r-devel-windows-ix86+x86_64 0.5-10 12.00 172.00 184.00 OK
r-patched-linux-x86_64 0.5-10 2.90 53.08 55.98 NOTE
r-patched-solaris-x86 0.5-10 143.80 OK
r-release-linux-x86_64 0.5-10 2.85 53.32 56.16 NOTE
r-release-windows-ix86+x86_64 0.5-10 19.00 121.00 140.00 OK
r-release-osx-x86_64 0.5-10 OK
r-oldrel-windows-ix86+x86_64 0.5-10 19.00 142.00 161.00 OK
r-oldrel-osx-x86_64 0.5-10 OK

Check Details

Version: 0.5-10
Check: compiled code
Result: NOTE
    File ‘rtop/libs/rtop.so’:
     Found no calls to: ‘R_registerRoutines’, ‘R_useDynamicSymbols’
    
    It is good practice to register native routines and to disable symbol
    search.
    
    See ‘Writing portable packages’ in the ‘Writing R Extensions’ manual.
Flavors: r-devel-linux-x86_64-debian-clang, r-devel-linux-x86_64-debian-gcc, r-devel-linux-x86_64-fedora-clang, r-devel-linux-x86_64-fedora-gcc, r-patched-linux-x86_64, r-release-linux-x86_64