CRAN Package Check Results for Package rtop

Last updated on 2015-06-30 09:47:11.

Flavor Version Tinstall Tcheck Ttotal Status Flags
r-devel-linux-x86_64-debian-clang 0.3-45 2.24 38.85 41.09 NOTE
r-devel-linux-x86_64-debian-gcc 0.3-45 2.17 33.75 35.92 NOTE
r-devel-linux-x86_64-fedora-clang 0.3-45 73.70 NOTE
r-devel-linux-x86_64-fedora-gcc 0.3-45 70.05 NOTE
r-devel-osx-x86_64-clang 0.3-45 58.43 NOTE
r-devel-windows-ix86+x86_64 0.3-45 9.00 79.00 88.00 NOTE
r-patched-linux-x86_64 0.3-45 2.45 34.71 37.16 NOTE
r-patched-solaris-sparc 0.3-45 486.80 NOTE
r-patched-solaris-x86 0.3-45 95.90 NOTE
r-release-linux-x86_64 0.3-45 2.30 39.66 41.96 NOTE
r-release-osx-x86_64-mavericks 0.3-45 NOTE
r-release-windows-ix86+x86_64 0.3-45 12.00 81.00 93.00 NOTE
r-oldrel-windows-ix86+x86_64 0.3-45 11.00 106.00 117.00 NOTE

Check Details

Version: 0.3-45
Check: dependencies in R code
Result: NOTE
    'library' or 'require' calls in package code:
     ‘igraph’ ‘intamap’
     Please use :: or requireNamespace() instead.
     See section 'Suggested packages' in the 'Writing R Extensions' manual.
Flavors: r-devel-linux-x86_64-debian-clang, r-devel-linux-x86_64-debian-gcc, r-devel-linux-x86_64-fedora-clang, r-devel-linux-x86_64-fedora-gcc, r-devel-osx-x86_64-clang, r-devel-windows-ix86+x86_64, r-patched-linux-x86_64, r-patched-solaris-sparc, r-patched-solaris-x86, r-release-linux-x86_64, r-release-osx-x86_64-mavericks, r-release-windows-ix86+x86_64, r-oldrel-windows-ix86+x86_64

Version: 0.3-45
Check: R code for possible problems
Result: NOTE
    adfunc: no visible global function definition for ‘axTicks’
    checkVario.rtop: no visible global function definition for ‘par’
    checkVario.rtop: no visible global function definition for
     ‘dev.interactive’
    checkVario.rtop: no visible global function definition for ‘aggregate’
    checkVario.rtop: no visible binding for global variable ‘var’
    checkVario.rtop: no visible global function definition for ‘is’
    checkVario.rtop: no visible global function definition for ‘quantile’
    checkVario.rtop: no visible global function definition for ‘abline’
    checkVario.rtopVariogramModel: no visible global function definition
     for ‘par’
    checkVario.rtopVariogramModel: no visible global function definition
     for ‘dev.interactive’
    checkVario.rtopVariogramModel: no visible global function definition
     for ‘is’
    checkVario.rtopVariogramModel: no visible global function definition
     for ‘aggregate’
    checkVario.rtopVariogramModel: no visible global function definition
     for ‘axTicks’
    checkVario.rtopVariogramModel: no visible global function definition
     for ‘axis’
    checkVario.rtopVariogramModel: no visible global function definition
     for ‘lines’
    checkVario.rtopVariogramModel: no visible global function definition
     for ‘points’
    checkVario.rtopVariogramModel: no visible global function definition
     for ‘legend’
    createRtopObject: no visible global function definition for ‘slot’
    createRtopObject : <anonymous>: no visible global function definition
     for ‘slot’
    createRtopObject: no visible global function definition for
     ‘as.formula’
    createRtopObject: no visible global function definition for
     ‘modifyList’
    dfunc: no visible global function definition for ‘dist’
    dfunc: no visible global function definition for ‘is’
    dfunc: no visible global function definition for ‘axTicks’
    downloadRtopExampleData: no visible global function definition for
     ‘download.file’
    downloadRtopExampleData: no visible global function definition for
     ‘unzip’
    errorBar: no visible global function definition for ‘arrows’
    findParInit: no visible global function definition for ‘slot’
    findParInit : <anonymous>: no visible global function definition for
     ‘slot’
    gDist.SpatialLinesDataFrame: no visible global function definition for
     ‘is’
    gDist.SpatialLinesDataFrame: no visible global function definition for
     ‘as’
    gDist.SpatialPolygonsDataFrame: no visible global function definition
     for ‘is’
    gDist.SpatialPolygonsDataFrame: no visible global function definition
     for ‘as’
    get1p: no visible global function definition for ‘runif’
    get1p: no visible global function definition for ‘rnorm’
    getRtopParams: no visible global function definition for ‘modifyList’
    netProp: no visible global function definition for ‘graph.data.frame’
    netProp: no visible global function definition for ‘topological.sort’
    netProp: no visible global function definition for ‘V’
    netProp: no visible global function definition for ‘neighbors’
    parstt : <anonymous>: no visible global function definition for ‘sd’
    readAreaInfo: no visible global function definition for ‘read.csv’
    readAreas: no visible global function definition for ‘read.table’
    rtopDisc.SpatialPolygonsDataFrame: no visible global function
     definition for ‘as’
    rtopDisc.rtop: no visible global function definition for ‘as.formula’
    rtopFitVariogram.rtop: no visible global function definition for
     ‘modifyList’
    rtopKrige.default: no visible global function definition for ‘is’
    rtopKrige.default: no visible global function definition for ‘getSlots’
    rtopVariogram.SpatialPointsDataFrame: no visible global function
     definition for ‘as.formula’
    rtopVariogram.SpatialPointsDataFrame: no visible global function
     definition for ‘aggregate’
    sceua: no visible global function definition for ‘runif’
    varMat.SpatialPolygonsDataFrame: no visible global function definition
     for ‘is’
    varMat.SpatialPolygonsDataFrame: no visible global function definition
     for ‘as’
    varMat.rtop: no visible global function definition for ‘slot’
    varMat.rtop : <anonymous>: no visible global function definition for
     ‘slot’
    varMatDefault: no visible global function definition for ‘slot’
    varMatDefault : <anonymous>: no visible global function definition for
     ‘slot’
    vred: no visible global function definition for ‘is’
Flavors: r-devel-linux-x86_64-debian-clang, r-devel-linux-x86_64-debian-gcc, r-devel-windows-ix86+x86_64

Version: 0.3-45
Check: R code for possible problems
Result: NOTE
    netProp: no visible global function definition for ‘graph.data.frame’
    netProp: no visible global function definition for ‘topological.sort’
    netProp: no visible global function definition for ‘V’
    netProp: no visible global function definition for ‘neighbors’
Flavors: r-devel-linux-x86_64-fedora-clang, r-devel-linux-x86_64-fedora-gcc, r-devel-osx-x86_64-clang, r-patched-linux-x86_64, r-patched-solaris-sparc, r-patched-solaris-x86, r-release-linux-x86_64, r-release-osx-x86_64-mavericks, r-release-windows-ix86+x86_64, r-oldrel-windows-ix86+x86_64

Version: 0.3-45
Check: package dependencies
Result: NOTE
    Package suggested but not available for checking: ‘rgeos’
Flavor: r-release-osx-x86_64-mavericks