CRAN Package Check Results for Package rtop

Last updated on 2017-04-27 11:53:57.

Flavor Version Tinstall Tcheck Ttotal Status Flags
r-devel-linux-x86_64-debian-clang 0.5-10 2.76 54.92 57.68 NOTE
r-devel-linux-x86_64-debian-gcc 0.5-10 2.72 53.59 56.31 NOTE
r-devel-linux-x86_64-fedora-clang 0.5-10 110.56 NOTE --no-stop-on-test-error
r-devel-linux-x86_64-fedora-gcc 0.5-10 101.89 NOTE --no-stop-on-test-error
r-devel-windows-ix86+x86_64 0.5-10 10.00 122.00 132.00 OK
r-patched-linux-x86_64 0.5-10 2.64 54.28 56.92 NOTE
r-patched-solaris-sparc 0.5-10 624.00 OK
r-patched-solaris-x86 0.5-10 129.80 OK
r-release-linux-x86_64 0.5-10 2.94 54.05 56.99 NOTE
r-release-windows-ix86+x86_64 0.5-10 10.00 108.00 118.00 OK
r-release-osx-x86_64 0.5-10 OK
r-oldrel-windows-ix86+x86_64 0.5-10 16.00 139.00 155.00 OK
r-oldrel-osx-x86_64 0.5-10 OK

Check Details

Version: 0.5-10
Check: compiled code
Result: NOTE
    File ‘rtop/libs/rtop.so’:
     Found no calls to: ‘R_registerRoutines’, ‘R_useDynamicSymbols’
    
    It is good practice to register native routines and to disable symbol
    search.
    
    See ‘Writing portable packages’ in the ‘Writing R Extensions’ manual.
Flavors: r-devel-linux-x86_64-debian-clang, r-devel-linux-x86_64-debian-gcc, r-patched-linux-x86_64, r-release-linux-x86_64

Version: 0.5-10
Flags: --no-stop-on-test-error
Check: compiled code
Result: NOTE
    File ‘rtop/libs/rtop.so’:
     Found no calls to: ‘R_registerRoutines’, ‘R_useDynamicSymbols’
    
    It is good practice to register native routines and to disable symbol
    search.
    
    See ‘Writing portable packages’ in the ‘Writing R Extensions’ manual.
Flavors: r-devel-linux-x86_64-fedora-clang, r-devel-linux-x86_64-fedora-gcc