CRAN Package Check Results for Package rtop

Last updated on 2014-12-22 17:51:34.

Flavor Version Tinstall Tcheck Ttotal Status Flags
r-devel-linux-x86_64-debian-clang 0.3-45 3.17 44.72 47.89 NOTE
r-devel-linux-x86_64-debian-gcc 0.3-45 3.10 42.95 46.05 NOTE
r-devel-linux-x86_64-fedora-clang 0.3-45 102.68 NOTE
r-devel-linux-x86_64-fedora-gcc 0.3-45 99.00 NOTE
r-devel-osx-x86_64-clang 0.3-45 89.51 NOTE
r-devel-windows-ix86+x86_64 0.3-45 13.00 92.00 105.00 NOTE
r-patched-linux-x86_64 0.3-45 3.34 46.60 49.94 NOTE
r-patched-solaris-sparc 0.3-45 582.10 NOTE
r-patched-solaris-x86 0.3-45 127.70 NOTE
r-release-linux-ix86 0.3-45 4.09 52.88 56.98 NOTE
r-release-linux-x86_64 0.3-45 3.23 47.40 50.63 NOTE
r-release-osx-x86_64-mavericks 0.3-45 ERROR
r-release-osx-x86_64-snowleopard 0.3-45 OK
r-release-windows-ix86+x86_64 0.3-45 13.00 115.00 128.00 NOTE
r-oldrel-windows-ix86+x86_64 0.3-45 13.00 109.00 122.00 OK

Check Details

Version: 0.3-45
Check: R code for possible problems
Result: NOTE
    netProp: no visible global function definition for ‘graph.data.frame’
    netProp: no visible global function definition for ‘topological.sort’
    netProp: no visible global function definition for ‘V’
    netProp: no visible global function definition for ‘neighbors’
Flavors: r-devel-linux-x86_64-debian-clang, r-devel-linux-x86_64-debian-gcc, r-devel-linux-x86_64-fedora-clang, r-devel-linux-x86_64-fedora-gcc, r-devel-osx-x86_64-clang, r-devel-windows-ix86+x86_64, r-patched-linux-x86_64, r-patched-solaris-sparc, r-patched-solaris-x86, r-release-linux-ix86, r-release-linux-x86_64, r-release-windows-ix86+x86_64

Version: 0.3-45
Check: package dependencies
Result: ERROR
    Package required but not available: ‘gstat’
    
    Packages suggested but not available for checking:
     ‘rgdal’ ‘intamap’ ‘rgeos’
    
    See the information on DESCRIPTION files in the chapter ‘Creating R
    packages’ of the ‘Writing R Extensions’ manual.
Flavor: r-release-osx-x86_64-mavericks