CRAN Package Check Results for Package rtop

Last updated on 2015-05-29 13:49:20.

Flavor Version Tinstall Tcheck Ttotal Status Flags
r-devel-linux-x86_64-debian-clang 0.3-45 2.35 35.42 37.77 NOTE
r-devel-linux-x86_64-debian-gcc 0.3-45 2.23 35.52 37.75 NOTE
r-devel-linux-x86_64-fedora-clang 0.3-45 76.44 NOTE
r-devel-linux-x86_64-fedora-gcc 0.3-45 70.20 NOTE
r-devel-osx-x86_64-clang 0.3-45 68.22 NOTE
r-devel-windows-ix86+x86_64 0.3-45 9.00 80.00 89.00 NOTE
r-patched-linux-x86_64 0.3-45 2.25 35.40 37.65 NOTE
r-patched-solaris-sparc 0.3-45 458.60 NOTE
r-patched-solaris-x86 0.3-45 95.50 NOTE
r-release-linux-x86_64 0.3-45 2.20 34.68 36.88 NOTE
r-release-osx-x86_64-mavericks 0.3-45 NOTE
r-release-osx-x86_64-snowleopard 0.3-45 ERROR
r-release-windows-ix86+x86_64 0.3-45 9.00 84.00 93.00 NOTE
r-oldrel-windows-ix86+x86_64 0.3-45 12.00 96.00 108.00 NOTE

Check Details

Version: 0.3-45
Check: dependencies in R code
Result: NOTE
    'library' or 'require' calls in package code:
     ‘igraph’ ‘intamap’
     Please use :: or requireNamespace() instead.
     See section 'Suggested packages' in the 'Writing R Extensions' manual.
Flavors: r-devel-linux-x86_64-debian-clang, r-devel-linux-x86_64-debian-gcc, r-devel-linux-x86_64-fedora-clang, r-devel-linux-x86_64-fedora-gcc, r-devel-osx-x86_64-clang, r-devel-windows-ix86+x86_64, r-patched-linux-x86_64, r-patched-solaris-sparc, r-patched-solaris-x86, r-release-linux-x86_64, r-release-osx-x86_64-mavericks, r-release-windows-ix86+x86_64, r-oldrel-windows-ix86+x86_64

Version: 0.3-45
Check: R code for possible problems
Result: NOTE
    netProp: no visible global function definition for ‘graph.data.frame’
    netProp: no visible global function definition for ‘topological.sort’
    netProp: no visible global function definition for ‘V’
    netProp: no visible global function definition for ‘neighbors’
Flavors: r-devel-linux-x86_64-debian-clang, r-devel-linux-x86_64-debian-gcc, r-devel-linux-x86_64-fedora-clang, r-devel-linux-x86_64-fedora-gcc, r-devel-osx-x86_64-clang, r-devel-windows-ix86+x86_64, r-patched-linux-x86_64, r-patched-solaris-sparc, r-patched-solaris-x86, r-release-linux-x86_64, r-release-osx-x86_64-mavericks, r-release-windows-ix86+x86_64, r-oldrel-windows-ix86+x86_64

Version: 0.3-45
Check: package dependencies
Result: NOTE
    Package suggested but not available for checking: ‘rgeos’
Flavor: r-release-osx-x86_64-mavericks

Version: 0.3-45
Check: package dependencies
Result: ERROR
    Package required but not available: ‘gstat’
    
    Packages suggested but not available for checking:
     ‘igraph’ ‘intamap’ ‘rgeos’
    
    See section ‘The DESCRIPTION file’ in the ‘Writing R Extensions’
    manual.
Flavor: r-release-osx-x86_64-snowleopard