CRAN Package Check Results for Package rtrends

Last updated on 2020-02-28 16:48:28 CET.

Flavor Version Tinstall Tcheck Ttotal Status Flags
r-devel-linux-x86_64-debian-clang 0.1.0 2.08 20.10 22.18 OK
r-devel-linux-x86_64-debian-gcc 0.1.0 1.59 15.39 16.98 OK
r-devel-linux-x86_64-fedora-clang 0.1.0 26.87 NOTE
r-devel-linux-x86_64-fedora-gcc 0.1.0 25.39 NOTE
r-devel-windows-ix86+x86_64 0.1.0 5.00 30.00 35.00 OK
r-devel-windows-ix86+x86_64-gcc8 0.1.0 6.00 31.00 37.00 OK
r-patched-linux-x86_64 0.1.0 1.61 17.67 19.28 OK
r-patched-solaris-x86 0.1.0 37.80 NOTE
r-release-linux-x86_64 0.1.0 1.42 17.75 19.17 OK
r-release-windows-ix86+x86_64 0.1.0 3.00 40.00 43.00 OK
r-release-osx-x86_64 0.1.0 NOTE
r-oldrel-windows-ix86+x86_64 0.1.0 2.00 30.00 32.00 OK
r-oldrel-osx-x86_64 0.1.0 NOTE

Check Details

Version: 0.1.0
Check: dependencies in R code
Result: NOTE
    Namespace in Imports field not imported from: ‘dplyr’
     All declared Imports should be used.
Flavors: r-devel-linux-x86_64-fedora-clang, r-devel-linux-x86_64-fedora-gcc, r-patched-solaris-x86, r-release-osx-x86_64, r-oldrel-osx-x86_64