CRAN Package Check Results for Package rts

Last updated on 2015-03-30 07:48:38.

Flavor Version Tinstall Tcheck Ttotal Status Flags
r-devel-linux-x86_64-debian-clang 1.0-3 3.58 40.91 44.49 NOTE
r-devel-linux-x86_64-debian-gcc 1.0-3 2.63 39.33 41.96 NOTE
r-devel-linux-x86_64-fedora-clang 1.0-3 91.16 NOTE
r-devel-linux-x86_64-fedora-gcc 1.0-3 90.43 NOTE
r-devel-osx-x86_64-clang 1.0-3 86.31 NOTE
r-prerel-windows-ix86+x86_64 1.0-3 8.00 64.00 72.00 NOTE
r-prerel-linux-x86_64 1.0-3 2.58 39.38 41.97 NOTE
r-prerel-solaris-sparc 1.0-3 533.40 NOTE
r-prerel-solaris-x86 1.0-3 119.20 NOTE
r-release-linux-x86_64 1.0-3 5.12 51.54 56.66 NOTE
r-release-osx-x86_64-mavericks 1.0-3 NOTE
r-release-osx-x86_64-snowleopard 1.0-3 NOTE
r-release-windows-ix86+x86_64 1.0-3 12.00 78.00 90.00 NOTE
r-oldrel-windows-ix86+x86_64 1.0-3 10.00 75.00 85.00 NOTE

Check Details

Version: 1.0-3
Check: dependencies in R code
Result: NOTE
    Packages in Depends field not imported from:
     ‘methods’ ‘zoo’
     These packages need to be imported from (in the NAMESPACE file)
     for when this namespace is loaded but not attached.
Flavors: r-devel-linux-x86_64-debian-clang, r-devel-linux-x86_64-debian-gcc, r-devel-linux-x86_64-fedora-clang, r-devel-linux-x86_64-fedora-gcc, r-devel-osx-x86_64-clang, r-prerel-windows-ix86+x86_64, r-prerel-linux-x86_64, r-prerel-solaris-sparc, r-prerel-solaris-x86, r-release-linux-x86_64, r-release-windows-ix86+x86_64

Version: 1.0-3
Check: S3 generic/method consistency
Result: NOTE
    Found the following apparent S3 methods exported but not registered:
     index.RasterStackBrickTS index<-.RasterStackBrickTS
    See section ‘Registering S3 methods’ in the ‘Writing R Extensions’
    manual.
Flavors: r-devel-linux-x86_64-debian-clang, r-devel-linux-x86_64-debian-gcc, r-devel-linux-x86_64-fedora-clang, r-devel-linux-x86_64-fedora-gcc, r-devel-osx-x86_64-clang, r-prerel-linux-x86_64

Version: 1.0-3
Check: R code for possible problems
Result: NOTE
    .doExtract: no visible global function definition for ‘hasValues’
    .doExtract: no visible global function definition for ‘rasterFromCells’
    .doExtract: no visible global function definition for ‘xyFromCell’
    .doExtract: no visible global function definition for ‘nlayers’
    .doExtract: no visible global function definition for ‘brick’
    .doExtract: no visible global function definition for ‘ncell’
    .doExtract: no visible global function definition for ‘setValues’
    .fileBase: no visible global function definition for ‘trim’
    index.RasterStackBrickTS: no visible global function definition for
     ‘index’
    index<-.RasterStackBrickTS: no visible global function definition for
     ‘index<-’
    period.apply,RasterBrickTS: no visible global function definition for
     ‘calc’
    period.apply,RasterBrickTS: no visible global function definition for
     ‘index’
    period.apply,RasterBrickTS: no visible global function definition for
     ‘addLayer’
    period.apply,RasterBrickTS: no visible global function definition for
     ‘brick’
    period.apply,RasterStackTS: no visible global function definition for
     ‘calc’
    period.apply,RasterStackTS: no visible global function definition for
     ‘index’
    period.apply,RasterStackTS: no visible global function definition for
     ‘addLayer’
    plot,RasterStackBrickTS-ANY: no visible global function definition for
     ‘nlayers’
    plot,RasterStackBrickTS-ANY: no visible global function definition for
     ‘index’
    read.rts,character: no visible global function definition for ‘trim’
    read.rts,character: no visible global function definition for
     ‘as.yearmon’
    read.rts,character: no visible global function definition for
     ‘as.yearqtr’
    read.rts,character: no visible global function definition for ‘brick’
    read.rts,character: no visible global function definition for ‘xts’
    rts,RasterBrick-ANY: no visible global function definition for
     ‘nlayers’
    rts,RasterBrick-ANY: no visible global function definition for ‘xts’
    rts,RasterStack-ANY: no visible global function definition for
     ‘nlayers’
    rts,RasterStack-ANY: no visible global function definition for ‘xts’
    rts,character-ANY: no visible global function definition for ‘nlayers’
    rts,character-ANY: no visible global function definition for ‘xts’
    show,RasterStackBrickTS: no visible global function definition for
     ‘periodicity’
    show,RasterStackBrickTS: no visible global function definition for
     ‘filename’
    show,RasterStackBrickTS: no visible global function definition for
     ‘nlayers’
    show,RasterStackBrickTS: no visible global function definition for
     ‘ncell’
    show,RasterStackBrickTS: no visible global function definition for
     ‘xres’
    show,RasterStackBrickTS: no visible global function definition for
     ‘yres’
    show,RasterStackBrickTS: no visible global function definition for
     ‘projection’
    show,RasterStackBrickTS: no visible global function definition for
     ‘minValue’
    show,RasterStackBrickTS: no visible global function definition for
     ‘maxValue’
    show,RasterStackBrickTS: no visible global function definition for
     ‘getZ’
Flavors: r-devel-linux-x86_64-debian-clang, r-devel-linux-x86_64-debian-gcc, r-devel-linux-x86_64-fedora-clang, r-devel-linux-x86_64-fedora-gcc, r-devel-osx-x86_64-clang, r-prerel-windows-ix86+x86_64, r-prerel-linux-x86_64, r-prerel-solaris-sparc, r-prerel-solaris-x86, r-release-linux-x86_64, r-release-osx-x86_64-mavericks, r-release-windows-ix86+x86_64

Version: 1.0-3
Check: package dependencies
Result: NOTE
    Package suggested but not available for checking: ‘rgdal’
Flavor: r-release-osx-x86_64-mavericks

Version: 1.0-3
Check: dependencies in R code
Result: NOTE
    Packages in Depends field not imported from:
     ‘methods’ ‘zoo’
     These packages need to be imported from (in the NAMESPACE file)
     for when this namespace is loaded but not attached.
    See the information on DESCRIPTION files in the chapter ‘Creating R
    packages’ of the ‘Writing R Extensions’ manual.
Flavors: r-release-osx-x86_64-mavericks, r-oldrel-windows-ix86+x86_64

Version: 1.0-3
Check: dependencies in R code
Result: NOTE
    Packages in Depends field not imported from:
     'methods' 'zoo'
     These packages need to be imported from for the case when
     this namespace is loaded but not attached.
    See the information on DESCRIPTION files in the chapter 'Creating R
    packages' of the 'Writing R Extensions' manual.
Flavor: r-release-osx-x86_64-snowleopard