CRAN Package Check Results for Package rts

Last updated on 2015-05-28 23:47:57.

Flavor Version Tinstall Tcheck Ttotal Status Flags
r-devel-linux-x86_64-debian-clang 1.0-3 2.71 42.13 44.84 NOTE
r-devel-linux-x86_64-debian-gcc 1.0-3 2.82 39.83 42.66 NOTE
r-devel-linux-x86_64-fedora-clang 1.0-3 95.09 NOTE
r-devel-linux-x86_64-fedora-gcc 1.0-3 87.54 NOTE
r-devel-osx-x86_64-clang 1.0-3 81.52 NOTE
r-devel-windows-ix86+x86_64 1.0-3 8.00 67.00 75.00 NOTE
r-patched-linux-x86_64 1.0-3 2.73 39.51 42.24 NOTE
r-patched-solaris-sparc 1.0-3 536.40 NOTE
r-patched-solaris-x86 1.0-3 122.10 NOTE
r-release-linux-x86_64 1.0-3 2.69 41.14 43.83 NOTE
r-release-osx-x86_64-mavericks 1.0-3 NOTE
r-release-osx-x86_64-snowleopard 1.0-3 ERROR
r-release-windows-ix86+x86_64 1.0-3 8.00 58.00 66.00 NOTE
r-oldrel-windows-ix86+x86_64 1.0-3 10.00 65.00 75.00 NOTE

Check Details

Version: 1.0-3
Check: dependencies in R code
Result: NOTE
    Packages in Depends field not imported from:
     ‘methods’ ‘zoo’
     These packages need to be imported from (in the NAMESPACE file)
     for when this namespace is loaded but not attached.
Flavors: r-devel-linux-x86_64-debian-clang, r-devel-linux-x86_64-debian-gcc, r-devel-linux-x86_64-fedora-clang, r-devel-linux-x86_64-fedora-gcc, r-devel-osx-x86_64-clang, r-devel-windows-ix86+x86_64, r-patched-linux-x86_64, r-patched-solaris-sparc, r-patched-solaris-x86, r-release-linux-x86_64, r-release-osx-x86_64-mavericks, r-release-windows-ix86+x86_64, r-oldrel-windows-ix86+x86_64

Version: 1.0-3
Check: S3 generic/method consistency
Result: NOTE
    Found the following apparent S3 methods exported but not registered:
     index.RasterStackBrickTS index<-.RasterStackBrickTS
    See section ‘Registering S3 methods’ in the ‘Writing R Extensions’
    manual.
Flavors: r-devel-linux-x86_64-debian-clang, r-devel-linux-x86_64-debian-gcc, r-devel-linux-x86_64-fedora-clang, r-devel-linux-x86_64-fedora-gcc, r-devel-osx-x86_64-clang, r-patched-linux-x86_64, r-patched-solaris-sparc, r-patched-solaris-x86, r-release-linux-x86_64

Version: 1.0-3
Check: R code for possible problems
Result: NOTE
    .doExtract: no visible global function definition for ‘hasValues’
    .doExtract: no visible global function definition for ‘rasterFromCells’
    .doExtract: no visible global function definition for ‘xyFromCell’
    .doExtract: no visible global function definition for ‘nlayers’
    .doExtract: no visible global function definition for ‘brick’
    .doExtract: no visible global function definition for ‘ncell’
    .doExtract: no visible global function definition for ‘setValues’
    .fileBase: no visible global function definition for ‘trim’
    index.RasterStackBrickTS: no visible global function definition for
     ‘index’
    index<-.RasterStackBrickTS: no visible global function definition for
     ‘index<-’
    period.apply,RasterBrickTS: no visible global function definition for
     ‘calc’
    period.apply,RasterBrickTS: no visible global function definition for
     ‘index’
    period.apply,RasterBrickTS: no visible global function definition for
     ‘addLayer’
    period.apply,RasterBrickTS: no visible global function definition for
     ‘brick’
    period.apply,RasterStackTS: no visible global function definition for
     ‘calc’
    period.apply,RasterStackTS: no visible global function definition for
     ‘index’
    period.apply,RasterStackTS: no visible global function definition for
     ‘addLayer’
    plot,RasterStackBrickTS-ANY: no visible global function definition for
     ‘nlayers’
    plot,RasterStackBrickTS-ANY: no visible global function definition for
     ‘index’
    read.rts,character: no visible global function definition for ‘trim’
    read.rts,character: no visible global function definition for
     ‘as.yearmon’
    read.rts,character: no visible global function definition for
     ‘as.yearqtr’
    read.rts,character: no visible global function definition for ‘brick’
    read.rts,character: no visible global function definition for ‘xts’
    rts,RasterBrick-ANY: no visible global function definition for
     ‘nlayers’
    rts,RasterBrick-ANY: no visible global function definition for ‘xts’
    rts,RasterStack-ANY: no visible global function definition for
     ‘nlayers’
    rts,RasterStack-ANY: no visible global function definition for ‘xts’
    rts,character-ANY: no visible global function definition for ‘nlayers’
    rts,character-ANY: no visible global function definition for ‘xts’
    show,RasterStackBrickTS: no visible global function definition for
     ‘periodicity’
    show,RasterStackBrickTS: no visible global function definition for
     ‘filename’
    show,RasterStackBrickTS: no visible global function definition for
     ‘nlayers’
    show,RasterStackBrickTS: no visible global function definition for
     ‘ncell’
    show,RasterStackBrickTS: no visible global function definition for
     ‘xres’
    show,RasterStackBrickTS: no visible global function definition for
     ‘yres’
    show,RasterStackBrickTS: no visible global function definition for
     ‘projection’
    show,RasterStackBrickTS: no visible global function definition for
     ‘minValue’
    show,RasterStackBrickTS: no visible global function definition for
     ‘maxValue’
    show,RasterStackBrickTS: no visible global function definition for
     ‘getZ’
Flavors: r-devel-linux-x86_64-debian-clang, r-devel-linux-x86_64-debian-gcc, r-devel-linux-x86_64-fedora-clang, r-devel-linux-x86_64-fedora-gcc, r-devel-osx-x86_64-clang, r-devel-windows-ix86+x86_64, r-patched-linux-x86_64, r-patched-solaris-sparc, r-patched-solaris-x86, r-release-linux-x86_64, r-release-osx-x86_64-mavericks, r-release-windows-ix86+x86_64, r-oldrel-windows-ix86+x86_64

Version: 1.0-3
Check: package dependencies
Result: NOTE
    Package suggested but not available for checking: ‘rgdal’
Flavor: r-release-osx-x86_64-mavericks

Version: 1.0-3
Check: package dependencies
Result: ERROR
    Packages required but not available: ‘raster’ ‘xts’ ‘zoo’
    
    See section ‘The DESCRIPTION file’ in the ‘Writing R Extensions’
    manual.
Flavor: r-release-osx-x86_64-snowleopard