CRAN Package Check Results for Package rts

Last updated on 2014-07-24 22:48:43.

Flavor Version Tinstall Tcheck Ttotal Status Flags
r-devel-linux-x86_64-debian-clang 1.0-3 3.54 49.96 53.50 NOTE
r-devel-linux-x86_64-debian-gcc 1.0-3 3.33 48.72 52.04 NOTE
r-devel-linux-x86_64-fedora-clang 1.0-3 124.39 NOTE
r-devel-linux-x86_64-fedora-gcc 1.0-3 118.17 NOTE
r-devel-osx-x86_64-clang 1.0-3 96.53 NOTE
r-devel-windows-ix86+x86_64 1.0-3 9.00 73.00 82.00 NOTE
r-patched-linux-x86_64 1.0-3 4.52 50.30 54.82 NOTE
r-patched-solaris-sparc 1.0-3 663.90 NOTE
r-patched-solaris-x86 1.0-3 155.30 NOTE
r-release-linux-ix86 1.0-3 4.26 61.14 65.40 NOTE
r-release-linux-x86_64 1.0-3 3.57 50.64 54.21 NOTE
r-release-osx-x86_64-mavericks 1.0-3 NOTE
r-release-osx-x86_64-snowleopard 1.0-3 NOTE
r-release-windows-ix86+x86_64 1.0-3 11.00 77.00 88.00 NOTE
r-oldrel-windows-ix86+x86_64 1.0-3 11.00 67.00 78.00 NOTE

Check Details

Version: 1.0-3
Check: dependencies in R code
Result: NOTE
    Packages in Depends field not imported from:
     ‘methods’ ‘zoo’
     These packages need to be imported from (in the NAMESPACE file)
     for when this namespace is loaded but not attached.
    See the information on DESCRIPTION files in the chapter ‘Creating R
    packages’ of the ‘Writing R Extensions’ manual.
Flavors: r-devel-linux-x86_64-debian-clang, r-devel-linux-x86_64-debian-gcc, r-devel-linux-x86_64-fedora-clang, r-devel-linux-x86_64-fedora-gcc, r-devel-osx-x86_64-clang, r-devel-windows-ix86+x86_64, r-patched-linux-x86_64, r-patched-solaris-sparc, r-patched-solaris-x86, r-release-linux-ix86, r-release-linux-x86_64, r-release-osx-x86_64-mavericks, r-release-windows-ix86+x86_64, r-oldrel-windows-ix86+x86_64

Version: 1.0-3
Check: package dependencies
Result: NOTE
    Package suggested but not available for checking: ‘rgdal’
Flavor: r-release-osx-x86_64-mavericks

Version: 1.0-3
Check: dependencies in R code
Result: NOTE
    Packages in Depends field not imported from:
     'methods' 'zoo'
     These packages need to be imported from for the case when
     this namespace is loaded but not attached.
    See the information on DESCRIPTION files in the chapter 'Creating R
    packages' of the 'Writing R Extensions' manual.
Flavor: r-release-osx-x86_64-snowleopard