CRAN Package Check Results for Package rts

Last updated on 2014-04-20 21:46:55.

Flavor Version Tinstall Tcheck Ttotal Status Flags
r-devel-linux-x86_64-debian-clang 1.0-3 3.85 54.81 58.66 NOTE
r-devel-linux-x86_64-debian-gcc 1.0-3 3.74 53.03 56.78 NOTE
r-devel-linux-x86_64-fedora-clang 1.0-3 125.67 NOTE
r-devel-linux-x86_64-fedora-gcc 1.0-3 121.31 NOTE
r-devel-macosx-x86_64-clang 1.0-3 101.05 NOTE
r-devel-macosx-x86_64-gcc 1.0-3 ERROR
r-devel-windows-ix86+x86_64 1.0-3 10.00 74.00 84.00 NOTE
r-patched-linux-x86_64 1.0-3 3.77 53.04 56.81 NOTE
r-patched-solaris-sparc 1.0-3 663.90 NOTE
r-patched-solaris-x86 1.0-3 155.20 NOTE
r-release-linux-ix86 NOTE
r-release-linux-x86_64 1.0-3 3.85 52.98 56.83 NOTE
r-release-macosx-x86_64 1.0-3 NOTE
r-release-windows-ix86+x86_64 1.0-3 12.00 75.00 87.00 NOTE
r-oldrel-windows-ix86+x86_64 1.0-3 9.00 67.00 76.00 NOTE

Check Details

Version: 1.0-3
Check: dependencies in R code
Result: NOTE
    Packages in Depends field not imported from:
     ‘methods’ ‘zoo’
     These packages need to be imported from (in the NAMESPACE file)
     for when this namespace is loaded but not attached.
    See the information on DESCRIPTION files in the chapter ‘Creating R
    packages’ of the ‘Writing R Extensions’ manual.
Flavors: r-devel-linux-x86_64-debian-clang, r-devel-linux-x86_64-debian-gcc, r-devel-linux-x86_64-fedora-clang, r-devel-linux-x86_64-fedora-gcc, r-devel-macosx-x86_64-clang, r-devel-windows-ix86+x86_64, r-patched-linux-x86_64, r-patched-solaris-sparc, r-patched-solaris-x86, r-release-linux-ix86, r-release-linux-x86_64, r-release-windows-ix86+x86_64, r-oldrel-windows-ix86+x86_64

Version: 1.0-3
Check: package dependencies
Result: ERROR
    Packages required but not available: ‘raster’ ‘xts’ ‘zoo’
    
    See the information on DESCRIPTION files in the chapter ‘Creating R
    packages’ of the ‘Writing R Extensions’ manual.
Flavor: r-devel-macosx-x86_64-gcc

Version: 1.0-3
Check: dependencies in R code
Result: NOTE
    Packages in Depends field not imported from:
     'methods' 'zoo'
     These packages need to be imported from for the case when
     this namespace is loaded but not attached.
    See the information on DESCRIPTION files in the chapter 'Creating R
    packages' of the 'Writing R Extensions' manual.
Flavor: r-release-macosx-x86_64