CRAN Package Check Results for Package rts

Last updated on 2015-08-03 19:49:25.

Flavor Version Tinstall Tcheck Ttotal Status Flags
r-devel-linux-x86_64-debian-clang 1.0-9 3.36 49.63 52.98 OK
r-devel-linux-x86_64-debian-gcc 1.0-9 3.14 47.88 51.02 OK
r-devel-linux-x86_64-fedora-clang 1.0-9 98.71 OK
r-devel-linux-x86_64-fedora-gcc 1.0-9 98.39 OK
r-devel-osx-x86_64-clang 1.0-9 60.26 OK
r-devel-windows-ix86+x86_64 1.0-9 8.00 72.00 80.00 OK
r-patched-linux-x86_64 1.0-3 3.12 42.89 46.01 NOTE
r-patched-solaris-sparc 1.0-9 571.00 OK
r-patched-solaris-x86 1.0-9 117.80 OK
r-release-linux-x86_64 1.0-9 2.92 47.46 50.38 OK
r-release-osx-x86_64-mavericks 1.0-9 OK
r-release-windows-ix86+x86_64 1.0-9 11.00 99.00 110.00 OK
r-oldrel-windows-ix86+x86_64 1.0-9 16.00 129.00 145.00 OK

Check Details

Version: 1.0-3
Check: dependencies in R code
Result: NOTE
    Packages in Depends field not imported from:
     ‘methods’ ‘zoo’
     These packages need to be imported from (in the NAMESPACE file)
     for when this namespace is loaded but not attached.
Flavor: r-patched-linux-x86_64

Version: 1.0-3
Check: S3 generic/method consistency
Result: NOTE
    Found the following apparent S3 methods exported but not registered:
     index.RasterStackBrickTS index<-.RasterStackBrickTS
    See section ‘Registering S3 methods’ in the ‘Writing R Extensions’
    manual.
Flavor: r-patched-linux-x86_64

Version: 1.0-3
Check: R code for possible problems
Result: NOTE
    .doExtract: no visible global function definition for ‘hasValues’
    .doExtract: no visible global function definition for ‘rasterFromCells’
    .doExtract: no visible global function definition for ‘xyFromCell’
    .doExtract: no visible global function definition for ‘nlayers’
    .doExtract: no visible global function definition for ‘brick’
    .doExtract: no visible global function definition for ‘ncell’
    .doExtract: no visible global function definition for ‘setValues’
    .fileBase: no visible global function definition for ‘trim’
    index.RasterStackBrickTS: no visible global function definition for
     ‘index’
    index<-.RasterStackBrickTS: no visible global function definition for
     ‘index<-’
    [,RasterStackBrickTS-Extent-ANY : .local: no visible global function
     definition for ‘xts’
    [,RasterStackBrickTS-Extent-ANY : .local: no visible global function
     definition for ‘index’
    [,RasterStackBrickTS-Extent-ANY : .local: no visible global function
     definition for ‘crop’
    [,RasterStackBrickTS-Spatial-ANY : .local: no visible global function
     definition for ‘xts’
    [,RasterStackBrickTS-Spatial-ANY : .local: no visible global function
     definition for ‘index’
    [,RasterStackBrickTS-Spatial-ANY : .local: no visible global function
     definition for ‘layerNames<-’
    [,RasterStackBrickTS-numeric-ANY : .local: no visible global function
     definition for ‘xts’
    [,RasterStackBrickTS-numeric-ANY : .local: no visible global function
     definition for ‘index’
    [,RasterStackBrickTS-numeric-ANY : .local: no visible global function
     definition for ‘layerNames<-’
    [[,RasterStackBrickTS-ANY-ANY : .local: no visible global function
     definition for ‘index’
    [[,RasterStackBrickTS-ANY-ANY : .local: no visible global function
     definition for ‘layerNames<-’
    period.apply,RasterBrickTS: no visible global function definition for
     ‘calc’
    period.apply,RasterBrickTS: no visible global function definition for
     ‘index’
    period.apply,RasterBrickTS: no visible global function definition for
     ‘addLayer’
    period.apply,RasterBrickTS: no visible global function definition for
     ‘brick’
    period.apply,RasterStackTS: no visible global function definition for
     ‘calc’
    period.apply,RasterStackTS: no visible global function definition for
     ‘index’
    period.apply,RasterStackTS: no visible global function definition for
     ‘addLayer’
    plot,RasterStackBrickTS-ANY: no visible global function definition for
     ‘nlayers’
    plot,RasterStackBrickTS-ANY: no visible global function definition for
     ‘index’
    plot,rts-ANY : .local: no visible global function definition for
     ‘axTicksByTime’
    plot,rts-ANY : .local: no visible global function definition for
     ‘index’
    read.rts,character: no visible global function definition for ‘trim’
    read.rts,character: no visible global function definition for
     ‘as.yearmon’
    read.rts,character: no visible global function definition for
     ‘as.yearqtr’
    read.rts,character: no visible global function definition for ‘brick’
    read.rts,character: no visible global function definition for ‘xts’
    rts,RasterBrick-ANY: no visible global function definition for
     ‘nlayers’
    rts,RasterBrick-ANY: no visible global function definition for ‘xts’
    rts,RasterStack-ANY: no visible global function definition for
     ‘nlayers’
    rts,RasterStack-ANY: no visible global function definition for ‘xts’
    rts,character-ANY: no visible global function definition for ‘nlayers’
    rts,character-ANY: no visible global function definition for ‘xts’
    show,RasterStackBrickTS: no visible global function definition for
     ‘periodicity’
    show,RasterStackBrickTS: no visible global function definition for
     ‘filename’
    show,RasterStackBrickTS: no visible global function definition for
     ‘nlayers’
    show,RasterStackBrickTS: no visible global function definition for
     ‘ncell’
    show,RasterStackBrickTS: no visible global function definition for
     ‘xres’
    show,RasterStackBrickTS: no visible global function definition for
     ‘yres’
    show,RasterStackBrickTS: no visible global function definition for
     ‘projection’
    show,RasterStackBrickTS: no visible global function definition for
     ‘minValue’
    show,RasterStackBrickTS: no visible global function definition for
     ‘maxValue’
    show,RasterStackBrickTS: no visible global function definition for
     ‘getZ’
    write.rts,RasterStackBrickTS-character : .local: no visible global
     function definition for ‘writeRaster’
    write.rts,RasterStackBrickTS-character : .local: no visible global
     function definition for ‘index’
Flavor: r-patched-linux-x86_64