CRAN Package Check Results for Package rts

Last updated on 2014-10-25 17:46:53.

Flavor Version Tinstall Tcheck Ttotal Status Flags
r-devel-linux-x86_64-debian-clang 1.0-3 3.43 48.80 52.23 NOTE
r-devel-linux-x86_64-debian-gcc 1.0-3 3.29 50.86 54.15 NOTE
r-devel-linux-x86_64-fedora-clang 1.0-3 118.33 NOTE
r-devel-linux-x86_64-fedora-gcc 1.0-3 109.19 NOTE
r-devel-osx-x86_64-clang 1.0-3 100.64 NOTE
r-devel-windows-ix86+x86_64 1.0-3 7.00 66.00 73.00 NOTE
r-patched-linux-x86_64 1.0-3 4.24 50.14 54.38 NOTE
r-patched-solaris-sparc 1.0-3 670.40 NOTE
r-patched-solaris-x86 1.0-3 156.00 NOTE
r-release-linux-ix86 1.0-3 4.42 61.11 65.53 NOTE
r-release-linux-x86_64 1.0-3 3.67 51.06 54.72 NOTE
r-release-osx-x86_64-mavericks 1.0-3 NOTE
r-release-osx-x86_64-snowleopard 1.0-3 NOTE
r-release-windows-ix86+x86_64 1.0-3 10.00 78.00 88.00 NOTE
r-oldrel-windows-ix86+x86_64 1.0-3 9.00 71.00 80.00 NOTE

Check Details

Version: 1.0-3
Check: dependencies in R code
Result: NOTE
    Packages in Depends field not imported from:
     ‘methods’ ‘zoo’
     These packages need to be imported from (in the NAMESPACE file)
     for when this namespace is loaded but not attached.
    See the information on DESCRIPTION files in the chapter ‘Creating R
    packages’ of the ‘Writing R Extensions’ manual.
Flavors: r-devel-linux-x86_64-debian-clang, r-devel-linux-x86_64-debian-gcc, r-devel-linux-x86_64-fedora-clang, r-devel-linux-x86_64-fedora-gcc, r-devel-osx-x86_64-clang, r-devel-windows-ix86+x86_64, r-patched-linux-x86_64, r-patched-solaris-sparc, r-patched-solaris-x86, r-release-linux-ix86, r-release-linux-x86_64, r-release-osx-x86_64-mavericks, r-release-windows-ix86+x86_64, r-oldrel-windows-ix86+x86_64

Version: 1.0-3
Check: R code for possible problems
Result: NOTE
    .doExtract: no visible global function definition for ‘hasValues’
    .doExtract: no visible global function definition for ‘rasterFromCells’
    .doExtract: no visible global function definition for ‘xyFromCell’
    .doExtract: no visible global function definition for ‘nlayers’
    .doExtract: no visible global function definition for ‘brick’
    .doExtract: no visible global function definition for ‘ncell’
    .doExtract: no visible global function definition for ‘setValues’
    .fileBase: no visible global function definition for ‘trim’
    index.RasterStackBrickTS: no visible global function definition for
     ‘index’
    index<-.RasterStackBrickTS: no visible global function definition for
     ‘index<-’
    period.apply,RasterBrickTS: no visible global function definition for
     ‘calc’
    period.apply,RasterBrickTS: no visible global function definition for
     ‘index’
    period.apply,RasterBrickTS: no visible global function definition for
     ‘addLayer’
    period.apply,RasterBrickTS: no visible global function definition for
     ‘brick’
    period.apply,RasterStackTS: no visible global function definition for
     ‘calc’
    period.apply,RasterStackTS: no visible global function definition for
     ‘index’
    period.apply,RasterStackTS: no visible global function definition for
     ‘addLayer’
    plot,RasterStackBrickTS-ANY: no visible global function definition for
     ‘nlayers’
    plot,RasterStackBrickTS-ANY: no visible global function definition for
     ‘index’
    read.rts,character: no visible global function definition for ‘trim’
    read.rts,character: no visible global function definition for
     ‘as.yearmon’
    read.rts,character: no visible global function definition for
     ‘as.yearqtr’
    read.rts,character: no visible global function definition for ‘brick’
    read.rts,character: no visible global function definition for ‘xts’
    rts,RasterBrick-ANY: no visible global function definition for
     ‘nlayers’
    rts,RasterBrick-ANY: no visible global function definition for ‘xts’
    rts,RasterStack-ANY: no visible global function definition for
     ‘nlayers’
    rts,RasterStack-ANY: no visible global function definition for ‘xts’
    rts,character-ANY: no visible global function definition for ‘nlayers’
    rts,character-ANY: no visible global function definition for ‘xts’
    show,RasterStackBrickTS: no visible global function definition for
     ‘periodicity’
    show,RasterStackBrickTS: no visible global function definition for
     ‘filename’
    show,RasterStackBrickTS: no visible global function definition for
     ‘nlayers’
    show,RasterStackBrickTS: no visible global function definition for
     ‘ncell’
    show,RasterStackBrickTS: no visible global function definition for
     ‘xres’
    show,RasterStackBrickTS: no visible global function definition for
     ‘yres’
    show,RasterStackBrickTS: no visible global function definition for
     ‘projection’
    show,RasterStackBrickTS: no visible global function definition for
     ‘minValue’
    show,RasterStackBrickTS: no visible global function definition for
     ‘maxValue’
    show,RasterStackBrickTS: no visible global function definition for
     ‘getZ’
Flavors: r-devel-linux-x86_64-debian-clang, r-devel-linux-x86_64-debian-gcc, r-devel-linux-x86_64-fedora-clang, r-devel-linux-x86_64-fedora-gcc, r-devel-osx-x86_64-clang, r-devel-windows-ix86+x86_64, r-patched-linux-x86_64, r-patched-solaris-sparc, r-patched-solaris-x86

Version: 1.0-3
Check: package dependencies
Result: NOTE
    Package suggested but not available for checking: ‘rgdal’
Flavor: r-release-osx-x86_64-mavericks

Version: 1.0-3
Check: dependencies in R code
Result: NOTE
    Packages in Depends field not imported from:
     'methods' 'zoo'
     These packages need to be imported from for the case when
     this namespace is loaded but not attached.
    See the information on DESCRIPTION files in the chapter 'Creating R
    packages' of the 'Writing R Extensions' manual.
Flavor: r-release-osx-x86_64-snowleopard