CRAN Package Check Results for Package rts

Last updated on 2017-04-28 17:47:58.

Flavor Version Tinstall Tcheck Ttotal Status Flags
r-devel-linux-x86_64-debian-clang 1.0-18 3.11 54.63 57.74 OK
r-devel-linux-x86_64-debian-gcc 1.0-18 3.21 53.57 56.78 OK
r-devel-linux-x86_64-fedora-clang 1.0-18 112.63 OK --no-stop-on-test-error
r-devel-linux-x86_64-fedora-gcc 1.0-18 105.13 OK --no-stop-on-test-error
r-devel-windows-ix86+x86_64 1.0-18 9.00 123.00 132.00 OK
r-patched-linux-x86_64 1.0-18 3.62 52.20 55.82 OK
r-patched-solaris-sparc 1.0-18 609.70 OK
r-patched-solaris-x86 1.0-18 135.00 OK
r-release-linux-x86_64 1.0-18 3.09 52.10 55.19 OK
r-release-windows-ix86+x86_64 1.0-18 12.00 93.00 105.00 OK
r-release-osx-x86_64 1.0-18 NOTE
r-oldrel-windows-ix86+x86_64 1.0-18 12.00 110.00 122.00 OK
r-oldrel-osx-x86_64 1.0-18 OK

Check Details

Version: 1.0-18
Check: package dependencies
Result: NOTE
    Package suggested but not available for checking: ‘rgdal’
Flavor: r-release-osx-x86_64