CRAN Package Check Results for Package rugarch

Last updated on 2015-08-30 23:47:57.

Flavor Version Tinstall Tcheck Ttotal Status Flags
r-devel-linux-x86_64-debian-clang 1.3-6 14.15 157.18 171.33 NOTE
r-devel-linux-x86_64-debian-gcc 1.3-6 15.12 151.25 166.37 NOTE
r-devel-linux-x86_64-fedora-clang 1.3-6 324.43 NOTE
r-devel-linux-x86_64-fedora-gcc 1.3-6 298.12 NOTE
r-devel-osx-x86_64-clang 1.3-6 237.90 OK
r-devel-windows-ix86+x86_64 1.3-6 73.00 265.00 338.00 OK
r-patched-linux-x86_64 1.3-6 16.34 156.38 172.72 NOTE
r-patched-solaris-sparc 1.3-6 1791.70 OK
r-patched-solaris-x86 1.3-6 318.90 OK
r-release-linux-x86_64 1.3-6 18.19 159.27 177.46 NOTE
r-release-osx-x86_64-mavericks 1.3-6 NOTE
r-release-windows-ix86+x86_64 1.3-6 72.00 288.00 360.00 OK
r-oldrel-windows-ix86+x86_64 1.3-6 74.00 411.00 485.00 OK

Check Details

Version: 1.3-6
Check: installed package size
Result: NOTE
     installed size is 5.1Mb
     sub-directories of 1Mb or more:
     libs 1.8Mb
Flavors: r-devel-linux-x86_64-debian-clang, r-devel-linux-x86_64-debian-gcc, r-devel-linux-x86_64-fedora-clang, r-devel-linux-x86_64-fedora-gcc, r-patched-linux-x86_64, r-release-linux-x86_64, r-release-osx-x86_64-mavericks