CRAN Package Check Results for Package rugarch

Last updated on 2014-07-25 17:48:08.

Flavor Version Tinstall Tcheck Ttotal Status Flags
r-devel-linux-x86_64-debian-clang 1.3-3 15.23 165.96 181.19 OK
r-devel-linux-x86_64-debian-gcc 1.3-3 17.22 164.42 181.64 OK
r-devel-linux-x86_64-fedora-clang 1.3-3 403.14 OK
r-devel-linux-x86_64-fedora-gcc 1.3-3 380.57 NOTE
r-devel-osx-x86_64-clang 1.3-3 290.70 OK
r-devel-windows-ix86+x86_64 1.3-3 44.00 257.00 301.00 OK
r-patched-linux-x86_64 1.3-3 17.18 163.75 180.92 OK
r-patched-solaris-sparc 1.3-3 1914.60 OK
r-patched-solaris-x86 1.3-3 433.30 OK
r-release-linux-ix86 1.3-3 21.14 198.29 219.43 OK
r-release-linux-x86_64 1.3-3 17.35 165.18 182.52 OK
r-release-osx-x86_64-mavericks 1.3-3 OK
r-release-osx-x86_64-snowleopard 1.3-3 OK
r-release-windows-ix86+x86_64 1.3-3 46.00 265.00 311.00 OK
r-oldrel-windows-ix86+x86_64 1.3-3 51.00 242.00 293.00 OK

Check Details

Version: 1.3-3
Check: installed package size
Result: NOTE
     installed size is 5.0Mb
     sub-directories of 1Mb or more:
     libs 1.9Mb
Flavor: r-devel-linux-x86_64-fedora-gcc