CRAN Package Check Results for Package rugarch

Last updated on 2015-01-29 16:48:37.

Flavor Version Tinstall Tcheck Ttotal Status Flags
r-devel-linux-x86_64-debian-clang 1.3-4 14.39 155.05 169.44 NOTE
r-devel-linux-x86_64-debian-gcc 1.3-4 16.01 155.18 171.19 NOTE
r-devel-linux-x86_64-fedora-clang 1.3-4 364.76 NOTE
r-devel-linux-x86_64-fedora-gcc 1.3-4 341.97 NOTE
r-devel-osx-x86_64-clang 1.3-4 299.63 OK
r-devel-windows-ix86+x86_64 1.3-4 64.00 222.00 286.00 OK
r-patched-linux-x86_64 1.3-4 17.91 169.46 187.36 NOTE
r-patched-solaris-sparc 1.3-4 2081.90 NOTE
r-patched-solaris-x86 1.3-4 401.10 NOTE
r-release-linux-ix86 1.3-4 20.64 193.49 214.13 OK
r-release-linux-x86_64 1.3-4 17.53 171.68 189.21 NOTE
r-release-osx-x86_64-mavericks 1.3-4 OK
r-release-osx-x86_64-snowleopard 1.3-4 OK
r-release-windows-ix86+x86_64 1.3-4 50.00 285.00 335.00 OK
r-oldrel-windows-ix86+x86_64 1.3-4 56.00 258.00 314.00 OK

Check Details

Version: 1.3-4
Check: installed package size
Result: NOTE
     installed size is 5.1Mb
     sub-directories of 1Mb or more:
     libs 1.8Mb
Flavors: r-devel-linux-x86_64-debian-clang, r-devel-linux-x86_64-debian-gcc, r-devel-linux-x86_64-fedora-clang, r-devel-linux-x86_64-fedora-gcc, r-patched-linux-x86_64, r-patched-solaris-sparc, r-patched-solaris-x86, r-release-linux-x86_64