CRAN Package Check Results for Package rugarch

Last updated on 2016-02-08 19:48:38.

Flavor Version Tinstall Tcheck Ttotal Status Flags
r-devel-linux-x86_64-debian-gcc 1.3-6 16.39 167.10 183.49 NOTE
r-devel-linux-x86_64-fedora-clang 1.3-6 344.79 NOTE
r-devel-linux-x86_64-fedora-gcc 1.3-6 317.53 NOTE
r-devel-osx-x86_64-clang 1.3-6 351.62 OK
r-devel-windows-ix86+x86_64 1.3-6 64.00 336.00 400.00 OK
r-patched-linux-x86_64 1.3-6 16.75 169.68 186.43 NOTE
r-patched-solaris-sparc 1.3-6 1989.50 OK
r-patched-solaris-x86 1.3-6 367.70 OK
r-release-linux-x86_64 1.3-6 16.99 165.04 182.03 NOTE
r-release-osx-x86_64-mavericks 1.3-6 NOTE
r-release-windows-ix86+x86_64 1.3-6 65.00 346.00 411.00 OK
r-oldrel-windows-ix86+x86_64 1.3-6 76.00 437.00 513.00 OK

Check Details

Version: 1.3-6
Check: installed package size
Result: NOTE
     installed size is 5.2Mb
     sub-directories of 1Mb or more:
     libs 1.9Mb
Flavors: r-devel-linux-x86_64-debian-gcc, r-devel-linux-x86_64-fedora-clang, r-devel-linux-x86_64-fedora-gcc, r-patched-linux-x86_64, r-release-linux-x86_64, r-release-osx-x86_64-mavericks