CRAN Package Check Results for Package rugarch

Last updated on 2014-10-20 11:48:42.

Flavor Version Tinstall Tcheck Ttotal Status Flags
r-devel-linux-x86_64-debian-clang 1.3-3 15.30 166.72 182.02 WARN
r-devel-linux-x86_64-debian-gcc 1.3-3 16.67 160.25 176.92 WARN
r-devel-linux-x86_64-fedora-clang 1.3-3 384.93 WARN
r-devel-linux-x86_64-fedora-gcc 1.3-3 357.01 WARN
r-devel-osx-x86_64-clang 1.3-3 270.61 WARN
r-devel-windows-ix86+x86_64 1.3-3 45.00 223.00 268.00 WARN
r-patched-linux-x86_64 1.3-3 17.36 170.58 187.94 WARN
r-patched-solaris-sparc 1.3-3 2064.30 WARN
r-patched-solaris-x86 1.3-3 422.30 WARN
r-release-linux-ix86 1.3-3 21.48 201.47 222.95 OK
r-release-linux-x86_64 1.3-3 17.28 170.10 187.38 OK
r-release-osx-x86_64-mavericks 1.3-3 OK
r-release-osx-x86_64-snowleopard 1.3-3 OK
r-release-windows-ix86+x86_64 1.3-3 50.00 256.00 306.00 OK
r-oldrel-windows-ix86+x86_64 1.3-3 50.00 251.00 301.00 OK

Check Details

Version: 1.3-3
Check: dependencies in R code
Result: WARN
    'library' or 'require' call not declared from: ‘parallel’
    See the information on DESCRIPTION files in the chapter ‘Creating R
    packages’ of the ‘Writing R Extensions’ manual.
Flavors: r-devel-linux-x86_64-debian-clang, r-devel-linux-x86_64-debian-gcc, r-devel-linux-x86_64-fedora-clang, r-devel-linux-x86_64-fedora-gcc, r-devel-osx-x86_64-clang, r-devel-windows-ix86+x86_64, r-patched-linux-x86_64, r-patched-solaris-sparc, r-patched-solaris-x86

Version: 1.3-3
Check: installed package size
Result: NOTE
     installed size is 5.1Mb
     sub-directories of 1Mb or more:
     libs 1.9Mb
Flavor: r-devel-linux-x86_64-fedora-gcc