CRAN Package Check Results for Package rugarch

Last updated on 2020-05-28 17:50:17 CEST.

Flavor Version Tinstall Tcheck Ttotal Status Flags
r-devel-linux-x86_64-debian-clang 1.4-2 102.74 309.07 411.81 OK
r-devel-linux-x86_64-debian-gcc 1.4-2 80.01 231.73 311.74 OK
r-devel-linux-x86_64-fedora-clang 1.4-2 489.71 NOTE
r-devel-linux-x86_64-fedora-gcc 1.4-2 490.24 OK
r-devel-windows-ix86+x86_64 1.4-2 199.00 366.00 565.00 NOTE
r-patched-linux-x86_64 1.4-2 93.15 311.71 404.86 OK
r-patched-solaris-x86 1.4-2 551.80 NOTE
r-release-linux-x86_64 1.4-2 85.36 315.04 400.40 OK
r-release-osx-x86_64 1.4-2 NOTE
r-release-windows-ix86+x86_64 1.4-2 141.00 423.00 564.00 NOTE
r-oldrel-osx-x86_64 1.4-2 NOTE
r-oldrel-windows-ix86+x86_64 1.4-2 139.00 309.00 448.00 NOTE

Check Details

Version: 1.4-2
Check: installed package size
Result: NOTE
     installed size is 7.8Mb
     sub-directories of 1Mb or more:
     R 3.0Mb
     libs 2.4Mb
Flavors: r-devel-linux-x86_64-fedora-clang, r-devel-windows-ix86+x86_64, r-patched-solaris-x86, r-release-osx-x86_64, r-release-windows-ix86+x86_64, r-oldrel-osx-x86_64, r-oldrel-windows-ix86+x86_64