CRAN Package Check Results for Package rugarch

Last updated on 2015-05-22 23:48:10.

Flavor Version Tinstall Tcheck Ttotal Status Flags
r-devel-linux-x86_64-debian-clang 1.3-4 14.36 149.16 163.52 NOTE
r-devel-linux-x86_64-debian-gcc 1.3-4 15.55 154.22 169.78 NOTE
r-devel-linux-x86_64-fedora-clang 1.3-4 318.28 NOTE
r-devel-linux-x86_64-fedora-gcc 1.3-4 297.48 NOTE
r-devel-osx-x86_64-clang 1.3-4 256.58 OK
r-devel-windows-ix86+x86_64 1.3-4 62.00 213.00 275.00 OK
r-patched-linux-x86_64 1.3-4 15.88 148.81 164.69 NOTE
r-patched-solaris-sparc 1.3-4 1881.70 NOTE
r-patched-solaris-x86 1.3-4 352.10 NOTE
r-release-linux-x86_64 1.3-4 16.98 146.76 163.74 NOTE
r-release-osx-x86_64-mavericks 1.3-4 OK
r-release-osx-x86_64-snowleopard 1.3-4 ERROR
r-release-windows-ix86+x86_64 1.3-4 61.00 215.00 276.00 OK
r-oldrel-windows-ix86+x86_64 1.3-4 53.00 247.00 300.00 OK

Check Details

Version: 1.3-4
Check: installed package size
Result: NOTE
     installed size is 5.1Mb
     sub-directories of 1Mb or more:
     libs 1.8Mb
Flavors: r-devel-linux-x86_64-debian-clang, r-devel-linux-x86_64-debian-gcc, r-devel-linux-x86_64-fedora-clang, r-devel-linux-x86_64-fedora-gcc, r-patched-linux-x86_64, r-patched-solaris-sparc, r-patched-solaris-x86, r-release-linux-x86_64

Version: 1.3-4
Check: package dependencies
Result: ERROR
    Packages required but not available: ‘xts’ ‘zoo’ ‘SkewHyperbolic’
    
    See section ‘The DESCRIPTION file’ in the ‘Writing R Extensions’
    manual.
Flavor: r-release-osx-x86_64-snowleopard