CRAN Package Check Results for Package rugarch

Last updated on 2015-03-03 05:47:05.

Flavor Version Tinstall Tcheck Ttotal Status Flags
r-devel-linux-x86_64-debian-clang 1.3-4 13.37 149.10 162.47 NOTE
r-devel-linux-x86_64-debian-gcc 1.3-4 15.64 144.78 160.41 NOTE
r-devel-linux-x86_64-fedora-clang 1.3-4 316.68 OK
r-devel-linux-x86_64-fedora-gcc 1.3-4 294.03 NOTE
r-devel-osx-x86_64-clang 1.3-4 268.39 OK
r-devel-windows-ix86+x86_64 1.3-4 73.00 307.00 380.00 OK
r-patched-linux-x86_64 1.3-4 17.70 171.86 189.55 NOTE
r-patched-solaris-sparc 1.3-4 2081.90 NOTE
r-patched-solaris-x86 1.3-4 431.60 NOTE
r-release-linux-ix86 1.3-4 21.07 202.99 224.06 OK
r-release-linux-x86_64 1.3-4 19.16 171.14 190.30 NOTE
r-release-osx-x86_64-mavericks 1.3-4 OK
r-release-osx-x86_64-snowleopard 1.3-4 OK
r-release-windows-ix86+x86_64 1.3-4 81.00 371.00 452.00 OK
r-oldrel-windows-ix86+x86_64 1.3-4 53.00 265.00 318.00 OK

Check Details

Version: 1.3-4
Check: installed package size
Result: NOTE
     installed size is 5.1Mb
     sub-directories of 1Mb or more:
     libs 1.8Mb
Flavors: r-devel-linux-x86_64-debian-clang, r-devel-linux-x86_64-debian-gcc, r-devel-linux-x86_64-fedora-gcc, r-patched-linux-x86_64, r-patched-solaris-sparc, r-patched-solaris-x86, r-release-linux-x86_64