CRAN Package Check Results for Package rugarch

Last updated on 2018-02-25 17:49:07 CET.

Flavor Version Tinstall Tcheck Ttotal Status Flags
r-devel-linux-x86_64-debian-clang 1.4-0 81.27 269.77 351.04 OK
r-devel-linux-x86_64-debian-gcc 1.4-0 73.40 202.70 276.10 OK
r-devel-linux-x86_64-fedora-clang 1.4-0 423.14 NOTE
r-devel-linux-x86_64-fedora-gcc 1.4-0 406.77 NOTE
r-devel-windows-ix86+x86_64 1.4-0 149.00 347.00 496.00 NOTE
r-patched-linux-x86_64 1.4-0 25.10 279.86 304.96 OK
r-patched-solaris-x86 1.4-0 381.30 OK
r-release-linux-x86_64 1.4-0 24.61 282.55 307.16 OK
r-release-windows-ix86+x86_64 1.4-0 81.00 359.00 440.00 NOTE
r-release-osx-x86_64 1.4-0 NOTE
r-oldrel-windows-ix86+x86_64 1.4-0 56.00 355.00 411.00 NOTE
r-oldrel-osx-x86_64 1.3-8 NOTE

Check Details

Version: 1.4-0
Check: installed package size
Result: NOTE
     installed size is 7.2Mb
     sub-directories of 1Mb or more:
     R 2.9Mb
     libs 1.9Mb
Flavors: r-devel-linux-x86_64-fedora-clang, r-devel-linux-x86_64-fedora-gcc, r-devel-windows-ix86+x86_64, r-release-windows-ix86+x86_64, r-release-osx-x86_64, r-oldrel-windows-ix86+x86_64

Version: 1.3-8
Check: installed package size
Result: NOTE
     installed size is 5.2Mb
     sub-directories of 1Mb or more:
     libs 2.0Mb
Flavor: r-oldrel-osx-x86_64