CRAN Package Check Results for Package rugarch

Last updated on 2016-12-09 23:49:56.

Flavor Version Tinstall Tcheck Ttotal Status Flags
r-devel-linux-x86_64-debian-clang 1.3-6 17.18 181.11 198.29 OK
r-devel-linux-x86_64-debian-gcc 1.3-6 18.12 178.21 196.34 OK
r-devel-linux-x86_64-fedora-clang 1.3-6 368.91 NOTE --no-stop-on-test-error
r-devel-linux-x86_64-fedora-gcc 1.3-6 364.94 NOTE --no-stop-on-test-error
r-devel-macos-x86_64-clang 1.3-6 277.67 OK --no-stop-on-test-error
r-devel-windows-ix86+x86_64 1.3-6 53.00 404.00 457.00 NOTE
r-patched-linux-x86_64 1.3-6 16.72 169.14 185.87 OK
r-patched-solaris-sparc 1.3-6 2040.00 OK
r-patched-solaris-x86 1.3-6 367.30 OK
r-release-linux-x86_64 1.3-6 16.68 167.80 184.48 OK
r-release-osx-x86_64-mavericks 1.3-6 WARN
r-release-windows-ix86+x86_64 1.3-6 43.00 275.00 318.00 OK
r-oldrel-windows-ix86+x86_64 1.3-6 68.00 282.00 350.00 OK

Check Details

Version: 1.3-6
Flags: --no-stop-on-test-error
Check: installed package size
Result: NOTE
     installed size is 5.0Mb
     sub-directories of 1Mb or more:
     libs 1.7Mb
Flavors: r-devel-linux-x86_64-fedora-clang, r-devel-linux-x86_64-fedora-gcc

Version: 1.3-6
Check: installed package size
Result: NOTE
     installed size is 5.3Mb
     sub-directories of 1Mb or more:
     libs 2.0Mb
Flavors: r-devel-windows-ix86+x86_64, r-release-osx-x86_64-mavericks

Version: 1.3-6
Check: whether package can be installed
Result: WARN
    Found the following significant warnings:
     Warning: 'rgl_init' failed, running with rgl.useNULL = TRUE
Flavor: r-release-osx-x86_64-mavericks

Version: 1.3-6
Check: dependencies in R code
Result: NOTE
    Invalid MIT-MAGIC-COOKIE-1 key
Flavor: r-release-osx-x86_64-mavericks

Version: 1.3-6
Check: S3 generic/method consistency
Result: WARN
    Invalid MIT-MAGIC-COOKIE-1 key
    See section ‘Generic functions and methods’ in the ‘Writing R
    Extensions’ manual.
Flavor: r-release-osx-x86_64-mavericks

Version: 1.3-6
Check: replacement functions
Result: WARN
    Invalid MIT-MAGIC-COOKIE-1 key
    The argument of a replacement function which corresponds to the right
    hand side must be named ‘value’.
Flavor: r-release-osx-x86_64-mavericks

Version: 1.3-6
Check: foreign function calls
Result: NOTE
    Invalid MIT-MAGIC-COOKIE-1 key
    See chapter ‘System and foreign language interfaces’ in the ‘Writing R
    Extensions’ manual.
Flavor: r-release-osx-x86_64-mavericks

Version: 1.3-6
Check: R code for possible problems
Result: NOTE
    Invalid MIT-MAGIC-COOKIE-1 key
Flavor: r-release-osx-x86_64-mavericks

Version: 1.3-6
Check: for missing documentation entries
Result: WARN
    Invalid MIT-MAGIC-COOKIE-1 key
    All user-level objects in a package should have documentation entries.
    See chapter ‘Writing R documentation files’ in the ‘Writing R
    Extensions’ manual.
Flavor: r-release-osx-x86_64-mavericks

Version: 1.3-6
Check: for code/documentation mismatches
Result: WARN
    Invalid MIT-MAGIC-COOKIE-1 key
    Invalid MIT-MAGIC-COOKIE-1 key
    Invalid MIT-MAGIC-COOKIE-1 key
Flavor: r-release-osx-x86_64-mavericks

Version: 1.3-6
Check: Rd \usage sections
Result: NOTE
    Invalid MIT-MAGIC-COOKIE-1 key
    The \usage entries for S3 methods should use the \method markup and not
    their full name.
    See chapter ‘Writing R documentation files’ in the ‘Writing R
    Extensions’ manual.
Flavor: r-release-osx-x86_64-mavericks