CRAN Package Check Results for Package rugarch

Last updated on 2017-01-21 16:48:56.

Flavor Version Tinstall Tcheck Ttotal Status Flags
r-devel-linux-x86_64-debian-clang 1.3-6 22.62 175.54 198.16 OK
r-devel-linux-x86_64-debian-gcc 1.3-6 17.55 170.67 188.22 OK
r-devel-linux-x86_64-fedora-clang 1.3-6 359.75 NOTE --no-stop-on-test-error
r-devel-linux-x86_64-fedora-gcc 1.3-6 338.67 NOTE --no-stop-on-test-error
r-devel-macos-x86_64-clang 1.3-6 267.77 OK --no-stop-on-test-error
r-devel-windows-ix86+x86_64 1.3-6 74.00 353.00 427.00 NOTE
r-patched-linux-x86_64 1.3-6 16.93 168.71 185.64 OK
r-patched-solaris-sparc 1.3-6 2006.30 OK
r-patched-solaris-x86 1.3-6 365.00 OK
r-release-linux-x86_64 1.3-6 18.01 172.24 190.25 OK
r-release-osx-x86_64-mavericks 1.3-6 WARN
r-release-windows-ix86+x86_64 1.3-6 75.00 381.00 456.00 OK
r-oldrel-windows-ix86+x86_64 1.3-6 77.00 385.00 462.00 OK

Check Details

Version: 1.3-6
Flags: --no-stop-on-test-error
Check: installed package size
Result: NOTE
     installed size is 5.0Mb
     sub-directories of 1Mb or more:
     libs 1.7Mb
Flavors: r-devel-linux-x86_64-fedora-clang, r-devel-linux-x86_64-fedora-gcc

Version: 1.3-6
Check: installed package size
Result: NOTE
     installed size is 5.3Mb
     sub-directories of 1Mb or more:
     libs 2.0Mb
Flavors: r-devel-windows-ix86+x86_64, r-release-osx-x86_64-mavericks

Version: 1.3-6
Check: whether package can be installed
Result: WARN
    Found the following significant warnings:
     Warning: 'rgl_init' failed, running with rgl.useNULL = TRUE
Flavor: r-release-osx-x86_64-mavericks

Version: 1.3-6
Check: dependencies in R code
Result: NOTE
    Invalid MIT-MAGIC-COOKIE-1 key
Flavor: r-release-osx-x86_64-mavericks

Version: 1.3-6
Check: S3 generic/method consistency
Result: WARN
    Invalid MIT-MAGIC-COOKIE-1 key
    See section ‘Generic functions and methods’ in the ‘Writing R
    Extensions’ manual.
Flavor: r-release-osx-x86_64-mavericks

Version: 1.3-6
Check: replacement functions
Result: WARN
    Invalid MIT-MAGIC-COOKIE-1 key
    The argument of a replacement function which corresponds to the right
    hand side must be named ‘value’.
Flavor: r-release-osx-x86_64-mavericks

Version: 1.3-6
Check: foreign function calls
Result: NOTE
    Invalid MIT-MAGIC-COOKIE-1 key
    See chapter ‘System and foreign language interfaces’ in the ‘Writing R
    Extensions’ manual.
Flavor: r-release-osx-x86_64-mavericks

Version: 1.3-6
Check: R code for possible problems
Result: NOTE
    Invalid MIT-MAGIC-COOKIE-1 key
Flavor: r-release-osx-x86_64-mavericks

Version: 1.3-6
Check: for missing documentation entries
Result: WARN
    Invalid MIT-MAGIC-COOKIE-1 key
    All user-level objects in a package should have documentation entries.
    See chapter ‘Writing R documentation files’ in the ‘Writing R
    Extensions’ manual.
Flavor: r-release-osx-x86_64-mavericks

Version: 1.3-6
Check: for code/documentation mismatches
Result: WARN
    Invalid MIT-MAGIC-COOKIE-1 key
    Invalid MIT-MAGIC-COOKIE-1 key
    Invalid MIT-MAGIC-COOKIE-1 key
Flavor: r-release-osx-x86_64-mavericks

Version: 1.3-6
Check: Rd \usage sections
Result: NOTE
    Invalid MIT-MAGIC-COOKIE-1 key
    The \usage entries for S3 methods should use the \method markup and not
    their full name.
    See chapter ‘Writing R documentation files’ in the ‘Writing R
    Extensions’ manual.
Flavor: r-release-osx-x86_64-mavericks