CRAN Package Check Results for Package rugarch

Last updated on 2018-04-23 03:50:50 CEST.

Flavor Version Tinstall Tcheck Ttotal Status Flags
r-devel-linux-x86_64-debian-clang 1.4-0 77.84 213.19 291.03 OK
r-devel-linux-x86_64-debian-gcc 1.4-0 76.07 201.30 277.37 OK
r-devel-linux-x86_64-fedora-clang 1.4-0 425.46 NOTE
r-devel-linux-x86_64-fedora-gcc 1.4-0 409.63 NOTE
r-devel-windows-ix86+x86_64 1.4-0 156.00 270.00 426.00 NOTE
r-devel-osx-x86_64 1.4-0 NOTE
r-patched-linux-x86_64 1.4-0 71.52 267.56 339.08 OK
r-patched-solaris-x86 1.4-0 475.70 NOTE
r-release-linux-x86_64 1.4-0 22.71 283.72 306.43 OK
r-release-windows-ix86+x86_64 1.4-0 60.00 372.00 432.00 NOTE
r-release-osx-x86_64 1.4-0 NOTE
r-oldrel-windows-ix86+x86_64 1.4-0 87.00 244.00 331.00 NOTE

Check Details

Version: 1.4-0
Check: installed package size
Result: NOTE
     installed size is 7.2Mb
     sub-directories of 1Mb or more:
     R 2.9Mb
     libs 1.9Mb
Flavors: r-devel-linux-x86_64-fedora-clang, r-devel-linux-x86_64-fedora-gcc, r-devel-windows-ix86+x86_64, r-devel-osx-x86_64, r-patched-solaris-x86, r-release-windows-ix86+x86_64, r-release-osx-x86_64, r-oldrel-windows-ix86+x86_64