CRAN Package Check Results for Package rugarch

Last updated on 2014-08-20 06:48:22.

Flavor Version Tinstall Tcheck Ttotal Status Flags
r-devel-linux-x86_64-debian-clang 1.3-3 14.84 161.34 176.19 WARN
r-devel-linux-x86_64-debian-gcc 1.3-3 16.82 161.65 178.47 WARN
r-devel-linux-x86_64-fedora-clang 1.3-3 400.59 WARN
r-devel-linux-x86_64-fedora-gcc 1.3-3 394.84 WARN
r-devel-osx-x86_64-clang 1.3-3 277.90 WARN
r-devel-windows-ix86+x86_64 1.3-3 44.00 229.00 273.00 WARN
r-patched-linux-x86_64 1.3-3 17.22 165.63 182.84 WARN
r-patched-solaris-sparc 1.3-3 2064.30 WARN
r-patched-solaris-x86 1.3-3 431.30 WARN
r-release-linux-ix86 1.3-3 21.24 199.47 220.72 OK
r-release-linux-x86_64 1.3-3 17.10 165.96 183.06 OK
r-release-osx-x86_64-mavericks 1.3-3 OK
r-release-osx-x86_64-snowleopard 1.3-3 OK
r-release-windows-ix86+x86_64 1.3-3 46.00 259.00 305.00 OK
r-oldrel-windows-ix86+x86_64 1.3-3 46.00 257.00 303.00 OK

Check Details

Version: 1.3-3
Check: dependencies in R code
Result: WARNING
    'library' or 'require' call not declared from: ‘parallel’
    See the information on DESCRIPTION files in the chapter ‘Creating R
    packages’ of the ‘Writing R Extensions’ manual.
Flavors: r-devel-linux-x86_64-debian-clang, r-devel-linux-x86_64-debian-gcc, r-devel-linux-x86_64-fedora-clang, r-devel-linux-x86_64-fedora-gcc, r-devel-osx-x86_64-clang, r-devel-windows-ix86+x86_64, r-patched-linux-x86_64, r-patched-solaris-sparc, r-patched-solaris-x86

Version: 1.3-3
Check: installed package size
Result: NOTE
     installed size is 5.0Mb
     sub-directories of 1Mb or more:
     libs 1.9Mb
Flavor: r-devel-linux-x86_64-fedora-gcc