CRAN Package Check Results for Package rugarch

Last updated on 2014-04-24 07:52:36.

Flavor Version Tinstall Tcheck Ttotal Status Flags
r-devel-linux-x86_64-debian-clang 1.3-1 16.14 177.75 193.90 NOTE
r-devel-linux-x86_64-debian-gcc 1.3-1 18.29 175.17 193.46 NOTE
r-devel-linux-x86_64-fedora-clang 1.3-1 391.82 NOTE
r-devel-linux-x86_64-fedora-gcc 1.3-1 393.58 NOTE
r-devel-osx-x86_64-clang 1.3-1 295.85 NOTE
r-devel-osx-x86_64-gcc 1.3-1 ERROR
r-devel-windows-ix86+x86_64 1.3-1 45.00 244.00 289.00 NOTE
r-patched-linux-x86_64 1.3-1 17.85 174.76 192.61 NOTE
r-patched-solaris-sparc 1.3-1 2056.40 NOTE
r-patched-solaris-x86 1.3-1 418.00 NOTE
r-release-linux-ix86 1.3-1 28.00 249.00 277.00 NOTE
r-release-linux-x86_64 1.3-1 17.68 175.00 192.68 NOTE
r-release-osx-x86_64-mavericks 1.3-1 OK
r-release-osx-x86_64-snowleopard 1.3-1 NOTE
r-release-windows-ix86+x86_64 1.3-1 48.00 264.00 312.00 NOTE
r-oldrel-windows-ix86+x86_64 1.3-1 46.00 240.00 286.00 OK

Check Details

Version: 1.3-1
Check: foreign function calls
Result: NOTE
    Calls with DUP = FALSE:
     .Call("marmaxsim", model = as.integer(modelinc[1:21]), pars = as.numeric(ipars[,
     1]), idx = as.integer(idx[, 1] - 1), mu = constm, x = x,
     res = ans$res, N = as.integer(c(m, n)), PACKAGE = "rugarch",
     DUP = FALSE)
     .Call("maparchsim", model = as.integer(modelinc[1:21]), pars = as.numeric(ipars[,
     1]), idx = as.integer(idx[, 1] - 1), h = h, z = z, res = res,
     vxs = vxs, N = as.integer(c(m, n)), PACKAGE = "rugarch",
     DUP = FALSE)
     .Call("marmaxsim", model = as.integer(modelinc[1:21]), pars = as.numeric(ipars[,
     1]), idx = as.integer(idx[, 1] - 1), mu = constm, x = x,
     res = ans$res, N = as.integer(c(m, n)), PACKAGE = "rugarch",
     DUP = FALSE)
     .Call("mcsgarchsim", model = as.integer(modelinc[1:21]), pars = as.numeric(ipars[,
     1]), idx = as.integer(idx[, 1] - 1), h = h, q = q, z = z,
     res = res, e = e, vxs = vxs, N = as.integer(c(m, n)), PACKAGE = "rugarch",
     DUP = FALSE)
     .Call("marmaxsim", model = as.integer(modelinc[1:21]), pars = as.numeric(ipars[,
     1]), idx = as.integer(idx[, 1] - 1), mu = constm, x = x,
     res = ans$res, N = as.integer(c(m, n)), PACKAGE = "rugarch",
     DUP = FALSE)
     .Call("megarchsim", model = as.integer(modelinc[1:21]), pars = as.numeric(ipars[,
     1]), idx = as.integer(idx[, 1] - 1), meanz = as.numeric(kappa),
     h = h, z = z, res = res, vxs = vxs, N = as.integer(c(m, n)),
     PACKAGE = "rugarch", DUP = FALSE)
     .Call("mfgarchsim", model = as.integer(modelinc[1:21]), pars = as.numeric(ipars[,
     1]), idx = as.integer(idx[, 1] - 1), kdelta = as.numeric(kdelta),
     h = h, z = z, res = res, vxs = vxs, N = as.integer(c(m, n)),
     PACKAGE = "rugarch", DUP = FALSE)
     .Call("marmaxsim", model = as.integer(modelinc[1:21]), pars = as.numeric(ipars[,
     1]), idx = as.integer(idx[, 1] - 1), mu = constm, x = x,
     res = ans$res, N = as.integer(c(m, n)), PACKAGE = "rugarch",
     DUP = FALSE)
     .Call("mfgarchsim", model = as.integer(modelinc[1:21]), pars = as.numeric(ipars[,
     1]), idx = as.integer(idx[, 1] - 1), kdelta = as.numeric(kdelta),
     h = h, z = z, res = res, vxs = vxs, N = as.integer(c(m, n)),
     PACKAGE = "rugarch", DUP = FALSE)
     .Call("mgjrgarchsim", model = as.integer(modelinc[1:21]), pars = as.numeric(ipars[,
     1]), idx = as.integer(idx[, 1] - 1), h = h, z = z, res = res,
     e = e, nres = nres, nindx = nindx, vxs = vxs, N = as.integer(c(m,
     n)), PACKAGE = "rugarch", DUP = FALSE)
     .Call("marmaxsim", model = as.integer(modelinc[1:21]), pars = as.numeric(ipars[,
     1]), idx = as.integer(idx[, 1] - 1), mu = constm, x = x,
     res = ans$res, N = as.integer(c(m, n)), PACKAGE = "rugarch",
     DUP = FALSE)
     .Call("marmaxsim", model = as.integer(modelinc[1:21]), pars = as.numeric(ipars[,
     1]), idx = as.integer(idx[, 1] - 1), mu = constm, x = x,
     res = ans$res, N = as.integer(c(m, n)), PACKAGE = "rugarch",
     DUP = FALSE)
     .Call("marmaxsim", model = as.integer(modelinc[1:21]), pars = as.numeric(ipars[,
     1]), idx = as.integer(idx[, 1] - 1), mu = constm, x = x,
     res = ans$res, N = as.integer(c(m, n)), PACKAGE = "rugarch",
     DUP = FALSE)
     .Call("marmaxsim", model = as.integer(modelinc[1:21]), pars = as.numeric(ipars[,
     1]), idx = as.integer(idx[, 1] - 1), mu = constm, x = x,
     res = ans$res, N = as.integer(c(m, n)), PACKAGE = "rugarch",
     DUP = FALSE)
     .Call("msgarchsim", model = as.integer(modelinc[1:21]), pars = as.numeric(ipars[,
     1]), idx = as.integer(idx[, 1] - 1), h = h, z = z, res = res,
     e = e, vxs = vxs, N = as.integer(c(m, n)), PACKAGE = "rugarch",
     DUP = FALSE)
    DUP = FALSE is deprecated and may be disabled in future versions of R.
Flavors: r-devel-linux-x86_64-debian-clang, r-devel-linux-x86_64-debian-gcc, r-devel-linux-x86_64-fedora-clang, r-devel-linux-x86_64-fedora-gcc, r-devel-osx-x86_64-clang, r-devel-windows-ix86+x86_64, r-patched-linux-x86_64, r-patched-solaris-sparc, r-patched-solaris-x86, r-release-linux-ix86, r-release-linux-x86_64, r-release-windows-ix86+x86_64

Version: 1.3-1
Check: installed package size
Result: NOTE
     installed size is 5.2Mb
     sub-directories of 1Mb or more:
     doc 1.0Mb
     libs 1.9Mb
Flavors: r-devel-linux-x86_64-debian-gcc, r-devel-linux-x86_64-fedora-gcc, r-patched-linux-x86_64, r-patched-solaris-sparc, r-patched-solaris-x86, r-release-linux-x86_64, r-release-osx-x86_64-snowleopard

Version: 1.3-1
Check: package dependencies
Result: ERROR
    Packages required but not available: ‘xts’ ‘zoo’ ‘SkewHyperbolic’
    
    See the information on DESCRIPTION files in the chapter ‘Creating R
    packages’ of the ‘Writing R Extensions’ manual.
Flavor: r-devel-osx-x86_64-gcc