CRAN Package Check Results for Package rugarch

Last updated on 2017-10-19 11:47:51.

Flavor Version Tinstall Tcheck Ttotal Status Flags
r-devel-linux-x86_64-debian-clang 1.3-8 17.96 166.95 184.91 OK
r-devel-linux-x86_64-debian-gcc 1.3-8 21.31 177.84 199.15 OK
r-devel-linux-x86_64-fedora-clang 1.3-8 363.85 NOTE
r-devel-linux-x86_64-fedora-gcc 1.3-8 361.42 NOTE
r-devel-windows-ix86+x86_64 1.3-8 57.00 299.00 356.00 NOTE
r-patched-linux-x86_64 1.3-8 19.03 172.72 191.75 OK
r-patched-solaris-x86 1.3-8 415.80 OK
r-release-linux-x86_64 1.3-8 18.69 171.01 189.70 OK
r-release-windows-ix86+x86_64 1.3-8 75.00 361.00 436.00 OK
r-release-osx-x86_64 1.3-8 NOTE
r-oldrel-windows-ix86+x86_64 1.3-8 84.00 354.00 438.00 OK
r-oldrel-osx-x86_64 1.3-8 NOTE

Check Details

Version: 1.3-8
Check: installed package size
Result: NOTE
     installed size is 5.2Mb
     sub-directories of 1Mb or more:
     libs 1.9Mb
Flavors: r-devel-linux-x86_64-fedora-clang, r-devel-linux-x86_64-fedora-gcc, r-devel-windows-ix86+x86_64, r-release-osx-x86_64, r-oldrel-osx-x86_64