CRAN Package Check Results for Package rugarch

Last updated on 2015-07-29 10:47:57.

Flavor Version Tinstall Tcheck Ttotal Status Flags
r-devel-linux-x86_64-debian-clang 1.3-4 14.83 158.94 173.77 NOTE
r-devel-linux-x86_64-debian-gcc 1.3-4 15.67 156.89 172.56 NOTE
r-devel-linux-x86_64-fedora-clang 1.3-4 324.21 NOTE
r-devel-linux-x86_64-fedora-gcc 1.3-4 301.98 NOTE
r-devel-osx-x86_64-clang 1.3-4 234.86 OK
r-devel-windows-ix86+x86_64 1.3-4 48.00 234.00 282.00 NOTE
r-patched-linux-x86_64 1.3-4 15.99 154.16 170.16 NOTE
r-patched-solaris-sparc 1.3-4 1975.90 OK
r-patched-solaris-x86 1.3-4 360.90 OK
r-release-linux-x86_64 1.3-4 15.48 158.13 173.61 NOTE
r-release-osx-x86_64-mavericks 1.3-4 OK
r-release-windows-ix86+x86_64 1.3-4 69.00 246.00 315.00 OK
r-oldrel-windows-ix86+x86_64 1.3-4 54.00 363.00 417.00 OK

Check Details

Version: 1.3-4
Check: installed package size
Result: NOTE
     installed size is 5.1Mb
     sub-directories of 1Mb or more:
     libs 1.8Mb
Flavors: r-devel-linux-x86_64-debian-clang, r-devel-linux-x86_64-debian-gcc, r-devel-linux-x86_64-fedora-clang, r-devel-linux-x86_64-fedora-gcc, r-patched-linux-x86_64, r-release-linux-x86_64

Version: 1.3-4
Check: R code for possible problems
Result: NOTE
    .BerkowitztLRtail : .lrh: no visible global function definition for
     ‘qnorm’
    .BerkowitztLRtail : .lrh: no visible global function definition for
     ‘dnorm’
    .BerkowitztLRtail : .lrh: no visible global function definition for
     ‘pnorm’
    .BerkowitztLRtail: no visible global function definition for ‘tail’
    .BerkowitztLRtail: no visible global function definition for ‘pchisq’
    .VaRplot: no visible global function definition for ‘abline’
    .VaRplot: no visible global function definition for ‘points’
    .VaRplot: no visible global function definition for ‘legend’
    .absHmom: no visible global function definition for ‘lsfit’
    .absHmom: no visible global function definition for ‘ls.print’
    .afunE: no visible global function definition for ‘dnorm’
    .aparchfit: no visible global function definition for ‘sd’
    .aparchfit: no visible global function definition for ‘var’
    .aparchpath1: no visible global function definition for ‘runif’
    .aparchpath1: no visible global function definition for ‘head’
    .aparchpath2: no visible global function definition for ‘runif’
    .aparchpath2: no visible global function definition for ‘head’
    .aparchsim1: no visible global function definition for ‘runif’
    .aparchsim1: no visible global function definition for ‘tail’
    .aparchsim1: no visible global function definition for ‘head’
    .aparchsim2: no visible global function definition for ‘runif’
    .aparchsim2: no visible global function definition for ‘tail’
    .aparchsim2: no visible global function definition for ‘head’
    .aparchstart: no visible global function definition for ‘var’
    .aparchstart: no visible global function definition for ‘na.omit’
    .archlmtest: no visible global function definition for ‘embed’
    .archlmtest: no visible global function definition for ‘lm’
    .archlmtest: no visible global function definition for ‘resid’
    .archlmtest: no visible global function definition for ‘pchisq’
    .arfimafit: no visible global function definition for ‘na.omit’
    .arfimafit: no visible global function definition for ‘sd’
    .arfimapath: no visible global function definition for ‘runif’
    .arfimapath: no visible global function definition for ‘tail’
    .arfimapath: no visible global function definition for ‘head’
    .arfimaroll : <anonymous>: no visible global function definition for
     ‘tail’
    .arfimaroll: no visible global function definition for ‘tail’
    .arfimasim: no visible global function definition for ‘runif’
    .arfimasim: no visible global function definition for ‘tail’
    .arfimasim: no visible global function definition for ‘head’
    .arfimastart: no visible global function definition for ‘sd’
    .arfimastart: no visible global function definition for ‘arima’
    .arfimastart: no visible global function definition for ‘lm’
    .arfimastart: no visible global function definition for ‘na.omit’
    .arma2dplot: no visible global function definition for ‘na.omit’
    .arma2dplot: no visible global function definition for ‘image’
    .arma2dplot: no visible global function definition for ‘contour’
    .arma2dplot: no visible global function definition for ‘title’
    .arma2dplot: no visible global function definition for ‘mtext’
    .bandwidth.nrd: no visible global function definition for ‘var’
    .block_bootstrap: no visible global function definition for ‘runif’
    .box.test: no visible global function definition for ‘Box.test’
    .colorgradient: no visible global function definition for ‘hsv’
    .commbench: no visible global function definition for ‘data’
    .csgarchLLH: no visible global function definition for ‘var’
    .csgarchfit: no visible global function definition for ‘sd’
    .csgarchfit: no visible global function definition for ‘var’
    .csgarchpath1: no visible global function definition for ‘runif’
    .csgarchpath1: no visible global function definition for ‘tail’
    .csgarchpath1: no visible global function definition for ‘head’
    .csgarchpath2: no visible global function definition for ‘runif’
    .csgarchpath2: no visible global function definition for ‘tail’
    .csgarchpath2: no visible global function definition for ‘head’
    .csgarchsim1: no visible global function definition for ‘runif’
    .csgarchsim1: no visible global function definition for ‘tail’
    .csgarchsim1: no visible global function definition for ‘head’
    .csgarchsim2: no visible global function definition for ‘runif’
    .csgarchsim2: no visible global function definition for ‘tail’
    .csgarchsim2: no visible global function definition for ‘head’
    .csgarchstart: no visible global function definition for ‘var’
    .csgarchstart: no visible global function definition for ‘na.omit’
    .dist2dplot: no visible global function definition for ‘na.omit’
    .dist2dplot: no visible global function definition for ‘par’
    .dist2dplot: no visible global function definition for ‘topo.colors’
    .dist2dplot: no visible global function definition for ‘mtext’
    .dist2dplot: no visible global function definition for ‘image’
    .dist2dplot: no visible global function definition for ‘contour’
    .dist2dplot: no visible global function definition for ‘title’
    .distinctcolors11: no visible global function definition for ‘colors’
    .distplot: no visible global function definition for ‘na.omit’
    .distplot: no visible global function definition for ‘par’
    .distplot: no visible global function definition for ‘dev.next’
    .distplot: no visible global function definition for ‘dev.cur’
    .distplot: no visible global function definition for ‘dev.new’
    .distplot: no visible global function definition for ‘image’
    .distplot: no visible global function definition for ‘contour’
    .distplot: no visible global function definition for ‘title’
    .distplot: no visible global function definition for ‘mtext’
    .diurnal_series_aligned : <anonymous>: no visible global function
     definition for ‘na.omit’
    .efunE: no visible global function definition for ‘dnorm’
    .egarchLLH: no visible global function definition for ‘var’
    .egarchfit: no visible global function definition for ‘sd’
    .egarchfit: no visible global function definition for ‘var’
    .egarchpath1: no visible global function definition for ‘runif’
    .egarchpath1: no visible global function definition for ‘head’
    .egarchpath2: no visible global function definition for ‘runif’
    .egarchpath2: no visible global function definition for ‘head’
    .egarchsim1: no visible global function definition for ‘runif’
    .egarchsim1: no visible global function definition for ‘tail’
    .egarchsim1: no visible global function definition for ‘head’
    .egarchsim2: no visible global function definition for ‘runif’
    .egarchsim2: no visible global function definition for ‘tail’
    .egarchsim2: no visible global function definition for ‘head’
    .egarchstart: no visible global function definition for ‘var’
    .egarchstart: no visible global function definition for ‘na.omit’
    .extractdata: no visible global function definition for ‘median’
    .ffunE: no visible global function definition for ‘dnorm’
    .fgarchfit: no visible global function definition for ‘sd’
    .fgarchfit: no visible global function definition for ‘var’
    .fgarchpath1: no visible global function definition for ‘runif’
    .fgarchpath1: no visible global function definition for ‘head’
    .fgarchpath2: no visible global function definition for ‘runif’
    .fgarchpath2: no visible global function definition for ‘head’
    .fgarchsim1: no visible global function definition for ‘runif’
    .fgarchsim1: no visible global function definition for ‘tail’
    .fgarchsim1: no visible global function definition for ‘head’
    .fgarchsim2: no visible global function definition for ‘runif’
    .fgarchsim2: no visible global function definition for ‘tail’
    .fgarchsim2: no visible global function definition for ‘head’
    .fgarchstart: no visible global function definition for ‘var’
    .fgarchstart: no visible global function definition for ‘na.omit’
    .gedplot: no visible global function definition for ‘grid’
    .gedplot: no visible global function definition for ‘par’
    .ghstplot: no visible global function definition for ‘par’
    .ghstplot: no visible global function definition for ‘persp’
    .ghypdomain: no visible global function definition for ‘tail’
    .ghypdomain: no visible global function definition for ‘spline’
    .gjrfunE: no visible global function definition for ‘dnorm’
    .gjrgarchLLH: no visible global function definition for ‘var’
    .gjrgarchfit: no visible global function definition for ‘sd’
    .gjrgarchfit: no visible global function definition for ‘var’
    .gjrgarchpath1: no visible global function definition for ‘runif’
    .gjrgarchpath1: no visible global function definition for ‘head’
    .gjrgarchpath2: no visible global function definition for ‘runif’
    .gjrgarchpath2: no visible global function definition for ‘head’
    .gjrgarchsim1: no visible global function definition for ‘runif’
    .gjrgarchsim1: no visible global function definition for ‘tail’
    .gjrgarchsim1: no visible global function definition for ‘head’
    .gjrgarchsim2: no visible global function definition for ‘runif’
    .gjrgarchsim2: no visible global function definition for ‘tail’
    .gjrgarchsim2: no visible global function definition for ‘head’
    .gofTest: no visible global function definition for ‘pchisq’
    .hccm: no visible global function definition for ‘weights’
    .hccm: no visible global function definition for ‘na.omit’
    .hccm: no visible global function definition for ‘model.matrix’
    .hccm: no visible global function definition for ‘df.residual’
    .hccm: no visible global function definition for ‘hat’
    .hygarchstart: no visible global function definition for ‘var’
    .hygarchstart: no visible global function definition for ‘na.omit’
    .hypdomain: no visible global function definition for ‘tail’
    .hypdomain: no visible global function definition for ‘spline’
    .igarchLLH: no visible global function definition for ‘var’
    .igarchfit: no visible global function definition for ‘sd’
    .igarchfit: no visible global function definition for ‘var’
    .igarchpath1: no visible global function definition for ‘runif’
    .igarchpath1: no visible global function definition for ‘head’
    .igarchpath2: no visible global function definition for ‘runif’
    .igarchpath2: no visible global function definition for ‘head’
    .igarchsim1: no visible global function definition for ‘runif’
    .igarchsim1: no visible global function definition for ‘tail’
    .igarchsim1: no visible global function definition for ‘head’
    .igarchsim2: no visible global function definition for ‘runif’
    .igarchsim2: no visible global function definition for ‘tail’
    .igarchsim2: no visible global function definition for ‘head’
    .igarchstart: no visible global function definition for ‘var’
    .igarchstart: no visible global function definition for ‘na.omit’
    .intergarchbootPlot: no visible global function definition for ‘par’
    .intergarchbootPlot: no visible binding for global variable ‘window’
    .intergarchfilterPlot: no visible global function definition for ‘par’
    .intergarchfitPlot: no visible global function definition for ‘par’
    .intergarchforecastPlot: no visible global function definition for
     ‘par’
    .intergarchpathPlot: no visible global function definition for ‘par’
    .intergarchrollPlot: no visible global function definition for ‘par’
    .intergarchsimPlot: no visible global function definition for ‘par’
    .jsudomain: no visible global function definition for ‘tail’
    .jsudomain: no visible global function definition for ‘spline’
    .jsuplot: no visible global function definition for ‘par’
    .jsuplot: no visible global function definition for ‘persp’
    .kde2d: no visible global function definition for ‘dnorm’
    .kurtosis: no visible global function definition for ‘var’
    .lbfgssolver: no visible global function definition for ‘optim’
    .linear.hypothesis: no visible global function definition for
     ‘deviance’
    .linear.hypothesis.default: no visible global function definition for
     ‘df.residual’
    .linear.hypothesis.default: no visible global function definition for
     ‘formula’
    .linear.hypothesis.default: no visible global function definition for
     ‘pf’
    .linear.hypothesis.default: no visible global function definition for
     ‘pchisq’
    .makeSample: no visible global function definition for ‘rnorm’
    .makearfimafitmodel: no visible global function definition for ‘pnorm’
    .makefitmodel: no visible global function definition for ‘pnorm’
    .mcaparchstart: no visible global function definition for ‘na.omit’
    .mcsgarchfit: no visible global function definition for ‘var’
    .mcsgarchforecast: no visible global function definition for ‘tail’
    .mcsgarchsim: no visible global function definition for ‘tail’
    .mcsgarchsim: no visible global function definition for ‘runif’
    .mcsgarchsim: no visible global function definition for ‘head’
    .medianlossfn : <anonymous>: no visible global function definition for
     ‘median’
    .meqstart: no visible global function definition for ‘na.omit’
    .meqstartpars: no visible global function definition for ‘sd’
    .meqstartpars: no visible global function definition for ‘arima’
    .meqstartpars: no visible global function definition for ‘arima0’
    .meqstartpars: no visible global function definition for ‘lm’
    .multgarchbootPlot: no visible global function definition for ‘menu’
    .multgarchdistPlot: no visible global function definition for ‘menu’
    .multgarchfilterPlot: no visible global function definition for ‘menu’
    .multgarchfitPlot: no visible global function definition for ‘menu’
    .multgarchforecastPlot: no visible global function definition for
     ‘menu’
    .multgarchpathPlot: no visible global function definition for ‘menu’
    .multgarchrollPlot: no visible global function definition for ‘menu’
    .multgarchsimPlot: no visible global function definition for ‘menu’
    .nigdomain: no visible global function definition for ‘tail’
    .nigdomain: no visible global function definition for ‘spline’
    .nigplot: no visible global function definition for ‘par’
    .nigplot: no visible global function definition for ‘persp’
    .nlminbsolver: no visible global function definition for ‘nlminb’
    .nrealgarchforecast : <anonymous>: no visible global function
     definition for ‘rnorm’
    .nrealgarchforecast: no visible global function definition for ‘tail’
    .plot.acf: no visible global function definition for ‘dev.interactive’
    .plot.acf: no visible global function definition for ‘par’
    .plot.acf: no visible global function definition for ‘qnorm’
    .plot.acf: no visible global function definition for ‘str’
    .plot.acf: no visible global function definition for ‘frame’
    .plot.acf: no visible global function definition for ‘box’
    .plot.acf: no visible global function definition for ‘abline’
    .plot.acf: no visible global function definition for ‘title’
    .plot.acf: no visible global function definition for ‘mtext’
    .plot.garchboot.1: no visible global function definition for ‘par’
    .plot.garchboot.1: no visible global function definition for ‘density’
    .plot.garchboot.1: no visible global function definition for ‘mtext’
    .plot.garchboot.2: no visible global function definition for ‘points’
    .plot.garchboot.2 : <anonymous>: no visible global function definition
     for ‘density’
    .plot.garchboot.2: no visible global function definition for ‘mtext’
    .plot.garchboot.2: no visible global function definition for ‘legend’
    .plot.garchboot.3: no visible global function definition for ‘points’
    .plot.garchboot.3: no visible global function definition for ‘mtext’
    .plot.garchboot.3: no visible global function definition for ‘legend’
    .plot.garchdist.1: no visible global function definition for ‘par’
    .plot.garchdist.1: no visible global function definition for ‘density’
    .plot.garchdist.1: no visible global function definition for ‘mtext’
    .plot.garchfilter.1: no visible global function definition for ‘mtext’
    .plot.garchfilter.1: no visible global function definition for ‘abline’
    .plot.garchfilter.1: no visible global function definition for ‘grid’
    .plot.garchfilter.10: no visible global function definition for ‘acf’
    .plot.garchfilter.10: no visible global function definition for ‘qnorm’
    .plot.garchfilter.10: no visible global function definition for
     ‘barplot’
    .plot.garchfilter.10: no visible global function definition for
     ‘abline’
    .plot.garchfilter.10: no visible global function definition for ‘box’
    .plot.garchfilter.10: no visible global function definition for ‘mtext’
    .plot.garchfilter.10: no visible global function definition for ‘grid’
    .plot.garchfilter.11: no visible global function definition for ‘acf’
    .plot.garchfilter.11: no visible global function definition for ‘qnorm’
    .plot.garchfilter.11: no visible global function definition for
     ‘barplot’
    .plot.garchfilter.11: no visible global function definition for
     ‘abline’
    .plot.garchfilter.11: no visible global function definition for ‘box’
    .plot.garchfilter.11: no visible global function definition for ‘mtext’
    .plot.garchfilter.11: no visible global function definition for ‘grid’
    .plot.garchfilter.12: no visible global function definition for ‘mtext’
    .plot.garchfilter.12: no visible global function definition for ‘grid’
    .plot.garchfilter.2: no visible global function definition for ‘mtext’
    .plot.garchfilter.2: no visible global function definition for ‘abline’
    .plot.garchfilter.2: no visible global function definition for ‘grid’
    .plot.garchfilter.3: no visible global function definition for ‘mtext’
    .plot.garchfilter.3: no visible global function definition for ‘abline’
    .plot.garchfilter.3: no visible global function definition for ‘grid’
    .plot.garchfilter.4: no visible global function definition for ‘acf’
    .plot.garchfilter.4: no visible global function definition for ‘qnorm’
    .plot.garchfilter.4: no visible global function definition for
     ‘barplot’
    .plot.garchfilter.4: no visible global function definition for ‘abline’
    .plot.garchfilter.4: no visible global function definition for ‘box’
    .plot.garchfilter.4: no visible global function definition for ‘mtext’
    .plot.garchfilter.4: no visible global function definition for ‘grid’
    .plot.garchfilter.5: no visible global function definition for ‘acf’
    .plot.garchfilter.5: no visible global function definition for ‘qnorm’
    .plot.garchfilter.5: no visible global function definition for
     ‘barplot’
    .plot.garchfilter.5: no visible global function definition for ‘abline’
    .plot.garchfilter.5: no visible global function definition for ‘box’
    .plot.garchfilter.5: no visible global function definition for ‘mtext’
    .plot.garchfilter.5: no visible global function definition for ‘grid’
    .plot.garchfilter.6: no visible global function definition for ‘acf’
    .plot.garchfilter.6: no visible global function definition for ‘qnorm’
    .plot.garchfilter.6: no visible global function definition for
     ‘barplot’
    .plot.garchfilter.6: no visible global function definition for ‘abline’
    .plot.garchfilter.6: no visible global function definition for ‘box’
    .plot.garchfilter.6: no visible global function definition for ‘mtext’
    .plot.garchfilter.6: no visible global function definition for ‘grid’
    .plot.garchfilter.7: no visible global function definition for ‘ccf’
    .plot.garchfilter.7: no visible global function definition for ‘qnorm’
    .plot.garchfilter.7: no visible global function definition for
     ‘barplot’
    .plot.garchfilter.7: no visible global function definition for ‘abline’
    .plot.garchfilter.7: no visible global function definition for ‘box’
    .plot.garchfilter.7: no visible global function definition for ‘mtext’
    .plot.garchfilter.7: no visible global function definition for ‘grid’
    .plot.garchfilter.8: no visible global function definition for ‘median’
    .plot.garchfilter.8: no visible global function definition for ‘sd’
    .plot.garchfilter.8: no visible global function definition for ‘hist’
    .plot.garchfilter.8: no visible global function definition for ‘box’
    .plot.garchfilter.8: no visible global function definition for ‘dnorm’
    .plot.garchfilter.8: no visible global function definition for ‘abline’
    .plot.garchfilter.8: no visible global function definition for ‘mtext’
    .plot.garchfilter.8: no visible global function definition for ‘legend’
    .plot.garchfilter.8: no visible global function definition for ‘grid’
    .plot.garchfilter.9: no visible global function definition for ‘mtext’
    .plot.garchfit.1: no visible global function definition for ‘mtext’
    .plot.garchfit.1: no visible global function definition for ‘abline’
    .plot.garchfit.1: no visible global function definition for ‘grid’
    .plot.garchfit.10: no visible global function definition for ‘acf’
    .plot.garchfit.10: no visible global function definition for ‘qnorm’
    .plot.garchfit.10: no visible global function definition for ‘barplot’
    .plot.garchfit.10: no visible global function definition for ‘abline’
    .plot.garchfit.10: no visible global function definition for ‘box’
    .plot.garchfit.10: no visible global function definition for ‘mtext’
    .plot.garchfit.10: no visible global function definition for ‘grid’
    .plot.garchfit.11: no visible global function definition for ‘acf’
    .plot.garchfit.11: no visible global function definition for ‘qnorm’
    .plot.garchfit.11: no visible global function definition for ‘barplot’
    .plot.garchfit.11: no visible global function definition for ‘abline’
    .plot.garchfit.11: no visible global function definition for ‘box’
    .plot.garchfit.11: no visible global function definition for ‘mtext’
    .plot.garchfit.11: no visible global function definition for ‘grid’
    .plot.garchfit.12: no visible global function definition for ‘mtext’
    .plot.garchfit.12: no visible global function definition for ‘grid’
    .plot.garchfit.2: no visible global function definition for ‘mtext’
    .plot.garchfit.2: no visible global function definition for ‘abline’
    .plot.garchfit.2: no visible global function definition for ‘grid’
    .plot.garchfit.3: no visible global function definition for ‘mtext’
    .plot.garchfit.3: no visible global function definition for ‘abline’
    .plot.garchfit.3: no visible global function definition for ‘grid’
    .plot.garchfit.4: no visible global function definition for ‘acf’
    .plot.garchfit.4: no visible global function definition for ‘qnorm’
    .plot.garchfit.4: no visible global function definition for ‘barplot’
    .plot.garchfit.4: no visible global function definition for ‘abline’
    .plot.garchfit.4: no visible global function definition for ‘box’
    .plot.garchfit.4: no visible global function definition for ‘mtext’
    .plot.garchfit.4: no visible global function definition for ‘grid’
    .plot.garchfit.5: no visible global function definition for ‘acf’
    .plot.garchfit.5: no visible global function definition for ‘qnorm’
    .plot.garchfit.5: no visible global function definition for ‘barplot’
    .plot.garchfit.5: no visible global function definition for ‘abline’
    .plot.garchfit.5: no visible global function definition for ‘box’
    .plot.garchfit.5: no visible global function definition for ‘mtext’
    .plot.garchfit.5: no visible global function definition for ‘grid’
    .plot.garchfit.6: no visible global function definition for ‘acf’
    .plot.garchfit.6: no visible global function definition for ‘qnorm’
    .plot.garchfit.6: no visible global function definition for ‘barplot’
    .plot.garchfit.6: no visible global function definition for ‘abline’
    .plot.garchfit.6: no visible global function definition for ‘box’
    .plot.garchfit.6: no visible global function definition for ‘mtext’
    .plot.garchfit.6: no visible global function definition for ‘grid’
    .plot.garchfit.7: no visible global function definition for ‘ccf’
    .plot.garchfit.7: no visible global function definition for ‘qnorm’
    .plot.garchfit.7: no visible global function definition for ‘barplot’
    .plot.garchfit.7: no visible global function definition for ‘abline’
    .plot.garchfit.7: no visible global function definition for ‘box’
    .plot.garchfit.7: no visible global function definition for ‘mtext’
    .plot.garchfit.7: no visible global function definition for ‘grid’
    .plot.garchfit.8: no visible global function definition for ‘median’
    .plot.garchfit.8: no visible global function definition for ‘sd’
    .plot.garchfit.8: no visible global function definition for ‘hist’
    .plot.garchfit.8: no visible global function definition for ‘box’
    .plot.garchfit.8: no visible global function definition for ‘dnorm’
    .plot.garchfit.8: no visible global function definition for ‘abline’
    .plot.garchfit.8: no visible global function definition for ‘mtext’
    .plot.garchfit.8: no visible global function definition for ‘legend’
    .plot.garchfit.8: no visible global function definition for ‘grid’
    .plot.garchfit.9: no visible global function definition for ‘mtext’
    .plot.garchforecast.1: no visible global function definition for ‘tail’
    .plot.garchforecast.1: no visible global function definition for
     ‘abline’
    .plot.garchforecast.1: no visible global function definition for ‘rect’
    .plot.garchforecast.1: no visible global function definition for
     ‘colors’
    .plot.garchforecast.1: no visible global function definition for
     ‘mtext’
    .plot.garchforecast.1: no visible global function definition for
     ‘legend’
    .plot.garchforecast.1: no visible global function definition for ‘box’
    .plot.garchforecast.1: no visible global function definition for ‘grid’
    .plot.garchforecast.2: no visible global function definition for ‘rect’
    .plot.garchforecast.2: no visible global function definition for
     ‘colors’
    .plot.garchforecast.2: no visible global function definition for
     ‘abline’
    .plot.garchforecast.2: no visible global function definition for
     ‘mtext’
    .plot.garchforecast.2: no visible global function definition for
     ‘legend’
    .plot.garchforecast.2: no visible global function definition for ‘box’
    .plot.garchforecast.2: no visible global function definition for ‘grid’
    .plot.garchforecast.3: no visible global function definition for ‘tail’
    .plot.garchforecast.3: no visible global function definition for
     ‘abline’
    .plot.garchforecast.3: no visible global function definition for
     ‘mtext’
    .plot.garchforecast.3: no visible global function definition for
     ‘legend’
    .plot.garchforecast.3: no visible global function definition for ‘box’
    .plot.garchforecast.3: no visible global function definition for ‘grid’
    .plot.garchforecast.4: no visible global function definition for
     ‘abline’
    .plot.garchforecast.4: no visible global function definition for
     ‘mtext’
    .plot.garchforecast.4: no visible global function definition for
     ‘legend’
    .plot.garchforecast.4: no visible global function definition for ‘box’
    .plot.garchforecast.4: no visible global function definition for ‘grid’
    .plot.garchpath.1: no visible global function definition for ‘mtext’
    .plot.garchpath.1: no visible global function definition for ‘box’
    .plot.garchpath.1: no visible global function definition for ‘grid’
    .plot.garchpath.2: no visible global function definition for ‘mtext’
    .plot.garchpath.2: no visible global function definition for ‘box’
    .plot.garchpath.2: no visible global function definition for ‘grid’
    .plot.garchpath.3: no visible global function definition for ‘density’
    .plot.garchpath.3: no visible global function definition for ‘mtext’
    .plot.garchpath.3: no visible global function definition for ‘box’
    .plot.garchpath.3: no visible global function definition for ‘grid’
    .plot.garchpath.4: no visible global function definition for ‘density’
    .plot.garchpath.4: no visible global function definition for ‘mtext’
    .plot.garchpath.4: no visible global function definition for ‘box’
    .plot.garchpath.4: no visible global function definition for ‘grid’
    .plot.garchroll.1: no visible global function definition for
     ‘topo.colors’
    .plot.garchroll.1: no visible global function definition for ‘legend’
    .plot.garchroll.2: no visible global function definition for ‘grid’
    .plot.garchroll.3: no visible global function definition for ‘grid’
    .plot.garchroll.5: no visible global function definition for ‘par’
    .plot.garchroll.5: no visible global function definition for ‘title’
    .plot.garchroll.5: no visible global function definition for ‘grid’
    .plot.garchsim.1: no visible global function definition for ‘abline’
    .plot.garchsim.1: no visible global function definition for ‘mtext’
    .plot.garchsim.1: no visible global function definition for ‘legend’
    .plot.garchsim.1: no visible global function definition for ‘box’
    .plot.garchsim.1: no visible global function definition for ‘grid’
    .plot.garchsim.2: no visible global function definition for ‘abline’
    .plot.garchsim.2: no visible global function definition for ‘mtext’
    .plot.garchsim.2: no visible global function definition for ‘legend’
    .plot.garchsim.2: no visible global function definition for ‘box’
    .plot.garchsim.2: no visible global function definition for ‘grid’
    .plot.garchsim.3: no visible global function definition for ‘density’
    .plot.garchsim.3: no visible global function definition for ‘mtext’
    .plot.garchsim.3: no visible global function definition for ‘legend’
    .plot.garchsim.3: no visible global function definition for ‘box’
    .plot.garchsim.3: no visible global function definition for ‘grid’
    .plot.garchsim.4: no visible global function definition for ‘density’
    .plot.garchsim.4: no visible global function definition for ‘mtext’
    .plot.garchsim.4: no visible global function definition for ‘legend’
    .plot.garchsim.4: no visible global function definition for ‘box’
    .plot.garchsim.4: no visible global function definition for ‘grid’
    .plotarmamodel: no visible global function definition for ‘na.omit’
    .plotarmamodel: no visible global function definition for ‘dev.next’
    .plotarmamodel: no visible global function definition for ‘dev.cur’
    .plotarmamodel: no visible global function definition for ‘dev.new’
    .plotarmamodel: no visible global function definition for ‘topo.colors’
    .plotarmamodel: no visible global function definition for ‘par’
    .plotarmamodel: no visible global function definition for ‘mtext’
    .plotarmaroots: no visible global function definition for ‘points’
    .plotarmaroots: no visible global function definition for ‘abline’
    .plotarmaroots: no visible global function definition for ‘title’
    .plotgarchboot: no visible binding for global variable ‘window’
    .pnegfunE: no visible global function definition for ‘dnorm’
    .pointsarmaroots: no visible global function definition for ‘points’
    .publishbench: no visible global function definition for ‘data’
    .qqDist: no visible global function definition for ‘ppoints’
    .qqDist: no visible global function definition for ‘grid’
    .qqLine: no visible global function definition for ‘abline’
    .realgarchLLH: no visible global function definition for ‘var’
    .realgarchfit: no visible global function definition for ‘var’
    .realgarchpath: no visible global function definition for ‘runif’
    .realgarchpath: no visible global function definition for ‘rnorm’
    .realgarchpath: no visible global function definition for ‘head’
    .realgarchsim: no visible global function definition for ‘runif’
    .realgarchsim: no visible global function definition for ‘tail’
    .realgarchsim: no visible global function definition for ‘rnorm’
    .realgarchsim: no visible global function definition for ‘head’
    .realgarchstart: no visible global function definition for ‘na.omit’
    .realgarchstart: no visible global function definition for ‘lm’
    .realgarchstart: no visible global function definition for ‘sd’
    .resumeroll.mcs : <anonymous>: no visible global function definition
     for ‘tail’
    .resumeroll.mcs: no visible global function definition for ‘tail’
    .resumeroll.real : <anonymous>: no visible global function definition
     for ‘tail’
    .resumeroll.real: no visible global function definition for ‘tail’
    .resumeroll1 : <anonymous>: no visible global function definition for
     ‘tail’
    .resumeroll1: no visible global function definition for ‘tail’
    .resumeroll2 : <anonymous>: no visible global function definition for
     ‘tail’
    .resumeroll2: no visible global function definition for ‘tail’
    .rgigjd: no visible global function definition for ‘uniroot’
    .rgigjd: no visible global function definition for ‘runif’
    .rgigjd1: no visible global function definition for ‘uniroot’
    .rgigjd1: no visible global function definition for ‘runif’
    .rmseplots: no visible global function definition for ‘par’
    .rmseplots: no visible global function definition for ‘title’
    .rmseplots: no visible global function definition for ‘mtext’
    .rollfdensity : <anonymous>: no visible global function definition for
     ‘tail’
    .rollfdensity: no visible global function definition for ‘tail’
    .rollfdensity.mcs : <anonymous>: no visible global function definition
     for ‘tail’
    .rollfdensity.mcs: no visible global function definition for ‘tail’
    .rollfdensity.real : <anonymous>: no visible global function definition
     for ‘tail’
    .rollfdensity.real: no visible global function definition for ‘tail’
    .rsfit: no visible global function definition for ‘lsfit’
    .rsfit: no visible global function definition for ‘ls.print’
    .serieserrorplot: no visible global function definition for ‘points’
    .setbounds: no visible global function definition for ‘na.omit’
    .sgarchLLH: no visible global function definition for ‘var’
    .sgarchfit: no visible global function definition for ‘sd’
    .sgarchfit: no visible global function definition for ‘var’
    .sgarchpath1: no visible global function definition for ‘runif’
    .sgarchpath1: no visible global function definition for ‘head’
    .sgarchpath2: no visible global function definition for ‘runif’
    .sgarchpath2: no visible global function definition for ‘head’
    .sgarchsim1: no visible global function definition for ‘runif’
    .sgarchsim1: no visible global function definition for ‘tail’
    .sgarchsim1: no visible global function definition for ‘head’
    .sgarchsim2: no visible global function definition for ‘runif’
    .sgarchsim2: no visible global function definition for ‘tail’
    .sgarchsim2: no visible global function definition for ‘head’
    .sgedplot: no visible global function definition for ‘par’
    .sgedplot: no visible global function definition for ‘persp’
    .sigmaerrorplot: no visible global function definition for ‘points’
    .sigmaerrorplot: no visible global function definition for ‘mtext’
    .sigmaerrorplot: no visible global function definition for ‘legend’
    .sigmat: no visible global function definition for ‘tail’
    .signbiasTest: no visible global function definition for ‘lm’
    .simlayout: no visible global function definition for ‘layout’
    .skewness: no visible global function definition for ‘var’
    .snormplot: no visible global function definition for ‘rect’
    .snormplot: no visible global function definition for ‘grid’
    .sstddomain: no visible global function definition for ‘tail’
    .sstddomain: no visible global function definition for ‘spline’
    .sstdplot: no visible global function definition for ‘par’
    .sstdplot: no visible global function definition for ‘persp’
    .stationary_bootstrap: no visible global function definition for
     ‘runif’
    .statsplot: no visible global function definition for ‘rainbow’
    .statsplot : <anonymous>: no visible global function definition for
     ‘density’
    .statsplot: no visible global function definition for ‘density’
    .statsplot: no visible global function definition for ‘par’
    .statsplot: no visible global function definition for ‘legend’
    .stdplot: no visible global function definition for ‘grid’
    .stdplot: no visible global function definition for ‘par’
    .ub1f1: no visible global function definition for ‘runif’
    .ub1f1: no visible global function definition for ‘tail’
    .ub1f2: no visible global function definition for ‘runif’
    .ub1f2: no visible global function definition for ‘tail’
    .ub1f2: no visible global function definition for ‘head’
    .ub1p1: no visible global function definition for ‘runif’
    .ub1p1: no visible global function definition for ‘tail’
    .ub1p2: no visible global function definition for ‘runif’
    .ub1p2: no visible global function definition for ‘tail’
    .ub1p2: no visible global function definition for ‘head’
    .ugarchfit: no visible global function definition for ‘na.omit’
    .ugarchspec: no visible global function definition for ‘na.omit’
    .unitroot: no visible global function definition for ‘uniroot’
    BerkowitzTest: no visible global function definition for ‘lm’
    BerkowitzTest: no visible global function definition for ‘dnorm’
    BerkowitzTest: no visible global function definition for ‘pchisq’
    DACTest: no visible global function definition for ‘pnorm’
    DACTest: no visible global function definition for ‘qnorm’
    ESTest : .fn: no visible global function definition for ‘pnorm’
    ESTest : .fn: no visible global function definition for ‘sd’
    GMMTest: no visible global function definition for ‘qchisq’
    HLTest: no visible global function definition for ‘integrate’
    HLTest: no visible global function definition for ‘sd’
    HLTest: no visible global function definition for ‘qnorm’
    LR.cc.test: no visible global function definition for ‘qchisq’
    LR.cc.test: no visible global function definition for ‘pchisq’
    VaRDurTest: no visible global function definition for ‘tail’
    VaRDurTest: no visible global function definition for ‘optim’
    VaRDurTest: no visible global function definition for ‘pchisq’
    VaRplot: no visible global function definition for ‘axis’
    VaRplot: no visible global function definition for ‘abline’
    VaRplot: no visible global function definition for ‘points’
    VaRplot: no visible global function definition for ‘legend’
    VaRplot: no visible global function definition for ‘grid’
    Weighted.Box.test: no visible global function definition for ‘acf’
    Weighted.Box.test: no visible binding for global variable ‘na.pass’
    Weighted.Box.test: no visible global function definition for ‘pgamma’
    Weighted.Box.test: no visible global function definition for ‘pchisq’
    Weighted.LM.test: no visible global function definition for ‘acf’
    Weighted.LM.test: no visible binding for global variable ‘na.pass’
    Weighted.LM.test: no visible global function definition for ‘pgamma’
    aparchKappa: no visible global function definition for ‘integrate’
    arfimaf: no visible global function definition for ‘tail’
    armaf: no visible global function definition for ‘tail’
    ddist: no visible global function definition for ‘dnorm’
    distplot: no visible global function definition for ‘par’
    egarchKappa: no visible global function definition for ‘integrate’
    fgarchKappa: no visible global function definition for ‘integrate’
    fnbound: no visible global function definition for ‘integrate’
    gedFit: no visible global function definition for ‘var’
    ghFit: no visible global function definition for ‘var’
    ghstFit: no visible global function definition for ‘sd’
    gjrgarchKappa: no visible global function definition for ‘integrate’
    is.aliased: no visible global function definition for ‘alias’
    jsuFit: no visible global function definition for ‘sd’
    move: no visible global function definition for ‘median’
    nigFit: no visible global function definition for ‘var’
    normFit: no visible global function definition for ‘var’
    normFit : loglik: no visible global function definition for ‘dnorm’
    pdist: no visible global function definition for ‘pnorm’
    pgh: no visible global function definition for ‘integrate’
    pneg: no visible global function definition for ‘integrate’
    qdist: no visible global function definition for ‘qnorm’
    rdist: no visible global function definition for ‘rnorm’
    rgh: no visible global function definition for ‘rnorm’
    robustvcv: no visible global function definition for ‘cov’
    sgedFit: no visible global function definition for ‘var’
    sghFit: no visible global function definition for ‘sd’
    skdomain: no visible global function definition for ‘spline’
    skdomain: no visible global function definition for ‘abline’
    snigFit: no visible global function definition for ‘sd’
    snormFit: no visible global function definition for ‘var’
    sstdFit: no visible global function definition for ‘var’
    stdFit: no visible global function definition for ‘var’
    arfimafit,ARFIMAspec: no visible global function definition for
     ‘na.omit’
    arfimafit,ARFIMAspec: no visible global function definition for ‘sd’
    arfimapath,ARFIMAspec: no visible global function definition for
     ‘runif’
    arfimapath,ARFIMAspec: no visible global function definition for ‘tail’
    arfimapath,ARFIMAspec: no visible global function definition for ‘head’
    arfimaroll,ARFIMAspec : <anonymous>: no visible global function
     definition for ‘tail’
    arfimaroll,ARFIMAspec: no visible global function definition for ‘tail’
    arfimasim,ARFIMAfit: no visible global function definition for ‘runif’
    arfimasim,ARFIMAfit: no visible global function definition for ‘tail’
    arfimasim,ARFIMAfit: no visible global function definition for ‘head’
    gof,uGARCHfilter-numeric: no visible global function definition for
     ‘pchisq’
    gof,uGARCHfit-numeric: no visible global function definition for
     ‘pchisq’
    plot,uGARCHboot-missing: no visible binding for global variable
     ‘window’
    resume,ARFIMAroll : <anonymous>: no visible global function definition
     for ‘tail’
    resume,ARFIMAroll: no visible global function definition for ‘tail’
    setbounds<-,ARFIMAspec-vector: no visible global function definition
     for ‘na.omit’
    setbounds<-,uGARCHspec-vector: no visible global function definition
     for ‘na.omit’
    show,ARFIMAroll: no visible global function definition for ‘head’
    show,ARFIMAroll: no visible global function definition for ‘tail’
    show,uGARCHboot: no visible global function definition for ‘head’
    show,uGARCHroll: no visible global function definition for ‘head’
    show,uGARCHroll: no visible global function definition for ‘tail’
    signbias,uGARCHfilter: no visible global function definition for ‘lm’
    signbias,uGARCHfit: no visible global function definition for ‘lm’
    ugarchfit,uGARCHspec: no visible global function definition for
     ‘na.omit’
    ugarchspec,ANY: no visible global function definition for ‘na.omit’
    Undefined global functions or variables:
     Box.test abline acf alias arima arima0 axis barplot box ccf colors
     contour cov data density dev.cur dev.interactive dev.new dev.next
     deviance df.residual dnorm embed formula frame grid hat head hist hsv
     image integrate layout legend lm ls.print lsfit median menu
     model.matrix mtext na.omit na.pass nlminb optim par pchisq persp pf
     pgamma pnorm points ppoints qchisq qnorm rainbow rect resid rnorm
     runif sd spline str tail title topo.colors uniroot var weights window
    Consider adding
     importFrom("grDevices", "colors", "dev.cur", "dev.interactive",
     "dev.new", "dev.next", "hsv", "rainbow", "topo.colors")
     importFrom("graphics", "abline", "axis", "barplot", "box", "contour",
     "frame", "grid", "hist", "image", "layout", "legend",
     "mtext", "par", "persp", "points", "rect", "title")
     importFrom("stats", "Box.test", "acf", "alias", "arima", "arima0",
     "ccf", "cov", "density", "deviance", "df.residual", "dnorm",
     "embed", "formula", "hat", "integrate", "lm", "ls.print",
     "lsfit", "median", "model.matrix", "na.omit", "na.pass",
     "nlminb", "optim", "pchisq", "pf", "pgamma", "pnorm",
     "ppoints", "qchisq", "qnorm", "resid", "rnorm", "runif",
     "sd", "spline", "uniroot", "var", "weights", "window")
     importFrom("utils", "data", "head", "menu", "str", "tail")
    to your NAMESPACE.
Flavors: r-devel-linux-x86_64-debian-clang, r-devel-linux-x86_64-debian-gcc, r-devel-linux-x86_64-fedora-clang, r-devel-linux-x86_64-fedora-gcc, r-devel-windows-ix86+x86_64