CRAN Package Check Results for Package rugarch

Last updated on 2015-04-19 11:51:20.

Flavor Version Tinstall Tcheck Ttotal Status Flags
r-devel-linux-x86_64-debian-clang 1.3-4 14.43 150.27 164.70 OK
r-devel-linux-x86_64-debian-gcc 1.3-4 15.51 151.09 166.60 NOTE
r-devel-linux-x86_64-fedora-clang 1.3-4 343.65 NOTE
r-devel-linux-x86_64-fedora-gcc 1.3-4 294.68 NOTE
r-devel-osx-x86_64-clang 1.3-4 255.99 OK
r-devel-windows-ix86+x86_64 1.3-4 67.00 284.00 351.00 OK
r-patched-linux-x86_64 1.3-4 15.44 150.92 166.36 NOTE
r-patched-solaris-sparc 1.3-4 1866.60 NOTE
r-patched-solaris-x86 1.3-4 347.80 NOTE
r-release-linux-x86_64 1.3-4 16.14 139.75 155.88 NOTE
r-release-osx-x86_64-mavericks 1.3-4 OK
r-release-osx-x86_64-snowleopard 1.3-4 ERROR
r-release-windows-ix86+x86_64 1.3-4 41.00 238.00 279.00 OK
r-oldrel-windows-ix86+x86_64 1.3-4 61.00 359.00 420.00 OK

Check Details

Version: 1.3-4
Check: installed package size
Result: NOTE
     installed size is 5.1Mb
     sub-directories of 1Mb or more:
     libs 1.8Mb
Flavors: r-devel-linux-x86_64-debian-gcc, r-devel-linux-x86_64-fedora-clang, r-devel-linux-x86_64-fedora-gcc, r-patched-linux-x86_64, r-patched-solaris-sparc, r-patched-solaris-x86, r-release-linux-x86_64

Version: 1.3-4
Check: package dependencies
Result: ERROR
    Packages required but not available: ‘xts’ ‘zoo’ ‘SkewHyperbolic’
    
    See section ‘The DESCRIPTION file’ in the ‘Writing R Extensions’
    manual.
Flavor: r-release-osx-x86_64-snowleopard