CRAN Package Check Results for Package rugarch

Last updated on 2014-12-18 23:47:59.

Flavor Version Tinstall Tcheck Ttotal Status Flags
r-devel-linux-x86_64-debian-clang 1.3-4 15.80 164.50 180.30 NOTE
r-devel-linux-x86_64-debian-gcc 1.3-4 16.46 164.61 181.06 NOTE
r-devel-linux-x86_64-fedora-clang 1.3-4 378.11 NOTE
r-devel-linux-x86_64-fedora-gcc 1.3-4 315.94 NOTE
r-devel-osx-x86_64-clang 1.3-4 301.02 OK
r-devel-windows-ix86+x86_64 1.3-4 50.00 234.00 284.00 OK
r-patched-linux-x86_64 1.3-4 18.02 170.75 188.78 NOTE
r-patched-solaris-sparc 1.3-4 1952.70 NOTE
r-patched-solaris-x86 1.3-4 417.00 NOTE
r-release-linux-ix86 1.3-4 20.55 192.24 212.78 OK
r-release-linux-x86_64 1.3-4 17.11 171.36 188.47 NOTE
r-release-osx-x86_64-mavericks 1.3-4 OK
r-release-osx-x86_64-snowleopard 1.3-4 OK
r-release-windows-ix86+x86_64 1.3-4 52.00 273.00 325.00 OK
r-oldrel-windows-ix86+x86_64 1.3-4 53.00 256.00 309.00 OK

Check Details

Version: 1.3-4
Check: installed package size
Result: NOTE
     installed size is 5.1Mb
     sub-directories of 1Mb or more:
     libs 1.8Mb
Flavors: r-devel-linux-x86_64-debian-clang, r-devel-linux-x86_64-debian-gcc, r-devel-linux-x86_64-fedora-clang, r-devel-linux-x86_64-fedora-gcc, r-patched-linux-x86_64, r-patched-solaris-sparc, r-patched-solaris-x86, r-release-linux-x86_64