CRAN Package Check Results for Package rugarch

Last updated on 2014-09-20 01:49:20.

Flavor Version Tinstall Tcheck Ttotal Status Flags
r-devel-linux-x86_64-debian-clang 1.3-3 15.59 166.64 182.23 WARN
r-devel-linux-x86_64-debian-gcc 1.3-3 16.64 165.98 182.62 WARN
r-devel-linux-x86_64-fedora-clang 1.3-3 384.27 WARN
r-devel-linux-x86_64-fedora-gcc 1.3-3 358.26 WARN
r-devel-osx-x86_64-clang 1.3-3 272.01 WARN
r-devel-windows-ix86+x86_64 1.3-3 49.00 224.00 273.00 WARN
r-patched-linux-x86_64 1.3-3 17.21 172.69 189.90 WARN
r-patched-solaris-sparc 1.3-3 2064.30 WARN
r-patched-solaris-x86 1.3-3 420.20 WARN
r-release-linux-ix86 1.3-3 21.28 199.52 220.80 OK
r-release-linux-x86_64 1.3-3 17.49 183.55 201.04 OK
r-release-osx-x86_64-mavericks 1.3-3 OK
r-release-osx-x86_64-snowleopard 1.3-3 OK
r-release-windows-ix86+x86_64 1.3-3 48.00 257.00 305.00 OK
r-oldrel-windows-ix86+x86_64 1.3-3 53.00 251.00 304.00 OK

Check Details

Version: 1.3-3
Check: dependencies in R code
Result: WARN
    'library' or 'require' call not declared from: ‘parallel’
    See the information on DESCRIPTION files in the chapter ‘Creating R
    packages’ of the ‘Writing R Extensions’ manual.
Flavors: r-devel-linux-x86_64-debian-clang, r-devel-linux-x86_64-debian-gcc, r-devel-linux-x86_64-fedora-clang, r-devel-linux-x86_64-fedora-gcc, r-devel-osx-x86_64-clang, r-devel-windows-ix86+x86_64, r-patched-linux-x86_64, r-patched-solaris-sparc, r-patched-solaris-x86

Version: 1.3-3
Check: installed package size
Result: NOTE
     installed size is 5.1Mb
     sub-directories of 1Mb or more:
     libs 1.9Mb
Flavor: r-devel-linux-x86_64-fedora-gcc