CRAN Package Check Results for Package rugarch

Last updated on 2017-12-13 23:14:43 CET.

Flavor Version Tinstall Tcheck Ttotal Status Flags
r-devel-linux-x86_64-debian-clang 1.3-8 24.05 219.93 243.98 FAIL
r-devel-linux-x86_64-debian-gcc 1.3-8 20.76 198.50 219.26 FAIL
r-devel-linux-x86_64-fedora-clang 1.3-8 347.35 NOTE
r-devel-linux-x86_64-fedora-gcc 1.3-8 341.68 NOTE
r-devel-windows-ix86+x86_64 1.3-8 74.00 387.00 461.00 NOTE
r-patched-linux-x86_64 1.3-8 24.97 308.42 333.39 OK
r-patched-solaris-x86 1.3-8 449.80 OK
r-release-linux-x86_64 1.3-8 24.66 309.00 333.66 OK
r-release-windows-ix86+x86_64 1.3-8 59.00 307.00 366.00 OK
r-release-osx-x86_64 1.3-8 NOTE
r-oldrel-windows-ix86+x86_64 1.3-8 55.00 363.00 418.00 OK
r-oldrel-osx-x86_64 1.3-8 NOTE

Check Details

Version: 1.3-8
Check: pragmas in C/C++ headers and code
Result: FAIL
    
Flavors: r-devel-linux-x86_64-debian-clang, r-devel-linux-x86_64-debian-gcc

Version: 1.3-8
Check: installed package size
Result: NOTE
     installed size is 5.2Mb
     sub-directories of 1Mb or more:
     libs 1.9Mb
Flavors: r-devel-linux-x86_64-fedora-clang, r-devel-linux-x86_64-fedora-gcc, r-devel-windows-ix86+x86_64, r-release-osx-x86_64, r-oldrel-osx-x86_64