Last updated on 2023-02-07 19:58:21 CET.
Flavor | Version | Tinstall | Tcheck | Ttotal | Status | Flags |
---|---|---|---|---|---|---|
r-devel-linux-x86_64-debian-clang | 0.3.1 | 279.88 | 401.12 | 681.00 | NOTE | |
r-devel-linux-x86_64-debian-gcc | 0.3.1 | 217.30 | 340.96 | 558.26 | NOTE | |
r-devel-linux-x86_64-fedora-clang | 0.3.1 | 917.14 | NOTE | |||
r-devel-linux-x86_64-fedora-gcc | 0.3.1 | 729.29 | NOTE | |||
r-devel-windows-x86_64 | 0.3.1 | 401.00 | 391.00 | 792.00 | NOTE | |
r-patched-linux-x86_64 | 0.3.1 | 233.79 | 473.42 | 707.21 | OK | |
r-release-linux-x86_64 | 0.3.1 | 224.49 | 463.44 | 687.93 | OK | |
r-release-macos-arm64 | 0.3.1 | 426.00 | NOTE | |||
r-release-macos-x86_64 | 0.3.1 | 500.00 | NOTE | |||
r-release-windows-x86_64 | 0.3.1 | 228.00 | 398.00 | 626.00 | NOTE | |
r-oldrel-macos-arm64 | 0.3.1 | 392.00 | NOTE | |||
r-oldrel-macos-x86_64 | 0.3.1 | 500.00 | NOTE | |||
r-oldrel-windows-ix86+x86_64 | 0.3.1 | 659.00 | 424.00 | 1083.00 | NOTE |
Version: 0.3.1
Check: C++ specification
Result: NOTE
Specified C++11: please update to current default of C++17
Flavors: r-devel-linux-x86_64-debian-clang, r-devel-linux-x86_64-debian-gcc, r-devel-linux-x86_64-fedora-clang, r-devel-windows-x86_64
Version: 0.3.1
Check: installed package size
Result: NOTE
installed size is 5.0Mb
sub-directories of 1Mb or more:
data 3.8Mb
Flavors: r-devel-linux-x86_64-fedora-clang, r-devel-windows-x86_64, r-release-macos-arm64, r-release-macos-x86_64, r-release-windows-x86_64, r-oldrel-macos-arm64, r-oldrel-macos-x86_64, r-oldrel-windows-ix86+x86_64
Version: 0.3.1
Check: C++ specification
Result: NOTE
Specified C++11: please drop specification unless essential
Flavor: r-devel-linux-x86_64-fedora-gcc