CRAN Package Check Results for Package ruler

Last updated on 2020-09-23 15:28:14 CEST.

Flavor Version Tinstall Tcheck Ttotal Status Flags
r-devel-linux-x86_64-debian-clang 0.2.3 4.61 59.06 63.67 OK
r-devel-linux-x86_64-debian-gcc 0.2.3 3.48 46.58 50.06 OK
r-devel-linux-x86_64-fedora-clang 0.2.3 84.49 NOTE
r-devel-linux-x86_64-fedora-gcc 0.2.3 75.24 OK
r-devel-windows-ix86+x86_64 0.2.3 11.00 80.00 91.00 OK
r-patched-linux-x86_64 0.2.3 4.36 57.36 61.72 OK
r-patched-solaris-x86 0.2.3 99.10 OK
r-release-linux-x86_64 0.2.3 3.89 57.17 61.06 OK
r-release-macos-x86_64 0.2.3 OK
r-release-windows-ix86+x86_64 0.2.3 22.00 87.00 109.00 OK
r-oldrel-macos-x86_64 0.2.3 OK
r-oldrel-windows-ix86+x86_64 0.2.3 5.00 60.00 65.00 OK

Check Details

Version: 0.2.3
Check: Rd cross-references
Result: NOTE
    Undeclared package ‘magrittr’ in Rd xrefs
Flavor: r-devel-linux-x86_64-fedora-clang