CRAN Package Check Results for Package runittotestthat

Last updated on 2019-03-26 03:48:41 CET.

Flavor Version Tinstall Tcheck Ttotal Status Flags
r-devel-linux-x86_64-debian-clang 0.0-2 2.21 25.34 27.55 OK
r-devel-linux-x86_64-debian-gcc 0.0-2 2.16 20.87 23.03 OK
r-devel-linux-x86_64-fedora-clang 0.0-2 35.42 OK
r-devel-linux-x86_64-fedora-gcc 0.0-2 33.16 OK
r-devel-windows-ix86+x86_64 0.0-2 9.00 50.00 59.00 OK
r-patched-linux-x86_64 0.0-2 1.33 24.75 26.08 OK
r-patched-solaris-x86 0.0-2 51.50 OK
r-release-linux-x86_64 0.0-2 1.62 24.88 26.50 OK
r-release-windows-ix86+x86_64 0.0-2 11.00 41.00 52.00 OK
r-release-osx-x86_64 0.0-2 OK
r-oldrel-windows-ix86+x86_64 0.0-2 4.00 49.00 53.00 OK
r-oldrel-osx-x86_64 0.0-2 NOTE

Check Details

Version: 0.0-2
Check: package dependencies
Result: NOTE
    Package which this enhances but not available for checking: ‘devtools’
Flavor: r-oldrel-osx-x86_64