CRAN Package Check Results for Package runjags

Last updated on 2014-04-23 07:55:08.

Flavor Version Tinstall Tcheck Ttotal Status Flags
r-devel-linux-x86_64-debian-clang 1.2.0-7 5.92 69.08 74.99 OK
r-devel-linux-x86_64-debian-gcc 1.2.0-7 5.78 68.75 74.53 OK
r-devel-linux-x86_64-fedora-clang 1.2.0-7 144.92 OK
r-devel-linux-x86_64-fedora-gcc 1.2.0-7 134.23 OK
r-devel-osx-x86_64-clang 1.2.0-7 119.25 OK
r-devel-osx-x86_64-gcc 1.2.0-7 OK
r-devel-windows-ix86+x86_64 1.2.0-7 25.00 156.00 181.00 OK
r-patched-linux-x86_64 1.2.0-7 5.71 69.43 75.14 OK
r-patched-solaris-sparc 1.2.0-7 917.40 OK
r-patched-solaris-x86 1.2.0-7 244.50 OK
r-release-linux-ix86 1.2.0-7 11.00 121.00 132.00 OK
r-release-linux-x86_64 1.2.0-7 5.90 69.31 75.22 OK
r-release-osx-x86_64-mavericks 1.2.0-7 ERROR
r-release-osx-x86_64-snowleopard 1.2.0-7 OK
r-release-windows-ix86+x86_64 1.2.0-7 24.00 167.00 191.00 OK
r-oldrel-windows-ix86+x86_64 1.2.0-7 24.00 163.00 187.00 OK

Check Details

Version: 1.2.0-7
Check: package dependencies
Result: NOTE
    Package suggested but not available for checking: ‘rjags’
Flavor: r-release-osx-x86_64-mavericks

Version: 1.2.0-7
Check: R code for possible problems
Result: NOTE
    as.jags.runjags: no visible global function definition for
     ‘load.module’
    as.jags.runjags: no visible global function definition for
     ‘list.factories’
    as.jags.runjags: no visible global function definition for
     ‘set.factory’
    as.jags.runjags: no visible global function definition for ‘jags.model’
    load.runJAGSmodule: no visible global function definition for
     ‘load.module’
    load.runjagsmodule: no visible global function definition for
     ‘load.module’
    run.JAGS.study : FUN: no visible global function definition for
     ‘load.module’
    run.jags.study : FUN: no visible global function definition for
     ‘load.module’
    runjags.rjags: no visible global function definition for ‘jags.samples’
    runjags.rjags: no visible global function definition for ‘coda.samples’
    runjags.rjparallel : clfun: no visible global function definition for
     ‘load.module’
    runjags.rjparallel : clfun: no visible global function definition for
     ‘list.factories’
    runjags.rjparallel : clfun: no visible global function definition for
     ‘set.factory’
    runjags.rjparallel : clfun: no visible global function definition for
     ‘jags.model’
    runjags.rjparallel : clfun: no visible global function definition for
     ‘jags.samples’
    runjags.rjparallel : clfun: no visible global function definition for
     ‘coda.samples’
    runjags.start: no visible global function definition for ‘load.module’
    runjags.start: no visible global function definition for
     ‘parallel.seeds’
Flavor: r-release-osx-x86_64-mavericks

Version: 1.2.0-7
Check: Rd cross-references
Result: NOTE
    Package unavailable to check Rd xrefs: ‘rjags’
Flavor: r-release-osx-x86_64-mavericks

Version: 1.2.0-7
Check: examples
Result: ERROR
    Running examples in ‘runjags-Ex.R’ failed
    The error most likely occurred in:
    
    > ### Name: load.runjagsmodule
    > ### Title: Load the internal JAGS module provided by runjags
    > ### Aliases: load.runjagsmodule load.runJAGSmodule
    > ### Keywords: methods
    >
    > ### ** Examples
    >
    >
    > # A simple model to sample from a Lomax distribution:
    > m <- "model{
    + L ~ dlomax(1,1)
    + }"
    > results <- run.jags(m, monitor="L", method="rjags",
    + modules="runjags")
    Loading required package: rjags
    Warning in library(package, lib.loc = lib.loc, character.only = TRUE, logical.return = TRUE, :
     there is no package called ‘rjags’
    Error: The rjags package is not installed - please install this package to use the 'rjags' method for runjags
    Execution halted
Flavor: r-release-osx-x86_64-mavericks