CRAN Package Check Results for Package runjags

Last updated on 2017-10-16 23:47:48.

Flavor Version Tinstall Tcheck Ttotal Status Flags
r-devel-linux-x86_64-debian-clang 2.0.4-2 6.83 157.61 164.44 NOTE
r-devel-linux-x86_64-debian-gcc 2.0.4-2 6.99 170.07 177.06 NOTE
r-devel-linux-x86_64-fedora-clang 2.0.4-2 261.13 NOTE
r-devel-linux-x86_64-fedora-gcc 2.0.4-2 255.10 NOTE
r-devel-windows-ix86+x86_64 2.0.4-2 42.00 138.00 180.00 OK --no-examples --no-tests --no-vignettes
r-patched-linux-x86_64 2.0.4-2 5.68 149.62 155.30 NOTE
r-patched-solaris-x86 2.0.4-2 422.70 OK
r-release-linux-x86_64 2.0.4-2 5.94 149.20 155.14 NOTE
r-release-windows-ix86+x86_64 2.0.4-2 26.00 124.00 150.00 OK --no-examples --no-tests --no-vignettes
r-release-osx-x86_64 2.0.4-2 OK
r-oldrel-windows-ix86+x86_64 2.0.4-2 44.00 126.00 170.00 OK --no-examples --no-tests --no-vignettes
r-oldrel-osx-x86_64 2.0.4-2 OK

Check Details

Version: 2.0.4-2
Check: compiled code
Result: NOTE
    File ‘runjags/libs/runjags.so’:
     Found no calls to: ‘R_registerRoutines’, ‘R_useDynamicSymbols’
    
    It is good practice to register native routines and to disable symbol
    search.
    
    See ‘Writing portable packages’ in the ‘Writing R Extensions’ manual.
Flavors: r-devel-linux-x86_64-debian-clang, r-devel-linux-x86_64-debian-gcc, r-devel-linux-x86_64-fedora-clang, r-devel-linux-x86_64-fedora-gcc, r-patched-linux-x86_64, r-release-linux-x86_64