CRAN Package Check Results for Package runjags

Last updated on 2017-03-23 23:51:08.

Flavor Version Tinstall Tcheck Ttotal Status Flags
r-devel-linux-x86_64-debian-clang 2.0.4-2 7.54 155.85 163.40 NOTE
r-devel-linux-x86_64-debian-gcc 2.0.4-2 5.90 148.91 154.81 NOTE
r-devel-linux-x86_64-fedora-clang 2.0.4-2 288.44 NOTE --no-stop-on-test-error
r-devel-linux-x86_64-fedora-gcc 2.0.4-2 270.98 NOTE --no-stop-on-test-error
r-devel-macos-x86_64-clang 2.0.4-2 189.58 NOTE --no-stop-on-test-error
r-devel-windows-ix86+x86_64 2.0.4-2 27.00 127.00 154.00 OK --no-examples --no-tests --no-vignettes
r-patched-linux-x86_64 2.0.4-2 5.43 121.34 126.77 OK
r-patched-solaris-sparc 2.0.4-2 2148.10 OK
r-patched-solaris-x86 2.0.4-2 517.90 OK
r-release-linux-x86_64 2.0.4-2 5.63 122.24 127.87 OK
r-release-osx-x86_64-mavericks 2.0.4-2 OK
r-release-windows-ix86+x86_64 2.0.4-2 40.00 77.00 117.00 OK --no-examples --no-tests --no-vignettes
r-oldrel-windows-ix86+x86_64 2.0.4-2 3.00 3.00 6.00 ERROR --no-examples --no-tests --no-vignettes

Check Details

Version: 2.0.4-2
Check: compiled code
Result: NOTE
    File ‘runjags/libs/runjags.so’:
     Found no calls to: ‘R_registerRoutines’, ‘R_useDynamicSymbols’
    
    It is good practice to register native routines and to disable symbol
    search.
    
    See ‘Writing portable packages’ in the ‘Writing R Extensions’ manual.
Flavors: r-devel-linux-x86_64-debian-clang, r-devel-linux-x86_64-debian-gcc

Version: 2.0.4-2
Flags: --no-stop-on-test-error
Check: compiled code
Result: NOTE
    File ‘runjags/libs/runjags.so’:
     Found no calls to: ‘R_registerRoutines’, ‘R_useDynamicSymbols’
    
    It is good practice to register native routines and to disable symbol
    search.
    
    See ‘Writing portable packages’ in the ‘Writing R Extensions’ manual.
Flavors: r-devel-linux-x86_64-fedora-clang, r-devel-linux-x86_64-fedora-gcc, r-devel-macos-x86_64-clang

Version: 2.0.4-2
Flags: --no-examples --no-tests --no-vignettes
Check: whether package can be installed
Result: ERROR
    Installation failed.
Flavor: r-oldrel-windows-ix86+x86_64