CRAN Package Check Results for Package runjags

Last updated on 2017-08-17 18:47:02.

Flavor Version Tinstall Tcheck Ttotal Status Flags
r-devel-linux-x86_64-debian-clang 2.0.4-2 7.36 156.95 164.31 NOTE
r-devel-linux-x86_64-debian-gcc 2.0.4-2 6.48 152.95 159.44 NOTE
r-devel-linux-x86_64-fedora-clang 2.0.4-2 287.15 NOTE
r-devel-linux-x86_64-fedora-gcc 2.0.4-2 272.97 NOTE
r-devel-windows-ix86+x86_64 2.0.4-2 23.00 128.00 151.00 OK --no-examples --no-tests --no-vignettes
r-patched-linux-x86_64 2.0.4-2 11.02 152.99 164.01 NOTE
r-patched-solaris-x86 2.0.4-2 524.20 OK
r-release-linux-x86_64 2.0.4-2 5.88 150.58 156.47 NOTE
r-release-windows-ix86+x86_64 2.0.4-2 25.00 105.00 130.00 OK --no-examples --no-tests --no-vignettes
r-release-osx-x86_64 2.0.4-2 OK
r-oldrel-windows-ix86+x86_64 2.0.4-2 39.00 87.00 126.00 OK --no-examples --no-tests --no-vignettes
r-oldrel-osx-x86_64 2.0.4-2 OK

Check Details

Version: 2.0.4-2
Check: compiled code
Result: NOTE
    File ‘runjags/libs/runjags.so’:
     Found no calls to: ‘R_registerRoutines’, ‘R_useDynamicSymbols’
    
    It is good practice to register native routines and to disable symbol
    search.
    
    See ‘Writing portable packages’ in the ‘Writing R Extensions’ manual.
Flavors: r-devel-linux-x86_64-debian-clang, r-devel-linux-x86_64-debian-gcc, r-devel-linux-x86_64-fedora-clang, r-devel-linux-x86_64-fedora-gcc, r-patched-linux-x86_64, r-release-linux-x86_64