CRAN Package Check Results for Package runjags

Last updated on 2014-09-21 00:46:53.

Flavor Version Tinstall Tcheck Ttotal Status Flags
r-devel-linux-x86_64-debian-clang 1.2.1-0 5.96 63.47 69.43 OK
r-devel-linux-x86_64-debian-gcc 1.2.1-0 5.62 63.43 69.06 OK
r-devel-linux-x86_64-fedora-clang 1.2.1-0 135.38 OK
r-devel-linux-x86_64-fedora-gcc 1.2.1-0 122.28 OK
r-devel-osx-x86_64-clang 1.2.1-0 116.48 OK
r-devel-windows-ix86+x86_64 1.2.1-0 25.00 180.00 205.00 OK
r-patched-linux-x86_64 1.2.1-0 6.09 66.36 72.45 OK
r-patched-solaris-sparc 1.2.1-0 868.50 OK
r-patched-solaris-x86 1.2.1-0 214.90 OK
r-release-linux-ix86 1.2.1-0 8.74 93.02 101.76 OK
r-release-linux-x86_64 1.2.1-0 5.89 66.42 72.31 OK
r-release-osx-x86_64-mavericks 1.2.1-0 NOTE
r-release-osx-x86_64-snowleopard 1.2.1-0 OK
r-release-windows-ix86+x86_64 1.2.1-0 23.00 151.00 174.00 OK
r-oldrel-windows-ix86+x86_64 1.2.1-0 27.00 151.00 178.00 OK

Check Details

Version: 1.2.1-0
Check: package dependencies
Result: NOTE
    Package suggested but not available for checking: ‘rjags’
Flavor: r-release-osx-x86_64-mavericks

Version: 1.2.1-0
Check: Rd cross-references
Result: NOTE
    Package unavailable to check Rd xrefs: ‘rjags’
Flavor: r-release-osx-x86_64-mavericks