CRAN Package Check Results for Package runjags

Last updated on 2015-04-01 19:48:35.

Flavor Version Tinstall Tcheck Ttotal Status Flags
r-devel-linux-x86_64-debian-clang 1.2.1-0 6.02 64.14 70.16 NOTE
r-devel-linux-x86_64-debian-gcc 1.2.1-0 5.66 62.92 68.58 NOTE
r-devel-linux-x86_64-fedora-clang 1.2.1-0 126.77 NOTE
r-devel-linux-x86_64-fedora-gcc 1.2.1-0 119.60 NOTE
r-devel-osx-x86_64-clang 1.2.1-0 124.12 NOTE
r-prerel-windows-ix86+x86_64 1.2.1-0 36.00 180.00 216.00 NOTE
r-prerel-linux-x86_64 1.2.1-0 5.90 62.19 68.09 NOTE
r-prerel-solaris-sparc 1.2.1-0 885.20 NOTE
r-prerel-solaris-x86 1.2.1-0 210.50 NOTE
r-release-linux-x86_64 1.2.1-0 6.27 68.90 75.17 NOTE
r-release-osx-x86_64-mavericks 1.2.1-0 OK
r-release-osx-x86_64-snowleopard 1.2.1-0 OK
r-release-windows-ix86+x86_64 1.2.1-0 27.00 158.00 185.00 NOTE
r-oldrel-windows-ix86+x86_64 1.2.1-0 30.00 165.00 195.00 OK

Check Details

Version: 1.2.1-0
Check: dependencies in R code
Result: NOTE
    'library' or 'require' call to ‘rjags’ in package code.
     Please use :: or requireNamespace() instead.
     See section 'Suggested packages' in the 'Writing R Extensions' manual.
Flavors: r-devel-linux-x86_64-debian-clang, r-devel-linux-x86_64-debian-gcc, r-devel-linux-x86_64-fedora-clang, r-devel-linux-x86_64-fedora-gcc, r-devel-osx-x86_64-clang, r-prerel-windows-ix86+x86_64, r-prerel-linux-x86_64, r-prerel-solaris-sparc, r-prerel-solaris-x86, r-release-linux-x86_64, r-release-windows-ix86+x86_64