CRAN Package Check Results for Package runjags

Last updated on 2014-12-21 01:47:08.

Flavor Version Tinstall Tcheck Ttotal Status Flags
r-devel-linux-x86_64-debian-clang 1.2.1-0 5.84 65.58 71.42 OK
r-devel-linux-x86_64-debian-gcc 1.2.1-0 5.73 62.86 68.59 OK
r-devel-linux-x86_64-fedora-clang 1.2.1-0 137.84 OK
r-devel-linux-x86_64-fedora-gcc 1.2.1-0 115.49 OK
r-devel-osx-x86_64-clang 1.2.1-0 123.06 OK
r-devel-windows-ix86+x86_64 1.2.1-0 28.00 183.00 211.00 OK
r-patched-linux-x86_64 1.2.1-0 5.90 66.69 72.59 OK
r-patched-solaris-sparc 1.2.1-0 868.50 OK
r-patched-solaris-x86 1.2.1-0 220.10 OK
r-release-linux-ix86 1.2.1-0 8.52 81.72 90.23 OK
r-release-linux-x86_64 1.2.1-0 5.77 66.05 71.82 OK
r-release-osx-x86_64-mavericks 1.2.1-0 NOTE
r-release-osx-x86_64-snowleopard 1.2.1-0 OK
r-release-windows-ix86+x86_64 1.2.1-0 27.00 162.00 189.00 OK
r-oldrel-windows-ix86+x86_64 1.2.1-0 28.00 167.00 195.00 OK

Check Details

Version: 1.2.1-0
Check: package dependencies
Result: NOTE
    Package suggested but not available for checking: ‘rjags’
Flavor: r-release-osx-x86_64-mavericks

Version: 1.2.1-0
Check: Rd cross-references
Result: NOTE
    Package unavailable to check Rd xrefs: ‘rjags’
Flavor: r-release-osx-x86_64-mavericks