CRAN Package Check Results for Package runjags

Last updated on 2015-01-28 15:47:20.

Flavor Version Tinstall Tcheck Ttotal Status Flags
r-devel-linux-x86_64-debian-clang 1.2.1-0 5.96 65.50 71.46 NOTE
r-devel-linux-x86_64-debian-gcc 1.2.1-0 6.06 64.24 70.30 NOTE
r-devel-linux-x86_64-fedora-clang 1.2.1-0 138.36 NOTE
r-devel-linux-x86_64-fedora-gcc 1.2.1-0 122.50 NOTE
r-devel-osx-x86_64-clang 1.2.1-0 123.18 NOTE
r-devel-windows-ix86+x86_64 1.2.1-0 37.00 180.00 217.00 NOTE
r-patched-linux-x86_64 1.2.1-0 5.96 66.15 72.10 OK
r-patched-solaris-sparc 1.2.1-0 864.60 OK
r-patched-solaris-x86 1.2.1-0 221.30 OK
r-release-linux-ix86 1.2.1-0 8.56 81.96 90.52 OK
r-release-linux-x86_64 1.2.1-0 5.83 66.98 72.81 OK
r-release-osx-x86_64-mavericks 1.2.1-0 OK
r-release-osx-x86_64-snowleopard 1.2.1-0 OK
r-release-windows-ix86+x86_64 1.2.1-0 25.00 166.00 191.00 OK
r-oldrel-windows-ix86+x86_64 1.2.1-0 30.00 208.00 238.00 OK

Check Details

Version: 1.2.1-0
Check: dependencies in R code
Result: NOTE
    'library' or 'require' call to ‘rjags’ in package code.
     Please use :: or requireNamespace() instead.
     See section 'Suggested packages' in the 'Writing R Extensions' manual.
Flavors: r-devel-linux-x86_64-debian-clang, r-devel-linux-x86_64-debian-gcc, r-devel-linux-x86_64-fedora-clang, r-devel-linux-x86_64-fedora-gcc, r-devel-osx-x86_64-clang, r-devel-windows-ix86+x86_64