CRAN Package Check Results for Package runjags

Last updated on 2017-12-14 15:48:50 CET.

Flavor Version Tinstall Tcheck Ttotal Status Flags
r-devel-linux-x86_64-debian-clang 2.0.4-2 8.40 69.22 77.62 FAIL
r-devel-linux-x86_64-debian-gcc 2.0.4-2 6.90 64.57 71.47 FAIL
r-devel-linux-x86_64-fedora-clang 2.0.4-2 262.85 NOTE
r-devel-linux-x86_64-fedora-gcc 2.0.4-2 256.43 NOTE
r-devel-windows-ix86+x86_64 2.0.4-2 35.00 94.00 129.00 OK --no-examples --no-tests --no-vignettes
r-patched-linux-x86_64 2.0.4-2 6.51 224.67 231.18 NOTE
r-patched-solaris-x86 2.0.4-2 488.30 OK
r-release-linux-x86_64 2.0.4-2 6.74 226.45 233.19 NOTE
r-release-windows-ix86+x86_64 2.0.4-2 25.00 127.00 152.00 OK --no-examples --no-tests --no-vignettes
r-release-osx-x86_64 2.0.4-2 OK
r-oldrel-windows-ix86+x86_64 2.0.4-2 21.00 121.00 142.00 OK --no-examples --no-tests --no-vignettes
r-oldrel-osx-x86_64 2.0.4-2 OK

Check Details

Version: 2.0.4-2
Check: pragmas in C/C++ headers and code
Result: FAIL
    
Flavors: r-devel-linux-x86_64-debian-clang, r-devel-linux-x86_64-debian-gcc

Version: 2.0.4-2
Check: compiled code
Result: NOTE
    File ‘runjags/libs/runjags.so’:
     Found no calls to: ‘R_registerRoutines’, ‘R_useDynamicSymbols’
    
    It is good practice to register native routines and to disable symbol
    search.
    
    See ‘Writing portable packages’ in the ‘Writing R Extensions’ manual.
Flavors: r-devel-linux-x86_64-fedora-clang, r-devel-linux-x86_64-fedora-gcc, r-patched-linux-x86_64, r-release-linux-x86_64