CRAN Package Check Results for Package runjags

Last updated on 2018-06-22 18:46:56 CEST.

Flavor Version Tinstall Tcheck Ttotal Status Flags
r-devel-linux-x86_64-debian-clang 2.0.4-2 25.17 116.98 142.15 NOTE --no-tests
r-devel-linux-x86_64-debian-gcc 2.0.4-2 20.41 88.15 108.56 NOTE --no-tests
r-devel-linux-x86_64-fedora-clang 2.0.4-2 242.27 NOTE
r-devel-linux-x86_64-fedora-gcc 2.0.4-2 220.52 NOTE
r-devel-windows-ix86+x86_64 2.0.4-2 58.00 96.00 154.00 OK --no-examples --no-tests --no-vignettes
r-patched-linux-x86_64 2.0.4-2 26.04 115.10 141.14 NOTE --no-tests
r-patched-solaris-x86 2.0.4-2 413.70 OK
r-release-linux-x86_64 2.0.4-2 26.39 112.06 138.45 NOTE --no-tests
r-release-windows-ix86+x86_64 2.0.4-2 44.00 132.00 176.00 OK --no-examples --no-tests --no-vignettes
r-release-osx-x86_64 2.0.4-2 OK
r-oldrel-windows-ix86+x86_64 2.0.4-2 32.00 93.00 125.00 OK --no-examples --no-tests --no-vignettes
r-oldrel-osx-x86_64 2.0.4-2 OK

Check Details

Version: 2.0.4-2
Flags: --no-tests
Check: compiled code
Result: NOTE
    File ‘runjags/libs/runjags.so’:
     Found no calls to: ‘R_registerRoutines’, ‘R_useDynamicSymbols’
    
    It is good practice to register native routines and to disable symbol
    search.
    
    See ‘Writing portable packages’ in the ‘Writing R Extensions’ manual.
Flavors: r-devel-linux-x86_64-debian-clang, r-devel-linux-x86_64-debian-gcc, r-patched-linux-x86_64, r-release-linux-x86_64

Version: 2.0.4-2
Check: compiled code
Result: NOTE
    File ‘runjags/libs/runjags.so’:
     Found no calls to: ‘R_registerRoutines’, ‘R_useDynamicSymbols’
    
    It is good practice to register native routines and to disable symbol
    search.
    
    See ‘Writing portable packages’ in the ‘Writing R Extensions’ manual.
Flavors: r-devel-linux-x86_64-fedora-clang, r-devel-linux-x86_64-fedora-gcc