CRAN Package Check Results for Package runjags

Last updated on 2015-03-02 19:52:26.

Flavor Version Tinstall Tcheck Ttotal Status Flags
r-devel-linux-x86_64-debian-clang 1.2.1-0 5.81 63.26 69.08 NOTE
r-devel-linux-x86_64-debian-gcc 1.2.1-0 5.84 61.80 67.64 NOTE
r-devel-linux-x86_64-fedora-clang 1.2.1-0 129.49 NOTE
r-devel-linux-x86_64-fedora-gcc 1.2.1-0 114.50 NOTE
r-devel-osx-x86_64-clang 1.2.1-0 119.21 NOTE
r-devel-windows-ix86+x86_64 1.2.1-0 47.00 245.00 292.00 NOTE
r-patched-linux-x86_64 1.2.1-0 5.79 66.34 72.13 NOTE
r-patched-solaris-sparc 1.2.1-0 938.40 NOTE
r-patched-solaris-x86 1.2.1-0 230.90 NOTE
r-release-linux-ix86 1.2.1-0 8.65 86.18 94.83 OK
r-release-linux-x86_64 1.2.1-0 5.77 66.17 71.94 OK
r-release-osx-x86_64-mavericks 1.2.1-0 OK
r-release-osx-x86_64-snowleopard 1.2.1-0 OK
r-release-windows-ix86+x86_64 1.2.1-0 53.00 156.00 209.00 OK
r-oldrel-windows-ix86+x86_64 1.2.1-0 23.00 154.00 177.00 OK

Check Details

Version: 1.2.1-0
Check: dependencies in R code
Result: NOTE
    'library' or 'require' call to ‘rjags’ in package code.
     Please use :: or requireNamespace() instead.
     See section 'Suggested packages' in the 'Writing R Extensions' manual.
Flavors: r-devel-linux-x86_64-debian-clang, r-devel-linux-x86_64-debian-gcc, r-devel-linux-x86_64-fedora-clang, r-devel-linux-x86_64-fedora-gcc, r-devel-osx-x86_64-clang, r-devel-windows-ix86+x86_64, r-patched-linux-x86_64, r-patched-solaris-sparc, r-patched-solaris-x86