CRAN Package Check Results for Package runjags

Last updated on 2018-04-26 10:47:22 CEST.

Flavor Version Tinstall Tcheck Ttotal Status Flags
r-devel-linux-x86_64-debian-clang 2.0.4-2 28.41 102.37 130.78 NOTE --no-tests
r-devel-linux-x86_64-debian-gcc 2.0.4-2 23.21 87.18 110.39 NOTE --no-tests
r-devel-linux-x86_64-fedora-clang 2.0.4-2 237.15 NOTE
r-devel-linux-x86_64-fedora-gcc 2.0.4-2 221.16 NOTE
r-devel-windows-ix86+x86_64 2.0.4-2 65.00 99.00 164.00 OK --no-examples --no-tests --no-vignettes
r-patched-linux-x86_64 2.0.4-2 23.78 112.62 136.40 NOTE --no-tests
r-patched-solaris-x86 2.0.4-2 389.30 OK
r-release-linux-x86_64 2.0.4-2 25.40 115.68 141.08 NOTE --no-tests
r-release-windows-ix86+x86_64 2.0.4-2 65.00 99.00 164.00 OK --no-examples --no-tests --no-vignettes
r-release-osx-x86_64 2.0.4-2 OK
r-oldrel-windows-ix86+x86_64 2.0.4-2 34.00 131.00 165.00 OK --no-examples --no-tests --no-vignettes
r-oldrel-osx-x86_64 2.0.4-2 OK

Check Details

Version: 2.0.4-2
Flags: --no-tests
Check: compiled code
Result: NOTE
    File ‘runjags/libs/runjags.so’:
     Found no calls to: ‘R_registerRoutines’, ‘R_useDynamicSymbols’
    
    It is good practice to register native routines and to disable symbol
    search.
    
    See ‘Writing portable packages’ in the ‘Writing R Extensions’ manual.
Flavors: r-devel-linux-x86_64-debian-clang, r-devel-linux-x86_64-debian-gcc, r-patched-linux-x86_64, r-release-linux-x86_64

Version: 2.0.4-2
Check: compiled code
Result: NOTE
    File ‘runjags/libs/runjags.so’:
     Found no calls to: ‘R_registerRoutines’, ‘R_useDynamicSymbols’
    
    It is good practice to register native routines and to disable symbol
    search.
    
    See ‘Writing portable packages’ in the ‘Writing R Extensions’ manual.
Flavors: r-devel-linux-x86_64-fedora-clang, r-devel-linux-x86_64-fedora-gcc