CRAN Package Check Results for Package runjags

Last updated on 2014-08-29 23:48:58.

Flavor Version Tinstall Tcheck Ttotal Status Flags
r-devel-linux-x86_64-debian-clang 1.2.1-0 5.58 62.04 67.62 OK
r-devel-linux-x86_64-debian-gcc 1.2.1-0 5.76 62.21 67.97 OK
r-devel-linux-x86_64-fedora-clang 1.2.1-0 135.21 OK
r-devel-linux-x86_64-fedora-gcc 1.2.1-0 124.24 OK
r-devel-osx-x86_64-clang 1.2.1-0 112.15 OK
r-devel-windows-ix86+x86_64 1.2.1-0 30.00 179.00 209.00 OK
r-patched-linux-x86_64 1.2.1-0 5.74 64.24 69.98 OK
r-patched-solaris-sparc 1.2.1-0 868.50 OK
r-patched-solaris-x86 1.2.1-0 224.60 OK
r-release-linux-ix86 1.2.1-0 8.86 83.12 91.98 OK
r-release-linux-x86_64 1.2.1-0 5.78 64.51 70.29 OK
r-release-osx-x86_64-mavericks 1.2.1-0 NOTE
r-release-osx-x86_64-snowleopard 1.2.1-0 OK
r-release-windows-ix86+x86_64 1.2.1-0 24.00 151.00 175.00 OK
r-oldrel-windows-ix86+x86_64 1.2.1-0 25.00 199.00 224.00 OK

Check Details

Version: 1.2.1-0
Check: package dependencies
Result: NOTE
    Package suggested but not available for checking: ‘rjags’
Flavor: r-release-osx-x86_64-mavericks

Version: 1.2.1-0
Check: Rd cross-references
Result: NOTE
    Package unavailable to check Rd xrefs: ‘rjags’
Flavor: r-release-osx-x86_64-mavericks