CRAN Package Check Results for Package runjags

Last updated on 2017-06-27 20:49:01.

Flavor Version Tinstall Tcheck Ttotal Status Flags
r-devel-linux-x86_64-debian-clang 2.0.4-2 7.45 154.26 161.71 NOTE
r-devel-linux-x86_64-debian-gcc 2.0.4-2 6.02 154.00 160.03 NOTE
r-devel-linux-x86_64-fedora-clang 2.0.4-2 297.31 NOTE
r-devel-linux-x86_64-fedora-gcc 2.0.4-2 266.36 NOTE
r-devel-windows-ix86+x86_64 2.0.4-2 36.00 96.00 132.00 OK --no-examples --no-tests --no-vignettes
r-patched-linux-x86_64 2.0.4-2 6.07 151.57 157.63 NOTE
r-patched-solaris-sparc 2.0.4-2 2148.10 OK
r-patched-solaris-x86 2.0.4-2 514.90 OK
r-release-linux-x86_64 2.0.4-2 5.94 147.46 153.40 NOTE
r-release-windows-ix86+x86_64 2.0.4-2 23.00 133.00 156.00 OK --no-examples --no-tests --no-vignettes
r-release-osx-x86_64 2.0.4-2 OK
r-oldrel-windows-ix86+x86_64 2.0.4-2 30.00 127.00 157.00 OK --no-examples --no-tests --no-vignettes
r-oldrel-osx-x86_64 2.0.4-2 OK

Check Details

Version: 2.0.4-2
Check: compiled code
Result: NOTE
    File ‘runjags/libs/runjags.so’:
     Found no calls to: ‘R_registerRoutines’, ‘R_useDynamicSymbols’
    
    It is good practice to register native routines and to disable symbol
    search.
    
    See ‘Writing portable packages’ in the ‘Writing R Extensions’ manual.
Flavors: r-devel-linux-x86_64-debian-clang, r-devel-linux-x86_64-debian-gcc, r-devel-linux-x86_64-fedora-clang, r-devel-linux-x86_64-fedora-gcc, r-patched-linux-x86_64, r-release-linux-x86_64