CRAN Package Check Results for Package runjags

Last updated on 2014-07-24 21:48:50.

Flavor Version Tinstall Tcheck Ttotal Status Flags
r-devel-linux-x86_64-debian-clang 1.2.1-0 5.54 64.24 69.78 OK
r-devel-linux-x86_64-debian-gcc 1.2.1-0 5.67 63.35 69.02 OK
r-devel-linux-x86_64-fedora-clang 1.2.1-0 138.94 OK
r-devel-linux-x86_64-fedora-gcc 1.2.1-0 132.01 OK
r-devel-osx-x86_64-clang 1.2.1-0 117.52 OK
r-devel-windows-ix86+x86_64 1.2.1-0 23.00 185.00 208.00 OK
r-patched-linux-x86_64 1.2.1-0 5.74 64.67 70.42 OK
r-patched-solaris-sparc 1.2.1-0 808.20 OK
r-patched-solaris-x86 1.2.1-0 223.80 OK
r-release-linux-ix86 1.2.1-0 8.88 82.70 91.58 OK
r-release-linux-x86_64 1.2.1-0 5.77 63.91 69.68 OK
r-release-osx-x86_64-mavericks 1.2.1-0 NOTE
r-release-osx-x86_64-snowleopard 1.2.1-0 OK
r-release-windows-ix86+x86_64 1.2.1-0 23.00 144.00 167.00 OK
r-oldrel-windows-ix86+x86_64 1.2.1-0 24.00 153.00 177.00 OK

Check Details

Version: 1.2.1-0
Check: package dependencies
Result: NOTE
    Package suggested but not available for checking: ‘rjags’
Flavor: r-release-osx-x86_64-mavericks

Version: 1.2.1-0
Check: Rd cross-references
Result: NOTE
    Package unavailable to check Rd xrefs: ‘rjags’
Flavor: r-release-osx-x86_64-mavericks