CRAN Package Check Results for Package runjags

Last updated on 2015-05-22 21:46:42.

Flavor Version Tinstall Tcheck Ttotal Status Flags
r-devel-linux-x86_64-debian-clang 2.0.1-4 6.11 117.52 123.63 OK
r-devel-linux-x86_64-debian-gcc 2.0.1-4 5.88 113.31 119.20 OK
r-devel-linux-x86_64-fedora-clang 2.0.1-4 208.35 OK
r-devel-linux-x86_64-fedora-gcc 2.0.1-4 194.54 OK
r-devel-osx-x86_64-clang 2.0.1-4 190.89 OK
r-devel-windows-ix86+x86_64 2.0.1-4 38.00 452.00 490.00 OK
r-patched-linux-x86_64 2.0.1-4 5.87 114.42 120.29 OK
r-patched-solaris-sparc 2.0.1-4 1720.30 OK
r-patched-solaris-x86 2.0.1-4 428.30 OK
r-release-linux-x86_64 2.0.1-4 5.97 116.06 122.04 OK
r-release-osx-x86_64-mavericks 2.0.1-4 OK
r-release-osx-x86_64-snowleopard 2.0.1-4 ERROR
r-release-windows-ix86+x86_64 2.0.1-4 26.00 461.00 487.00 OK
r-oldrel-windows-ix86+x86_64 2.0.1-4 27.00 343.00 370.00 OK

Check Details

Version: 2.0.1-4
Check: package dependencies
Result: ERROR
    Package suggested but not available for checking: ‘knitr’
    
    VignetteBuilder package required for checking but not installed: ‘knitr’
    
    See section ‘The DESCRIPTION file’ in the ‘Writing R Extensions’
    manual.
Flavor: r-release-osx-x86_64-snowleopard