CRAN Package Check Results for Package runjags

Last updated on 2018-02-25 18:48:23 CET.

Flavor Version Tinstall Tcheck Ttotal Status Flags
r-devel-linux-x86_64-debian-clang 2.0.4-2 27.84 113.33 141.17 NOTE --no-tests
r-devel-linux-x86_64-debian-gcc 2.0.4-2 22.17 86.07 108.24 NOTE --no-tests
r-devel-linux-x86_64-fedora-clang 2.0.4-2 132.92 NOTE
r-devel-linux-x86_64-fedora-gcc 2.0.4-2 219.15 NOTE
r-devel-windows-ix86+x86_64 2.0.4-2 59.00 91.00 150.00 OK --no-examples --no-tests --no-vignettes
r-patched-linux-x86_64 2.0.4-2 8.73 149.53 158.26 NOTE --no-tests
r-patched-solaris-x86 2.0.4-2 444.70 OK
r-release-linux-x86_64 2.0.4-2 8.01 146.90 154.91 NOTE --no-tests
r-release-windows-ix86+x86_64 2.0.4-2 24.00 127.00 151.00 OK --no-examples --no-tests --no-vignettes
r-release-osx-x86_64 2.0.4-2 OK
r-oldrel-windows-ix86+x86_64 2.0.4-2 25.00 127.00 152.00 OK --no-examples --no-tests --no-vignettes
r-oldrel-osx-x86_64 2.0.4-2 OK

Check Details

Version: 2.0.4-2
Flags: --no-tests
Check: compiled code
Result: NOTE
    File ‘runjags/libs/runjags.so’:
     Found no calls to: ‘R_registerRoutines’, ‘R_useDynamicSymbols’
    
    It is good practice to register native routines and to disable symbol
    search.
    
    See ‘Writing portable packages’ in the ‘Writing R Extensions’ manual.
Flavors: r-devel-linux-x86_64-debian-clang, r-devel-linux-x86_64-debian-gcc, r-patched-linux-x86_64, r-release-linux-x86_64

Version: 2.0.4-2
Check: compiled code
Result: NOTE
    File ‘runjags/libs/runjags.so’:
     Found no calls to: ‘R_registerRoutines’, ‘R_useDynamicSymbols’
    
    It is good practice to register native routines and to disable symbol
    search.
    
    See ‘Writing portable packages’ in the ‘Writing R Extensions’ manual.
Flavors: r-devel-linux-x86_64-fedora-clang, r-devel-linux-x86_64-fedora-gcc