CRAN Package Check Results for Package runjags

Last updated on 2014-10-20 05:47:25.

Flavor Version Tinstall Tcheck Ttotal Status Flags
r-devel-linux-x86_64-debian-clang 1.2.1-0 5.98 64.91 70.90 OK
r-devel-linux-x86_64-debian-gcc 1.2.1-0 6.36 65.38 71.74 OK
r-devel-linux-x86_64-fedora-clang 1.2.1-0 140.78 OK
r-devel-linux-x86_64-fedora-gcc 1.2.1-0 124.29 OK
r-devel-osx-x86_64-clang 1.2.1-0 111.64 OK
r-devel-windows-ix86+x86_64 1.2.1-0 25.00 179.00 204.00 OK
r-patched-linux-x86_64 1.2.1-0 5.92 67.72 73.64 OK
r-patched-solaris-sparc 1.2.1-0 868.50 OK
r-patched-solaris-x86 1.2.1-0 219.90 OK
r-release-linux-ix86 1.2.1-0 8.73 83.68 92.42 OK
r-release-linux-x86_64 1.2.1-0 5.94 67.32 73.26 OK
r-release-osx-x86_64-mavericks 1.2.1-0 NOTE
r-release-osx-x86_64-snowleopard 1.2.1-0 OK
r-release-windows-ix86+x86_64 1.2.1-0 25.00 148.00 173.00 OK
r-oldrel-windows-ix86+x86_64 1.2.1-0 25.00 156.00 181.00 OK

Check Details

Version: 1.2.1-0
Check: package dependencies
Result: NOTE
    Package suggested but not available for checking: ‘rjags’
Flavor: r-release-osx-x86_64-mavericks

Version: 1.2.1-0
Check: Rd cross-references
Result: NOTE
    Package unavailable to check Rd xrefs: ‘rjags’
Flavor: r-release-osx-x86_64-mavericks