CRAN Package Check Results for Package rust

Last updated on 2022-09-25 18:51:35 CEST.

Flavor Version Tinstall Tcheck Ttotal Status Flags
r-devel-linux-x86_64-debian-clang 1.3.13 48.68 261.07 309.75 OK
r-devel-linux-x86_64-debian-gcc 1.3.13 45.97 181.03 227.00 OK
r-devel-linux-x86_64-fedora-clang 1.3.13 390.70 OK
r-devel-linux-x86_64-fedora-gcc 1.3.13 390.05 OK
r-devel-windows-x86_64 1.3.13 62.00 299.00 361.00 OK
r-patched-linux-x86_64 1.3.13 54.18 245.82 300.00 OK
r-release-linux-x86_64 1.3.13 51.64 246.93 298.57 OK
r-release-macos-arm64 1.3.13 84.00 OK
r-release-macos-x86_64 1.3.13 126.00 OK
r-release-windows-x86_64 1.3.13 56.00 291.00 347.00 OK
r-oldrel-macos-arm64 1.3.13 84.00 NOTE
r-oldrel-macos-x86_64 1.3.13 146.00 OK
r-oldrel-windows-ix86+x86_64 1.3.13 135.00 324.00 459.00 OK

Check Details

Version: 1.3.13
Check: installed package size
Result: NOTE
     installed size is 5.7Mb
     sub-directories of 1Mb or more:
     libs 5.0Mb
Flavor: r-oldrel-macos-arm64