CRAN Package Check Results for Package ruv

Last updated on 2019-04-23 10:48:25 CEST.

Flavor Version Tinstall Tcheck Ttotal Status Flags
r-devel-linux-x86_64-debian-clang 0.9.7 7.89 52.15 60.04 OK
r-devel-linux-x86_64-debian-gcc 0.9.7 5.91 40.55 46.46 OK
r-devel-linux-x86_64-fedora-clang 0.9.7 70.76 OK
r-devel-linux-x86_64-fedora-gcc 0.9.7 66.54 OK
r-devel-windows-ix86+x86_64 0.9.7 27.00 72.00 99.00 OK
r-patched-linux-x86_64 0.9.7 7.52 51.46 58.98 OK
r-patched-solaris-x86 0.9.7 99.80 OK
r-release-linux-x86_64 0.9.7 6.96 49.61 56.57 OK
r-release-windows-ix86+x86_64 0.9.7 15.00 115.00 130.00 OK
r-release-osx-x86_64 0.9.7 OK
r-oldrel-windows-ix86+x86_64 0.9.7 27.00 107.00 134.00 WARN
r-oldrel-osx-x86_64 0.9.7 OK

Check Details

Version: 0.9.7
Check: whether package can be installed
Result: WARN
    Found the following significant warnings:
     Warning: S3 methods '[.fun_list', '[.grouped_df', 'all.equal.tbl_df', 'anti_join.data.frame', 'anti_join.tbl_df', 'arrange.data.frame', 'arrange.default', 'arrange.grouped_df', 'arrange.tbl_df', 'arrange_.data.frame', 'arrange_.tbl_df', 'as.data.frame.grouped_df', 'as.data.frame.rowwise_df', 'as.data.frame.tbl_cube', 'as.table.tbl_cube', 'as.tbl.data.frame', 'as.tbl.tbl', 'as.tbl_cube.array', 'as.tbl_cube.data.frame', 'as.tbl_cube.matrix', 'as.tbl_cube.table', 'as_tibble.grouped_df', 'as_tibble.tbl_cube', 'auto_copy.tbl_cube', 'auto_copy.tbl_df', 'cbind.grouped_df', 'collapse.data.frame', 'collect.data.frame', 'common_by.NULL', 'common_by.character', 'common_by.default', 'common_by.list', 'compute.data.frame', 'copy_to.DBIConnection', 'copy_to.src_local', 'default_missing.data.frame', 'default_missing.default', 'dim.tbl_cube', 'distinct.data.frame', 'distinct.default', 'distinct.grouped_df', 'distinct.tbl_df', 'distinct_.data.frame', 'distinct_.grouped_df', 'distinct_.tbl_df', 'do.NULL', 'do.da [... truncated]
Flavor: r-oldrel-windows-ix86+x86_64