CRAN Package Check Results for Package rv

Last updated on 2015-03-29 00:48:26.

Flavor Version Tinstall Tcheck Ttotal Status Flags
r-devel-linux-x86_64-debian-clang 2.3.1 1.70 30.66 32.36 NOTE
r-devel-linux-x86_64-debian-gcc 2.3.1 1.52 30.07 31.59 NOTE
r-devel-linux-x86_64-fedora-clang 2.3.1 63.25 NOTE
r-devel-linux-x86_64-fedora-gcc 2.3.1 62.02 NOTE
r-devel-osx-x86_64-clang 2.3.1 62.06 NOTE
r-prerel-windows-ix86+x86_64 2.3.1 11.00 43.00 54.00 NOTE
r-prerel-linux-x86_64 2.3.1 1.49 30.48 31.97 NOTE
r-prerel-solaris-sparc 2.3.1 367.90 NOTE
r-prerel-solaris-x86 2.3.1 73.70 NOTE
r-release-linux-x86_64 2.3.1 1.94 32.06 34.01 NOTE
r-release-osx-x86_64-mavericks 2.3.1 NOTE
r-release-windows-ix86+x86_64 2.3.1 9.00 46.00 55.00 NOTE
r-oldrel-windows-ix86+x86_64 2.3.1 5.00 60.00 65.00 NOTE

Check Details

Version: 2.3.1
Check: DESCRIPTION meta-information
Result: NOTE
    Malformed Description field: should contain one or more complete sentences.
Flavors: r-devel-linux-x86_64-debian-clang, r-devel-linux-x86_64-debian-gcc, r-devel-linux-x86_64-fedora-clang, r-devel-linux-x86_64-fedora-gcc, r-devel-osx-x86_64-clang, r-prerel-windows-ix86+x86_64, r-prerel-linux-x86_64, r-prerel-solaris-sparc, r-prerel-solaris-x86

Version: 2.3.1
Check: top-level files
Result: NOTE
    Non-standard file/directory found at top level:
     ‘COPYRIGHTS’
    Copyright information should be in file inst/COPYRIGHTS
Flavors: r-devel-linux-x86_64-debian-clang, r-devel-linux-x86_64-debian-gcc, r-devel-linux-x86_64-fedora-clang, r-devel-linux-x86_64-fedora-gcc, r-prerel-linux-x86_64, r-release-linux-x86_64

Version: 2.3.1
Check: dependencies in R code
Result: NOTE
    Package in Depends field not imported from: ‘parallel’
     These packages need to be imported from (in the NAMESPACE file)
     for when this namespace is loaded but not attached.
    ':::' calls which should be '::':
     ‘base:::ifelse’ ‘base:::mapply’ ‘graphics:::abline’ ‘stats:::cor’
     ‘stats:::cov’ ‘stats:::rbeta’ ‘stats:::rbinom’ ‘stats:::rcauchy’
     ‘stats:::rchisq’ ‘stats:::rexp’ ‘stats:::rgamma’ ‘stats:::rhyper’
     ‘stats:::rmultinom’ ‘stats:::rpois’ ‘stats:::rt’ ‘stats:::runif’
     See the note in ?`:::` about the use of this operator.
Flavors: r-devel-linux-x86_64-debian-clang, r-devel-linux-x86_64-debian-gcc, r-devel-linux-x86_64-fedora-clang, r-devel-linux-x86_64-fedora-gcc, r-devel-osx-x86_64-clang, r-prerel-windows-ix86+x86_64, r-prerel-linux-x86_64, r-prerel-solaris-sparc, r-prerel-solaris-x86, r-release-linux-x86_64, r-release-windows-ix86+x86_64

Version: 2.3.1
Check: S3 generic/method consistency
Result: NOTE
    Found the following apparent S3 methods exported but not registered:
     !.rv Math.rv Ops.rv Summary.rv as.matrix.rv is.matrix.rv
     is.numeric.rvfactor mlplot.default print.rv print.rvfactor
     quantile.rv rep.rv unlist.rv
    See section ‘Registering S3 methods’ in the ‘Writing R Extensions’
    manual.
Flavors: r-devel-linux-x86_64-debian-clang, r-devel-linux-x86_64-debian-gcc, r-devel-linux-x86_64-fedora-clang, r-devel-linux-x86_64-fedora-gcc, r-devel-osx-x86_64-clang, r-prerel-linux-x86_64

Version: 2.3.1
Check: R code for possible problems
Result: NOTE
    Found an obsolete/platform-specific call in the following function:
     ‘.prepDevice’
    Found the platform-specific device:
     ‘X11’
    dev.new() is the preferred way to open a new device, in the unlikely
    event one is needed.
Flavors: r-devel-linux-x86_64-debian-clang, r-devel-linux-x86_64-debian-gcc, r-devel-linux-x86_64-fedora-clang, r-devel-linux-x86_64-fedora-gcc, r-devel-osx-x86_64-clang, r-prerel-linux-x86_64, r-prerel-solaris-sparc, r-prerel-solaris-x86, r-release-linux-x86_64

Version: 2.3.1
Check: dependencies in R code
Result: NOTE
    Package in Depends field not imported from: ‘parallel’
     These packages need to be imported from (in the NAMESPACE file)
     for when this namespace is loaded but not attached.
    ':::' calls which should be '::':
     ‘base:::ifelse’ ‘base:::mapply’ ‘graphics:::abline’ ‘stats:::cor’
     ‘stats:::cov’ ‘stats:::rbeta’ ‘stats:::rbinom’ ‘stats:::rcauchy’
     ‘stats:::rchisq’ ‘stats:::rexp’ ‘stats:::rgamma’ ‘stats:::rhyper’
     ‘stats:::rmultinom’ ‘stats:::rpois’ ‘stats:::rt’ ‘stats:::runif’
     See the note in ?`:::` about the use of this operator.
    See the information on DESCRIPTION files in the chapter ‘Creating R
    packages’ of the ‘Writing R Extensions’ manual.
Flavor: r-release-osx-x86_64-mavericks

Version: 2.3.1
Check: dependencies in R code
Result: NOTE
    ':::' calls which should be '::':
     'base:::ifelse' 'base:::mapply' 'graphics:::abline' 'stats:::cor'
     'stats:::cov' 'stats:::rbeta' 'stats:::rbinom' 'stats:::rcauchy'
     'stats:::rchisq' 'stats:::rexp' 'stats:::rgamma' 'stats:::rhyper'
     'stats:::rmultinom' 'stats:::rpois' 'stats:::rt' 'stats:::runif'
     See the note in ?`:::` about the use of this operator.
    See the information on DESCRIPTION files in the chapter 'Creating R
    packages' of the 'Writing R Extensions' manual.
Flavor: r-oldrel-windows-ix86+x86_64