CRAN Package Check Results for Package rv

Last updated on 2015-09-03 14:48:34.

Flavor Version Tinstall Tcheck Ttotal Status Flags
r-devel-linux-x86_64-debian-clang 2.3.1 1.49 29.62 31.11 NOTE
r-devel-linux-x86_64-debian-gcc 2.3.1 1.58 29.92 31.50 NOTE
r-devel-linux-x86_64-fedora-clang 2.3.1 61.68 NOTE
r-devel-linux-x86_64-fedora-gcc 2.3.1 56.98 NOTE
r-devel-osx-x86_64-clang 2.3.1 48.85 NOTE
r-devel-windows-ix86+x86_64 2.3.1 8.00 51.00 59.00 NOTE
r-patched-linux-x86_64 2.3.1 1.52 29.42 30.94 NOTE
r-patched-solaris-sparc 2.3.1 360.00 NOTE
r-patched-solaris-x86 2.3.1 73.40 NOTE
r-release-linux-x86_64 2.3.1 1.48 31.94 33.42 NOTE
r-release-osx-x86_64-mavericks 2.3.1 NOTE
r-release-windows-ix86+x86_64 2.3.1 13.00 50.00 63.00 NOTE
r-oldrel-windows-ix86+x86_64 2.3.1 9.00 46.00 55.00 NOTE

Check Details

Version: 2.3.1
Check: DESCRIPTION meta-information
Result: NOTE
    Malformed Description field: should contain one or more complete sentences.
Flavors: r-devel-linux-x86_64-debian-clang, r-devel-linux-x86_64-debian-gcc, r-devel-linux-x86_64-fedora-clang, r-devel-linux-x86_64-fedora-gcc, r-devel-osx-x86_64-clang, r-devel-windows-ix86+x86_64, r-patched-linux-x86_64, r-patched-solaris-sparc, r-patched-solaris-x86, r-release-linux-x86_64, r-release-osx-x86_64-mavericks, r-release-windows-ix86+x86_64

Version: 2.3.1
Check: top-level files
Result: NOTE
    Non-standard file/directory found at top level:
     ‘COPYRIGHTS’
    Copyright information should be in file inst/COPYRIGHTS
Flavors: r-devel-linux-x86_64-debian-clang, r-devel-linux-x86_64-debian-gcc, r-devel-linux-x86_64-fedora-clang, r-devel-linux-x86_64-fedora-gcc, r-patched-linux-x86_64, r-release-linux-x86_64

Version: 2.3.1
Check: dependencies in R code
Result: NOTE
    Package in Depends field not imported from: ‘parallel’
     These packages need to be imported from (in the NAMESPACE file)
     for when this namespace is loaded but not attached.
    ':::' calls which should be '::':
     ‘base:::ifelse’ ‘base:::mapply’ ‘graphics:::abline’ ‘stats:::cor’
     ‘stats:::cov’ ‘stats:::rbeta’ ‘stats:::rbinom’ ‘stats:::rcauchy’
     ‘stats:::rchisq’ ‘stats:::rexp’ ‘stats:::rgamma’ ‘stats:::rhyper’
     ‘stats:::rmultinom’ ‘stats:::rpois’ ‘stats:::rt’ ‘stats:::runif’
     See the note in ?`:::` about the use of this operator.
Flavors: r-devel-linux-x86_64-debian-clang, r-devel-linux-x86_64-debian-gcc, r-devel-linux-x86_64-fedora-clang, r-devel-linux-x86_64-fedora-gcc, r-devel-osx-x86_64-clang, r-devel-windows-ix86+x86_64, r-patched-linux-x86_64, r-patched-solaris-sparc, r-patched-solaris-x86, r-release-linux-x86_64, r-release-osx-x86_64-mavericks, r-release-windows-ix86+x86_64, r-oldrel-windows-ix86+x86_64

Version: 2.3.1
Check: S3 generic/method consistency
Result: NOTE
    Found the following apparent S3 methods exported but not registered:
     !.rv Math.rv Ops.rv Summary.rv as.matrix.rv is.matrix.rv
     is.numeric.rvfactor mlplot.default print.rv print.rvfactor
     quantile.rv rep.rv unlist.rv
    See section ‘Registering S3 methods’ in the ‘Writing R Extensions’
    manual.
Flavors: r-devel-linux-x86_64-debian-clang, r-devel-linux-x86_64-debian-gcc, r-devel-linux-x86_64-fedora-clang, r-devel-linux-x86_64-fedora-gcc, r-devel-osx-x86_64-clang, r-patched-linux-x86_64, r-patched-solaris-sparc, r-patched-solaris-x86, r-release-linux-x86_64

Version: 2.3.1
Check: R code for possible problems
Result: NOTE
    Found an obsolete/platform-specific call in the following function:
     ‘.prepDevice’
    Found the platform-specific device:
     ‘X11’
    dev.new() is the preferred way to open a new device, in the unlikely
    event one is needed.
    .X.and.offset: no visible global function definition for ‘terms’
    .X.and.offset: no visible global function definition for ‘model.matrix’
    .X.and.offset: no visible global function definition for
     ‘delete.response’
    .X.and.offset: no visible binding for global variable ‘na.fail’
    .makervcolortheme: no visible global function definition for ‘colors’
    .mlplot3: no visible global function definition for ‘par’
    .mlplot3: no visible global function definition for ‘mtext’
    .mvrnorm: no visible global function definition for ‘rnorm’
    .plot.default.rv: no visible global function definition for ‘par’
    .plot.default.rv : localAxis: no visible global function definition for
     ‘Axis’
    .plot.default.rv : localBox: no visible global function definition for
     ‘box’
    .plot.default.rv : localWindow: no visible global function definition
     for ‘plot.window’
    .plot.default.rv : localTitle: no visible global function definition
     for ‘title’
    .plot.default.rv: no visible global function definition for ‘plot.new’
    .plot.xy.rv: no visible global function definition for ‘par’
    .prepDevice: no visible global function definition for ‘pdf’
    .prepDevice: no visible global function definition for ‘X11’
    .rvmeansd: no visible binding for global variable ‘var’
    as.rvsummary.data.frame : <anonymous>: no visible global function
     definition for ‘qnorm’
    as.rvsummary.rvinteger: no visible global function definition for
     ‘quantile’
    as.rvsummary.rvnumeric: no visible global function definition for
     ‘quantile’
    hist.rv: no visible global function definition for ‘par’
    hist.rv: no visible global function definition for ‘hist’
    ivplot: no visible global function definition for ‘par’
    ivplot : .cleanup: no visible global function definition for ‘par’
    ivplot : .cleanup: no visible global function definition for ‘dev.off’
    ivplot: no visible binding for global variable ‘plot’
    ivplot: no visible global function definition for ‘axis’
    ivplot: no visible global function definition for ‘mtext’
    ivplot: no visible global function definition for ‘abline’
    lines.rv: no visible global function definition for ‘lines’
    mlplot.default: no visible global function definition for ‘par’
    mlplot.default: no visible global function definition for ‘points’
    mlplot.default: no visible global function definition for ‘plot’
    mlplot.default: no visible global function definition for ‘axis’
    mlplot.default: no visible global function definition for ‘abline’
    mlplot_OLD_rvsummary: no visible global function definition for ‘par’
    mlplot_OLD_rvsummary: no visible global function definition for
     ‘points’
    mlplot_OLD_rvsummary: no visible global function definition for ‘plot’
    mlplot_OLD_rvsummary: no visible global function definition for ‘axis’
    points.rv: no visible global function definition for ‘points’
    points.rvsummary: no visible global function definition for ‘points’
    print.rvdf: no visible global function definition for ‘head’
    print.rvdf: no visible global function definition for ‘tail’
    quantile.rv: no visible binding for global variable ‘quantile’
    rvcat: no visible global function definition for ‘rmultinom’
    rvcov: no visible global function definition for ‘cov’
    rvdens: no visible global function definition for ‘runif’
    rvhist: no visible global function definition for ‘par’
    rvintervals: no visible global function definition for ‘na.omit’
    rvintervals : .summaries: no visible global function definition for
     ‘na.omit’
    rvmeanunif: no visible global function definition for ‘runif’
    rvmodel.frame: no visible global function definition for ‘model.frame’
    rvmodel.frame : .mf: no visible global function definition for
     ‘model.frame’
    rvmodel.matrix : .mm: no visible global function definition for
     ‘model.matrix’
    rvmultinom: no visible global function definition for ‘rmultinom’
    rvquantile.rv : .f: no visible global function definition for
     ‘quantile’
    rvquantile.rv: no visible binding for global variable ‘quantile’
    Undefined global functions or variables:
     Axis X11 abline axis box colors cov delete.response dev.off head hist
     lines model.frame model.matrix mtext na.fail na.omit par pdf plot
     plot.new plot.window points qnorm quantile rmultinom rnorm runif tail
     terms title var
    Consider adding
     importFrom("grDevices", "X11", "colors", "dev.off", "pdf")
     importFrom("graphics", "Axis", "abline", "axis", "box", "hist",
     "lines", "mtext", "par", "plot", "plot.new", "plot.window",
     "points", "title")
     importFrom("stats", "cov", "delete.response", "model.frame",
     "model.matrix", "na.fail", "na.omit", "qnorm", "quantile",
     "rmultinom", "rnorm", "runif", "terms", "var")
     importFrom("utils", "head", "tail")
    to your NAMESPACE.
Flavors: r-devel-linux-x86_64-debian-clang, r-devel-linux-x86_64-debian-gcc, r-devel-linux-x86_64-fedora-clang, r-devel-linux-x86_64-fedora-gcc

Version: 2.3.1
Check: R code for possible problems
Result: NOTE
    Found an obsolete/platform-specific call in the following function:
     ‘.prepDevice’
    Found the platform-specific device:
     ‘X11’
    dev.new() is the preferred way to open a new device, in the unlikely
    event one is needed.
Flavors: r-devel-osx-x86_64-clang, r-patched-linux-x86_64, r-patched-solaris-sparc, r-patched-solaris-x86, r-release-linux-x86_64

Version: 2.3.1
Check: R code for possible problems
Result: NOTE
    .X.and.offset: no visible global function definition for 'terms'
    .X.and.offset: no visible global function definition for 'model.matrix'
    .X.and.offset: no visible global function definition for
     'delete.response'
    .X.and.offset: no visible binding for global variable 'na.fail'
    .makervcolortheme: no visible global function definition for 'colors'
    .mlplot3: no visible global function definition for 'par'
    .mlplot3: no visible global function definition for 'mtext'
    .mvrnorm: no visible global function definition for 'rnorm'
    .plot.default.rv: no visible global function definition for 'par'
    .plot.default.rv : localAxis: no visible global function definition for
     'Axis'
    .plot.default.rv : localBox: no visible global function definition for
     'box'
    .plot.default.rv : localWindow: no visible global function definition
     for 'plot.window'
    .plot.default.rv : localTitle: no visible global function definition
     for 'title'
    .plot.default.rv: no visible global function definition for 'plot.new'
    .plot.xy.rv: no visible global function definition for 'par'
    .prepDevice: no visible global function definition for 'pdf'
    .prepDevice: no visible global function definition for 'X11'
    .rvmeansd: no visible binding for global variable 'var'
    as.rvsummary.data.frame : <anonymous>: no visible global function
     definition for 'qnorm'
    as.rvsummary.rvinteger: no visible global function definition for
     'quantile'
    as.rvsummary.rvnumeric: no visible global function definition for
     'quantile'
    hist.rv: no visible global function definition for 'par'
    hist.rv: no visible global function definition for 'hist'
    ivplot: no visible global function definition for 'par'
    ivplot : .cleanup: no visible global function definition for 'par'
    ivplot : .cleanup: no visible global function definition for 'dev.off'
    ivplot: no visible binding for global variable 'plot'
    ivplot: no visible global function definition for 'axis'
    ivplot: no visible global function definition for 'mtext'
    ivplot: no visible global function definition for 'abline'
    lines.rv: no visible global function definition for 'lines'
    mlplot.default: no visible global function definition for 'par'
    mlplot.default: no visible global function definition for 'points'
    mlplot.default: no visible global function definition for 'plot'
    mlplot.default: no visible global function definition for 'axis'
    mlplot.default: no visible global function definition for 'abline'
    mlplot_OLD_rvsummary: no visible global function definition for 'par'
    mlplot_OLD_rvsummary: no visible global function definition for
     'points'
    mlplot_OLD_rvsummary: no visible global function definition for 'plot'
    mlplot_OLD_rvsummary: no visible global function definition for 'axis'
    points.rv: no visible global function definition for 'points'
    points.rvsummary: no visible global function definition for 'points'
    print.rvdf: no visible global function definition for 'head'
    print.rvdf: no visible global function definition for 'tail'
    quantile.rv: no visible binding for global variable 'quantile'
    rvcat: no visible global function definition for 'rmultinom'
    rvcov: no visible global function definition for 'cov'
    rvdens: no visible global function definition for 'runif'
    rvhist: no visible global function definition for 'par'
    rvintervals: no visible global function definition for 'na.omit'
    rvintervals : .summaries: no visible global function definition for
     'na.omit'
    rvmeanunif: no visible global function definition for 'runif'
    rvmodel.frame: no visible global function definition for 'model.frame'
    rvmodel.frame : .mf: no visible global function definition for
     'model.frame'
    rvmodel.matrix : .mm: no visible global function definition for
     'model.matrix'
    rvmultinom: no visible global function definition for 'rmultinom'
    rvquantile.rv : .f: no visible global function definition for
     'quantile'
    rvquantile.rv: no visible binding for global variable 'quantile'
    Undefined global functions or variables:
     Axis X11 abline axis box colors cov delete.response dev.off head hist
     lines model.frame model.matrix mtext na.fail na.omit par pdf plot
     plot.new plot.window points qnorm quantile rmultinom rnorm runif tail
     terms title var
    Consider adding
     importFrom("grDevices", "X11", "colors", "dev.off", "pdf")
     importFrom("graphics", "Axis", "abline", "axis", "box", "hist",
     "lines", "mtext", "par", "plot", "plot.new", "plot.window",
     "points", "title")
     importFrom("stats", "cov", "delete.response", "model.frame",
     "model.matrix", "na.fail", "na.omit", "qnorm", "quantile",
     "rmultinom", "rnorm", "runif", "terms", "var")
     importFrom("utils", "head", "tail")
    to your NAMESPACE.
Flavor: r-devel-windows-ix86+x86_64