CRAN Package Check Results for Package rv

Last updated on 2015-01-28 12:48:10.

Flavor Version Tinstall Tcheck Ttotal Status Flags
r-devel-linux-x86_64-debian-clang 2.3.1 1.92 30.94 32.86 NOTE
r-devel-linux-x86_64-debian-gcc 2.3.1 2.75 30.90 33.65 NOTE
r-devel-linux-x86_64-fedora-clang 2.3.1 67.35 NOTE
r-devel-linux-x86_64-fedora-gcc 2.3.1 63.97 NOTE
r-devel-osx-x86_64-clang 2.3.1 61.34 NOTE
r-devel-windows-ix86+x86_64 2.3.1 8.00 43.00 51.00 NOTE
r-patched-linux-x86_64 2.3.1 2.29 31.72 34.01 NOTE
r-patched-solaris-sparc 2.3.1 346.10 NOTE
r-patched-solaris-x86 2.3.1 78.60 NOTE
r-release-linux-ix86 2.3.1 2.04 37.94 39.98 NOTE
r-release-linux-x86_64 2.3.1 1.59 32.02 33.61 NOTE
r-release-osx-x86_64-mavericks 2.3.1 NOTE
r-release-windows-ix86+x86_64 2.3.1 5.00 60.00 65.00 NOTE
r-oldrel-windows-ix86+x86_64 2.3.1 5.00 60.00 65.00 NOTE

Check Details

Version: 2.3.1
Check: top-level files
Result: NOTE
    Non-standard file/directory found at top level:
     ‘COPYRIGHTS’
    Copyright information should be in file inst/COPYRIGHTS
Flavors: r-devel-linux-x86_64-debian-clang, r-devel-linux-x86_64-debian-gcc, r-devel-linux-x86_64-fedora-clang, r-devel-linux-x86_64-fedora-gcc, r-patched-linux-x86_64, r-release-linux-x86_64

Version: 2.3.1
Check: dependencies in R code
Result: NOTE
    Package in Depends field not imported from: ‘parallel’
     These packages need to be imported from (in the NAMESPACE file)
     for when this namespace is loaded but not attached.
    ':::' calls which should be '::':
     ‘base:::ifelse’ ‘base:::mapply’ ‘graphics:::abline’ ‘stats:::cor’
     ‘stats:::cov’ ‘stats:::rbeta’ ‘stats:::rbinom’ ‘stats:::rcauchy’
     ‘stats:::rchisq’ ‘stats:::rexp’ ‘stats:::rgamma’ ‘stats:::rhyper’
     ‘stats:::rmultinom’ ‘stats:::rpois’ ‘stats:::rt’ ‘stats:::runif’
     See the note in ?`:::` about the use of this operator.
Flavors: r-devel-linux-x86_64-debian-clang, r-devel-linux-x86_64-debian-gcc, r-devel-linux-x86_64-fedora-clang, r-devel-linux-x86_64-fedora-gcc, r-devel-osx-x86_64-clang, r-devel-windows-ix86+x86_64

Version: 2.3.1
Check: S3 generic/method consistency
Result: NOTE
    Found the following apparent S3 methods exported but not registered:
     mlplot.default unlist.rv as.matrix.rv print.rv print.rvfactor
     quantile.rv Ops.rv Math.rv Summary.rv is.matrix.rv
     is.numeric.rvfactor rep.rv !.rv
    See section ‘Registering S3 methods’ in the ‘Writing R Extensions’
    manual.
Flavors: r-devel-linux-x86_64-debian-clang, r-devel-linux-x86_64-debian-gcc, r-devel-linux-x86_64-fedora-clang, r-devel-linux-x86_64-fedora-gcc, r-devel-osx-x86_64-clang

Version: 2.3.1
Check: R code for possible problems
Result: NOTE
    Found an obsolete/platform-specific call in the following function:
     ‘.prepDevice’
    Found the platform-specific device:
     ‘X11’
    dev.new() is the preferred way to open a new device, in the unlikely
    event one is needed.
Flavors: r-devel-linux-x86_64-debian-clang, r-devel-linux-x86_64-debian-gcc, r-devel-linux-x86_64-fedora-clang, r-devel-linux-x86_64-fedora-gcc, r-devel-osx-x86_64-clang, r-patched-linux-x86_64, r-patched-solaris-sparc, r-patched-solaris-x86, r-release-linux-ix86, r-release-linux-x86_64

Version: 2.3.1
Check: dependencies in R code
Result: NOTE
    Package in Depends field not imported from: ‘parallel’
     These packages need to be imported from (in the NAMESPACE file)
     for when this namespace is loaded but not attached.
    ':::' calls which should be '::':
     ‘base:::ifelse’ ‘base:::mapply’ ‘graphics:::abline’ ‘stats:::cor’
     ‘stats:::cov’ ‘stats:::rbeta’ ‘stats:::rbinom’ ‘stats:::rcauchy’
     ‘stats:::rchisq’ ‘stats:::rexp’ ‘stats:::rgamma’ ‘stats:::rhyper’
     ‘stats:::rmultinom’ ‘stats:::rpois’ ‘stats:::rt’ ‘stats:::runif’
     See the note in ?`:::` about the use of this operator.
    See the information on DESCRIPTION files in the chapter ‘Creating R
    packages’ of the ‘Writing R Extensions’ manual.
Flavors: r-patched-linux-x86_64, r-patched-solaris-sparc, r-patched-solaris-x86, r-release-linux-ix86, r-release-linux-x86_64, r-release-osx-x86_64-mavericks, r-release-windows-ix86+x86_64

Version: 2.3.1
Check: dependencies in R code
Result: NOTE
    ':::' calls which should be '::':
     'base:::ifelse' 'base:::mapply' 'graphics:::abline' 'stats:::cor'
     'stats:::cov' 'stats:::rbeta' 'stats:::rbinom' 'stats:::rcauchy'
     'stats:::rchisq' 'stats:::rexp' 'stats:::rgamma' 'stats:::rhyper'
     'stats:::rmultinom' 'stats:::rpois' 'stats:::rt' 'stats:::runif'
     See the note in ?`:::` about the use of this operator.
    See the information on DESCRIPTION files in the chapter 'Creating R
    packages' of the 'Writing R Extensions' manual.
Flavor: r-oldrel-windows-ix86+x86_64