CRAN Package Check Results for Package rv

Last updated on 2014-10-01 15:50:08.

Flavor Version Tinstall Tcheck Ttotal Status Flags
r-devel-linux-x86_64-debian-clang 2.3.1 1.61 32.36 33.98 NOTE
r-devel-linux-x86_64-debian-gcc 2.3.1 1.52 31.83 33.36 NOTE
r-devel-linux-x86_64-fedora-clang 2.3.1 73.54 NOTE
r-devel-linux-x86_64-fedora-gcc 2.3.1 69.41 NOTE
r-devel-osx-x86_64-clang 2.3.1 56.43 NOTE
r-devel-windows-ix86+x86_64 2.3.1 5.00 48.00 53.00 NOTE
r-patched-linux-x86_64 2.3.1 1.75 32.14 33.89 NOTE
r-patched-solaris-sparc 2.3.1 376.70 NOTE
r-patched-solaris-x86 2.3.1 79.00 NOTE
r-release-linux-ix86 2.3.1 2.08 38.84 40.92 NOTE
r-release-linux-x86_64 2.3.1 1.56 32.29 33.85 NOTE
r-release-osx-x86_64-mavericks 2.3.1 NOTE
r-release-windows-ix86+x86_64 2.3.1 6.00 60.00 66.00 NOTE
r-oldrel-windows-ix86+x86_64 2.3.1 5.00 60.00 65.00 NOTE

Check Details

Version: 2.3.1
Check: top-level files
Result: NOTE
    Non-standard file/directory found at top level:
     ‘COPYRIGHTS’
    Copyright information should be in file inst/COPYRIGHTS
Flavors: r-devel-linux-x86_64-debian-clang, r-devel-linux-x86_64-debian-gcc, r-devel-linux-x86_64-fedora-clang, r-devel-linux-x86_64-fedora-gcc, r-patched-linux-x86_64, r-release-linux-x86_64

Version: 2.3.1
Check: dependencies in R code
Result: NOTE
    Package in Depends field not imported from: ‘parallel’
     These packages need to be imported from (in the NAMESPACE file)
     for when this namespace is loaded but not attached.
    ':::' calls which should be '::':
     ‘base:::ifelse’ ‘base:::mapply’ ‘graphics:::abline’ ‘stats:::cor’
     ‘stats:::cov’ ‘stats:::rbeta’ ‘stats:::rbinom’ ‘stats:::rcauchy’
     ‘stats:::rchisq’ ‘stats:::rexp’ ‘stats:::rgamma’ ‘stats:::rhyper’
     ‘stats:::rmultinom’ ‘stats:::rpois’ ‘stats:::rt’ ‘stats:::runif’
     See the note in ?`:::` about the use of this operator.
    See the information on DESCRIPTION files in the chapter ‘Creating R
    packages’ of the ‘Writing R Extensions’ manual.
Flavors: r-devel-linux-x86_64-debian-clang, r-devel-linux-x86_64-debian-gcc, r-devel-linux-x86_64-fedora-clang, r-devel-linux-x86_64-fedora-gcc, r-devel-osx-x86_64-clang, r-devel-windows-ix86+x86_64, r-patched-linux-x86_64, r-patched-solaris-sparc, r-patched-solaris-x86

Version: 2.3.1
Check: R code for possible problems
Result: NOTE
    Found an obsolete/platform-specific call in the following function:
     ‘.prepDevice’
    Found the platform-specific device:
     ‘X11’
    dev.new() is the preferred way to open a new device, in the unlikely
    event one is needed.
Flavors: r-devel-linux-x86_64-debian-clang, r-devel-linux-x86_64-debian-gcc, r-devel-linux-x86_64-fedora-clang, r-devel-linux-x86_64-fedora-gcc, r-devel-osx-x86_64-clang, r-patched-linux-x86_64, r-patched-solaris-sparc, r-patched-solaris-x86, r-release-linux-ix86, r-release-linux-x86_64

Version: 2.3.1
Check: dependencies in R code
Result: NOTE
    ':::' calls which should be '::':
     ‘base:::ifelse’ ‘base:::mapply’ ‘graphics:::abline’ ‘stats:::cor’
     ‘stats:::cov’ ‘stats:::rbeta’ ‘stats:::rbinom’ ‘stats:::rcauchy’
     ‘stats:::rchisq’ ‘stats:::rexp’ ‘stats:::rgamma’ ‘stats:::rhyper’
     ‘stats:::rmultinom’ ‘stats:::rpois’ ‘stats:::rt’ ‘stats:::runif’
     See the note in ?`:::` about the use of this operator.
    See the information on DESCRIPTION files in the chapter ‘Creating R
    packages’ of the ‘Writing R Extensions’ manual.
Flavors: r-release-linux-ix86, r-release-linux-x86_64, r-release-osx-x86_64-mavericks, r-release-windows-ix86+x86_64, r-oldrel-windows-ix86+x86_64