CRAN Package Check Results for Package rv

Last updated on 2017-05-29 05:47:23.

Flavor Version Tinstall Tcheck Ttotal Status Flags
r-devel-linux-x86_64-debian-clang 2.3.2 1.60 34.53 36.13 NOTE
r-devel-linux-x86_64-debian-gcc 2.3.2 1.65 34.96 36.61 NOTE
r-devel-linux-x86_64-fedora-clang 2.3.2 64.01 OK
r-devel-linux-x86_64-fedora-gcc 2.3.2 62.40 OK
r-devel-windows-ix86+x86_64 2.3.2 6.00 77.00 83.00 OK
r-patched-linux-x86_64 2.3.2 1.84 34.95 36.80 OK
r-patched-solaris-sparc 2.3.2 415.00 OK
r-patched-solaris-x86 2.3.2 72.20 OK
r-release-linux-x86_64 2.3.2 1.77 35.63 37.40 OK
r-release-windows-ix86+x86_64 2.3.2 10.00 78.00 88.00 OK
r-release-osx-x86_64 2.3.2 OK
r-oldrel-windows-ix86+x86_64 2.3.2 4.00 54.00 58.00 OK
r-oldrel-osx-x86_64 2.3.2 OK

Check Details

Version: 2.3.2
Check: S3 generic/method consistency
Result: NOTE
    Found the following apparent S3 methods exported but not registered:
     [.rv [.rvfactor [.rvsummary [<-.rv [<-.rvsummary cbind.rv rbind.rv
    See section ‘Registering S3 methods’ in the ‘Writing R Extensions’
    manual.
Flavors: r-devel-linux-x86_64-debian-clang, r-devel-linux-x86_64-debian-gcc

Version: 2.3.2
Check: Rd \usage sections
Result: NOTE
    S3 methods shown with full name in documentation object 'cbind.rv':
     ‘cbind.rv’ ‘rbind.rv’
    
    The \usage entries for S3 methods should use the \method markup and not
    their full name.
    See chapter ‘Writing R documentation files’ in the ‘Writing R
    Extensions’ manual.
Flavors: r-devel-linux-x86_64-debian-clang, r-devel-linux-x86_64-debian-gcc