CRAN Package Check Results for Package rv

Last updated on 2017-09-19 21:48:26.

Flavor Version Tinstall Tcheck Ttotal Status Flags
r-devel-linux-x86_64-debian-clang 2.3.2 1.67 34.54 36.21 NOTE
r-devel-linux-x86_64-debian-gcc 2.3.2 1.50 33.38 34.88 NOTE
r-devel-linux-x86_64-fedora-clang 2.3.2 64.51 NOTE
r-devel-linux-x86_64-fedora-gcc 2.3.2 63.65 NOTE
r-devel-windows-ix86+x86_64 2.3.2 6.00 90.00 96.00 NOTE
r-patched-linux-x86_64 2.3.2 1.69 35.53 37.22 NOTE
r-patched-solaris-x86 2.3.2 74.70 NOTE
r-release-linux-x86_64 2.3.2 1.54 34.98 36.52 NOTE
r-release-windows-ix86+x86_64 2.3.2 6.00 64.00 70.00 NOTE
r-release-osx-x86_64 2.3.2 OK
r-oldrel-windows-ix86+x86_64 2.3.2 4.00 54.00 58.00 OK
r-oldrel-osx-x86_64 2.3.2 OK

Check Details

Version: 2.3.2
Check: S3 generic/method consistency
Result: NOTE
    Found the following apparent S3 methods exported but not registered:
     [.rv [.rvfactor [.rvsummary [<-.rv [<-.rvsummary cbind.rv rbind.rv
    See section ‘Registering S3 methods’ in the ‘Writing R Extensions’
    manual.
Flavors: r-devel-linux-x86_64-debian-clang, r-devel-linux-x86_64-debian-gcc, r-devel-linux-x86_64-fedora-clang, r-devel-linux-x86_64-fedora-gcc, r-patched-linux-x86_64, r-patched-solaris-x86, r-release-linux-x86_64

Version: 2.3.2
Check: Rd \usage sections
Result: NOTE
    S3 methods shown with full name in documentation object 'cbind.rv':
     ‘cbind.rv’ ‘rbind.rv’
    
    The \usage entries for S3 methods should use the \method markup and not
    their full name.
    See chapter ‘Writing R documentation files’ in the ‘Writing R
    Extensions’ manual.
Flavors: r-devel-linux-x86_64-debian-clang, r-devel-linux-x86_64-debian-gcc, r-devel-linux-x86_64-fedora-clang, r-devel-linux-x86_64-fedora-gcc, r-devel-windows-ix86+x86_64, r-patched-linux-x86_64, r-patched-solaris-x86, r-release-linux-x86_64, r-release-windows-ix86+x86_64