CRAN Package Check Results for Package rv

Last updated on 2018-02-20 17:47:59 CET.

Flavor Version Tinstall Tcheck Ttotal Status Flags
r-devel-linux-x86_64-debian-clang 2.3.2 6.30 49.66 55.96 NOTE
r-devel-linux-x86_64-debian-gcc 2.3.2 4.20 37.99 42.19 NOTE
r-devel-linux-x86_64-fedora-clang 2.3.2 66.94 NOTE
r-devel-linux-x86_64-fedora-gcc 2.3.2 66.50 NOTE
r-devel-windows-ix86+x86_64 2.3.2 11.00 54.00 65.00 NOTE
r-patched-linux-x86_64 2.3.2 2.00 53.20 55.20 NOTE
r-patched-solaris-x86 2.3.2 72.80 NOTE
r-release-linux-x86_64 2.3.2 1.79 54.25 56.04 NOTE
r-release-windows-ix86+x86_64 2.3.2 6.00 64.00 70.00 NOTE
r-release-osx-x86_64 2.3.2 OK
r-oldrel-windows-ix86+x86_64 2.3.2 4.00 54.00 58.00 OK
r-oldrel-osx-x86_64 2.3.2 OK

Check Details

Version: 2.3.2
Check: S3 generic/method consistency
Result: NOTE
    Found the following apparent S3 methods exported but not registered:
     [.rv [.rvfactor [.rvsummary [<-.rv [<-.rvsummary cbind.rv rbind.rv
    See section ‘Registering S3 methods’ in the ‘Writing R Extensions’
    manual.
Flavors: r-devel-linux-x86_64-debian-clang, r-devel-linux-x86_64-debian-gcc, r-devel-linux-x86_64-fedora-clang, r-devel-linux-x86_64-fedora-gcc, r-patched-linux-x86_64, r-patched-solaris-x86, r-release-linux-x86_64

Version: 2.3.2
Check: Rd \usage sections
Result: NOTE
    S3 methods shown with full name in documentation object 'cbind.rv':
     ‘cbind.rv’ ‘rbind.rv’
    
    The \usage entries for S3 methods should use the \method markup and not
    their full name.
    See chapter ‘Writing R documentation files’ in the ‘Writing R
    Extensions’ manual.
Flavors: r-devel-linux-x86_64-debian-clang, r-devel-linux-x86_64-debian-gcc, r-devel-linux-x86_64-fedora-clang, r-devel-linux-x86_64-fedora-gcc, r-devel-windows-ix86+x86_64, r-patched-linux-x86_64, r-patched-solaris-x86, r-release-linux-x86_64, r-release-windows-ix86+x86_64