CRAN Package Check Results for Package rvHPDT

Last updated on 2016-08-29 03:47:13.

Flavor Version Tinstall Tcheck Ttotal Status Flags
r-devel-linux-x86_64-debian-clang 3.0 0.72 11.08 11.80 NOTE
r-devel-linux-x86_64-debian-gcc 3.0 0.67 11.40 12.07 NOTE
r-devel-linux-x86_64-fedora-clang 3.0 19.91 NOTE
r-devel-linux-x86_64-fedora-gcc 3.0 19.03 NOTE
r-devel-osx-x86_64-clang 3.0 17.66 NOTE
r-devel-windows-ix86+x86_64 3.0 4.00 61.00 65.00 NOTE
r-patched-linux-x86_64 3.0 0.69 11.63 12.32 NOTE
r-patched-solaris-sparc 3.0 124.00 NOTE
r-patched-solaris-x86 3.0 27.10 NOTE
r-release-linux-x86_64 3.0 0.72 11.49 12.21 NOTE
r-release-osx-x86_64-mavericks 3.0 NOTE
r-release-windows-ix86+x86_64 3.0 3.00 37.00 40.00 NOTE
r-oldrel-windows-ix86+x86_64 3.0 4.00 31.00 35.00 NOTE

Check Details

Version: 3.0
Check: DESCRIPTION meta-information
Result: NOTE
    Malformed Title field: should not end in a period.
Flavors: r-devel-linux-x86_64-debian-clang, r-devel-linux-x86_64-debian-gcc, r-devel-linux-x86_64-fedora-clang, r-devel-linux-x86_64-fedora-gcc, r-devel-osx-x86_64-clang, r-devel-windows-ix86+x86_64, r-patched-linux-x86_64, r-patched-solaris-sparc, r-patched-solaris-x86, r-release-linux-x86_64, r-release-osx-x86_64-mavericks, r-release-windows-ix86+x86_64, r-oldrel-windows-ix86+x86_64

Version: 3.0
Check: R code for possible problems
Result: NOTE
    HapMendlianCheck: no visible global function definition for
     ‘write.table’
    rvPDT.test.sub: no visible global function definition for ‘pnorm’
    whap.prehap: no visible global function definition for ‘write.table’
    whap.prehap: no visible global function definition for ‘read.table’
    Undefined global functions or variables:
     pnorm read.table write.table
    Consider adding
     importFrom("stats", "pnorm")
     importFrom("utils", "read.table", "write.table")
    to your NAMESPACE file.
Flavors: r-devel-linux-x86_64-debian-clang, r-devel-linux-x86_64-debian-gcc, r-devel-linux-x86_64-fedora-clang, r-devel-linux-x86_64-fedora-gcc, r-devel-osx-x86_64-clang, r-devel-windows-ix86+x86_64, r-patched-linux-x86_64, r-patched-solaris-sparc, r-patched-solaris-x86, r-release-linux-x86_64, r-release-osx-x86_64-mavericks, r-release-windows-ix86+x86_64