CRAN Package Check Results for Package rvHPDT

Last updated on 2017-06-28 23:55:39.

Flavor Version Tinstall Tcheck Ttotal Status Flags
r-devel-linux-x86_64-debian-clang 3.0 0.71 13.18 13.89 NOTE
r-devel-linux-x86_64-debian-gcc 3.0 0.64 13.38 14.01 NOTE
r-devel-linux-x86_64-fedora-clang 3.0 25.01 NOTE
r-devel-linux-x86_64-fedora-gcc 3.0 21.78 NOTE
r-devel-windows-ix86+x86_64 3.0 3.00 30.00 33.00 NOTE
r-patched-linux-x86_64 3.0 0.64 12.89 13.52 NOTE
r-patched-solaris-sparc 3.0 133.60 NOTE
r-patched-solaris-x86 3.0 30.10 NOTE
r-release-linux-x86_64 3.0 0.70 13.11 13.81 NOTE
r-release-windows-ix86+x86_64 3.0 3.00 27.00 30.00 NOTE
r-release-osx-x86_64 3.0 NOTE
r-oldrel-windows-ix86+x86_64 3.0 2.00 27.00 29.00 NOTE
r-oldrel-osx-x86_64 3.0 NOTE

Check Details

Version: 3.0
Check: DESCRIPTION meta-information
Result: NOTE
    Malformed Title field: should not end in a period.
Flavors: r-devel-linux-x86_64-debian-clang, r-devel-linux-x86_64-debian-gcc, r-devel-linux-x86_64-fedora-clang, r-devel-linux-x86_64-fedora-gcc, r-devel-windows-ix86+x86_64, r-patched-linux-x86_64, r-patched-solaris-sparc, r-patched-solaris-x86, r-release-linux-x86_64, r-release-windows-ix86+x86_64, r-release-osx-x86_64, r-oldrel-windows-ix86+x86_64, r-oldrel-osx-x86_64

Version: 3.0
Check: R code for possible problems
Result: NOTE
    HapMendlianCheck: no visible global function definition for
     ‘write.table’
    rvPDT.test.sub: no visible global function definition for ‘pnorm’
    whap.prehap: no visible global function definition for ‘write.table’
    whap.prehap: no visible global function definition for ‘read.table’
    Undefined global functions or variables:
     pnorm read.table write.table
    Consider adding
     importFrom("stats", "pnorm")
     importFrom("utils", "read.table", "write.table")
    to your NAMESPACE file.
Flavors: r-devel-linux-x86_64-debian-clang, r-devel-linux-x86_64-debian-gcc, r-devel-linux-x86_64-fedora-clang, r-devel-linux-x86_64-fedora-gcc, r-devel-windows-ix86+x86_64, r-patched-linux-x86_64, r-patched-solaris-sparc, r-patched-solaris-x86, r-release-linux-x86_64, r-release-windows-ix86+x86_64, r-release-osx-x86_64, r-oldrel-windows-ix86+x86_64, r-oldrel-osx-x86_64