CRAN Package Check Results for Package rvHPDT

Last updated on 2014-04-24 23:48:12.

Flavor Version Tinstall Tcheck Ttotal Status Flags
r-devel-linux-x86_64-debian-clang 2.0 1.17 18.49 19.66 OK
r-devel-linux-x86_64-debian-gcc 2.0 1.16 19.07 20.23 OK
r-devel-linux-x86_64-fedora-clang 2.0 37.46 OK
r-devel-linux-x86_64-fedora-gcc 2.0 35.76 OK
r-devel-osx-x86_64-clang 2.0 41.69 OK
r-devel-osx-x86_64-gcc 2.0 OK
r-devel-windows-ix86+x86_64 2.0 5.00 30.00 35.00 OK
r-patched-linux-x86_64 2.0 1.23 18.94 20.17 OK
r-patched-solaris-sparc 2.0 201.70 OK
r-patched-solaris-x86 2.0 45.90 OK
r-release-linux-ix86 2.0 2.00 37.00 39.00 OK
r-release-linux-x86_64 2.0 1.17 18.54 19.70 OK
r-release-osx-x86_64-mavericks 2.0 WARN
r-release-osx-x86_64-snowleopard 2.0 OK
r-release-windows-ix86+x86_64 2.0 6.00 33.00 39.00 OK
r-oldrel-windows-ix86+x86_64 2.0 6.00 35.00 41.00 OK

Check Details

Version: 2.0
Check: PDF version of manual
Result: WARNING
    LaTeX errors when creating PDF version.
    This typically indicates Rd problems.
    LaTeX errors found:
    ! LaTeX Error: File `upquote.sty' not found.
    
    Type X to quit or <RETURN> to proceed,
    or enter new name. (Default extension: sty)
    
    f8f38a2/Rd2.tex:8: ==> Fatal error occurred, no output PDF file produced!
Flavor: r-release-osx-x86_64-mavericks