CRAN Package Check Results for Package rvHPDT

Last updated on 2017-04-23 15:48:46.

Flavor Version Tinstall Tcheck Ttotal Status Flags
r-devel-linux-x86_64-debian-clang 3.0 0.74 12.67 13.41 NOTE
r-devel-linux-x86_64-debian-gcc 3.0 0.66 13.40 14.06 NOTE
r-devel-linux-x86_64-fedora-clang 3.0 23.36 NOTE --no-stop-on-test-error
r-devel-linux-x86_64-fedora-gcc 3.0 21.07 NOTE --no-stop-on-test-error
r-devel-windows-ix86+x86_64 3.0 3.00 30.00 33.00 NOTE
r-patched-linux-x86_64 3.0 0.74 13.38 14.12 NOTE
r-patched-solaris-sparc 3.0 133.60 NOTE
r-patched-solaris-x86 3.0 30.20 NOTE
r-release-linux-x86_64 3.0 0.66 12.89 13.55 NOTE
r-release-windows-ix86+x86_64 3.0 3.00 27.00 30.00 NOTE
r-release-osx-x86_64 3.0 NOTE
r-oldrel-windows-ix86+x86_64 3.0 2.00 27.00 29.00 NOTE
r-oldrel-osx-x86_64 3.0 NOTE

Check Details

Version: 3.0
Check: DESCRIPTION meta-information
Result: NOTE
    Malformed Title field: should not end in a period.
Flavors: r-devel-linux-x86_64-debian-clang, r-devel-linux-x86_64-debian-gcc, r-devel-windows-ix86+x86_64, r-patched-linux-x86_64, r-patched-solaris-sparc, r-patched-solaris-x86, r-release-linux-x86_64, r-release-windows-ix86+x86_64, r-release-osx-x86_64, r-oldrel-windows-ix86+x86_64, r-oldrel-osx-x86_64

Version: 3.0
Check: R code for possible problems
Result: NOTE
    HapMendlianCheck: no visible global function definition for
     ‘write.table’
    rvPDT.test.sub: no visible global function definition for ‘pnorm’
    whap.prehap: no visible global function definition for ‘write.table’
    whap.prehap: no visible global function definition for ‘read.table’
    Undefined global functions or variables:
     pnorm read.table write.table
    Consider adding
     importFrom("stats", "pnorm")
     importFrom("utils", "read.table", "write.table")
    to your NAMESPACE file.
Flavors: r-devel-linux-x86_64-debian-clang, r-devel-linux-x86_64-debian-gcc, r-devel-windows-ix86+x86_64, r-patched-linux-x86_64, r-patched-solaris-sparc, r-patched-solaris-x86, r-release-linux-x86_64, r-release-windows-ix86+x86_64, r-release-osx-x86_64, r-oldrel-windows-ix86+x86_64, r-oldrel-osx-x86_64

Version: 3.0
Flags: --no-stop-on-test-error
Check: DESCRIPTION meta-information
Result: NOTE
    Malformed Title field: should not end in a period.
Flavors: r-devel-linux-x86_64-fedora-clang, r-devel-linux-x86_64-fedora-gcc

Version: 3.0
Flags: --no-stop-on-test-error
Check: R code for possible problems
Result: NOTE
    HapMendlianCheck: no visible global function definition for
     ‘write.table’
    rvPDT.test.sub: no visible global function definition for ‘pnorm’
    whap.prehap: no visible global function definition for ‘write.table’
    whap.prehap: no visible global function definition for ‘read.table’
    Undefined global functions or variables:
     pnorm read.table write.table
    Consider adding
     importFrom("stats", "pnorm")
     importFrom("utils", "read.table", "write.table")
    to your NAMESPACE file.
Flavors: r-devel-linux-x86_64-fedora-clang, r-devel-linux-x86_64-fedora-gcc