CRAN Package Check Results for Package rvHPDT

Last updated on 2015-07-29 12:47:39.

Flavor Version Tinstall Tcheck Ttotal Status Flags
r-devel-linux-x86_64-debian-clang 3.0 0.57 10.58 11.16 NOTE
r-devel-linux-x86_64-debian-gcc 3.0 0.74 10.35 11.09 NOTE
r-devel-linux-x86_64-fedora-clang 3.0 20.72 NOTE
r-devel-linux-x86_64-fedora-gcc 3.0 19.95 NOTE
r-devel-osx-x86_64-clang 3.0 19.38 NOTE
r-devel-windows-ix86+x86_64 3.0 3.00 20.00 23.00 NOTE
r-patched-linux-x86_64 3.0 0.63 10.86 11.49 NOTE
r-patched-solaris-sparc 3.0 141.90 NOTE
r-patched-solaris-x86 3.0 30.50 NOTE
r-release-linux-x86_64 3.0 0.60 11.44 12.04 NOTE
r-release-osx-x86_64-mavericks 3.0 NOTE
r-release-windows-ix86+x86_64 3.0 3.00 19.00 22.00 NOTE
r-oldrel-windows-ix86+x86_64 3.0 3.00 20.00 23.00 OK

Check Details

Version: 3.0
Check: DESCRIPTION meta-information
Result: NOTE
    Malformed Title field: should not end in a period.
Flavors: r-devel-linux-x86_64-debian-clang, r-devel-linux-x86_64-debian-gcc, r-devel-linux-x86_64-fedora-clang, r-devel-linux-x86_64-fedora-gcc, r-devel-osx-x86_64-clang, r-devel-windows-ix86+x86_64, r-patched-linux-x86_64, r-patched-solaris-sparc, r-patched-solaris-x86, r-release-linux-x86_64, r-release-osx-x86_64-mavericks, r-release-windows-ix86+x86_64

Version: 3.0
Check: R code for possible problems
Result: NOTE
    HapMendlianCheck: no visible global function definition for
     ‘write.table’
    rvPDT.test.sub: no visible global function definition for ‘pnorm’
    whap.prehap: no visible global function definition for ‘write.table’
    whap.prehap: no visible global function definition for ‘read.table’
    Undefined global functions or variables:
     pnorm read.table write.table
    Consider adding
     importFrom("stats", "pnorm")
     importFrom("utils", "read.table", "write.table")
    to your NAMESPACE.
Flavors: r-devel-linux-x86_64-debian-clang, r-devel-linux-x86_64-debian-gcc, r-devel-linux-x86_64-fedora-clang, r-devel-linux-x86_64-fedora-gcc, r-devel-windows-ix86+x86_64