CRAN Package Check Results for Package rvHPDT

Last updated on 2015-04-26 00:47:35.

Flavor Version Tinstall Tcheck Ttotal Status Flags
r-devel-linux-x86_64-debian-clang 3.0 0.70 10.98 11.68 NOTE
r-devel-linux-x86_64-debian-gcc 3.0 0.70 10.88 11.58 NOTE
r-devel-linux-x86_64-fedora-clang 3.0 21.92 NOTE
r-devel-linux-x86_64-fedora-gcc 3.0 20.40 NOTE
r-devel-osx-x86_64-clang 3.0 25.01 NOTE
r-devel-windows-ix86+x86_64 3.0 3.00 18.00 21.00 NOTE
r-patched-linux-x86_64 3.0 0.60 11.15 11.75 NOTE
r-patched-solaris-sparc 3.0 139.60 NOTE
r-patched-solaris-x86 3.0 29.50 NOTE
r-release-linux-x86_64 3.0 0.58 10.96 11.54 NOTE
r-release-osx-x86_64-mavericks 3.0 NOTE
r-release-osx-x86_64-snowleopard 3.0 NOTE
r-release-windows-ix86+x86_64 3.0 2.00 21.00 23.00 NOTE
r-oldrel-windows-ix86+x86_64 3.0 3.00 20.00 23.00 OK

Check Details

Version: 3.0
Check: DESCRIPTION meta-information
Result: NOTE
    Malformed Title field: should not end in a period.
Flavors: r-devel-windows-ix86+x86_64, r-release-windows-ix86+x86_64