CRAN Package Check Results for Package rvHPDT

Last updated on 2015-05-27 19:47:20.

Flavor Version Tinstall Tcheck Ttotal Status Flags
r-devel-linux-x86_64-debian-clang 3.0 0.62 10.82 11.45 NOTE
r-devel-linux-x86_64-debian-gcc 3.0 0.70 10.99 11.69 NOTE
r-devel-linux-x86_64-fedora-clang 3.0 21.80 NOTE
r-devel-linux-x86_64-fedora-gcc 3.0 20.86 NOTE
r-devel-osx-x86_64-clang 3.0 25.07 NOTE
r-devel-windows-ix86+x86_64 3.0 3.00 19.00 22.00 NOTE
r-patched-linux-x86_64 3.0 0.58 11.02 11.59 NOTE
r-patched-solaris-sparc 3.0 136.30 NOTE
r-patched-solaris-x86 3.0 30.20 NOTE
r-release-linux-x86_64 3.0 0.60 11.57 12.17 NOTE
r-release-osx-x86_64-mavericks 3.0 NOTE
r-release-osx-x86_64-snowleopard 3.0 NOTE
r-release-windows-ix86+x86_64 3.0 2.00 21.00 23.00 NOTE
r-oldrel-windows-ix86+x86_64 3.0 3.00 20.00 23.00 OK

Check Details

Version: 3.0
Check: DESCRIPTION meta-information
Result: NOTE
    Malformed Title field: should not end in a period.
Flavors: r-devel-linux-x86_64-debian-clang, r-devel-linux-x86_64-debian-gcc, r-devel-linux-x86_64-fedora-clang, r-devel-linux-x86_64-fedora-gcc, r-devel-osx-x86_64-clang, r-devel-windows-ix86+x86_64, r-patched-linux-x86_64, r-patched-solaris-sparc, r-patched-solaris-x86, r-release-linux-x86_64, r-release-osx-x86_64-mavericks, r-release-osx-x86_64-snowleopard, r-release-windows-ix86+x86_64