CRAN Package Check Results for Package rvHPDT

Last updated on 2015-03-27 17:50:31.

Flavor Version Tinstall Tcheck Ttotal Status Flags
r-devel-linux-x86_64-debian-clang 3.0 0.59 11.30 11.89 NOTE
r-devel-linux-x86_64-debian-gcc 3.0 0.58 11.26 11.84 NOTE
r-devel-linux-x86_64-fedora-clang 3.0 22.06 NOTE
r-devel-linux-x86_64-fedora-gcc 3.0 20.71 NOTE
r-devel-osx-x86_64-clang 3.0 27.49 NOTE
r-prerel-windows-ix86+x86_64 3.0 3.00 17.00 20.00 NOTE
r-prerel-linux-x86_64 3.0 0.58 11.10 11.68 NOTE
r-prerel-solaris-sparc 3.0 139.60 NOTE
r-prerel-solaris-x86 3.0 30.60 NOTE
r-release-linux-x86_64 3.0 0.66 11.95 12.61 OK
r-release-osx-x86_64-mavericks 3.0 OK
r-release-osx-x86_64-snowleopard 3.0 OK
r-release-windows-ix86+x86_64 3.0 5.00 20.00 25.00 OK
r-oldrel-windows-ix86+x86_64 3.0 4.00 26.00 30.00 OK

Check Details

Version: 3.0
Check: DESCRIPTION meta-information
Result: NOTE
    Malformed Title field: should not end in a period.
Flavors: r-devel-linux-x86_64-debian-clang, r-devel-linux-x86_64-debian-gcc, r-devel-linux-x86_64-fedora-clang, r-devel-linux-x86_64-fedora-gcc, r-devel-osx-x86_64-clang, r-prerel-windows-ix86+x86_64, r-prerel-linux-x86_64, r-prerel-solaris-sparc, r-prerel-solaris-x86