CRAN Package Check Results for Package rvHPDT

Last updated on 2016-05-01 11:47:25.

Flavor Version Tinstall Tcheck Ttotal Status Flags
r-devel-linux-x86_64-debian-gcc 3.0 0.74 11.09 11.83 NOTE
r-devel-linux-x86_64-fedora-clang 3.0 19.27 NOTE
r-devel-linux-x86_64-fedora-gcc 3.0 17.78 NOTE
r-devel-osx-x86_64-clang 3.0 23.27 NOTE
r-devel-windows-ix86+x86_64 3.0 3.00 27.00 30.00 NOTE
r-patched-linux-x86_64 3.0 0.62 10.72 11.35 NOTE
r-patched-solaris-sparc 3.0 123.40 NOTE
r-patched-solaris-x86 3.0 27.80 NOTE
r-release-linux-x86_64 3.0 0.72 11.76 12.48 NOTE
r-release-osx-x86_64-mavericks 3.0 NOTE
r-release-windows-ix86+x86_64 3.0 4.00 31.00 35.00 NOTE
r-oldrel-windows-ix86+x86_64 3.0 3.00 20.00 23.00 OK

Check Details

Version: 3.0
Check: DESCRIPTION meta-information
Result: NOTE
    Malformed Title field: should not end in a period.
Flavors: r-devel-linux-x86_64-debian-gcc, r-devel-linux-x86_64-fedora-clang, r-devel-linux-x86_64-fedora-gcc, r-devel-osx-x86_64-clang, r-devel-windows-ix86+x86_64, r-patched-linux-x86_64, r-patched-solaris-sparc, r-patched-solaris-x86, r-release-linux-x86_64, r-release-osx-x86_64-mavericks, r-release-windows-ix86+x86_64

Version: 3.0
Check: R code for possible problems
Result: NOTE
    HapMendlianCheck: no visible global function definition for
     ‘write.table’
    rvPDT.test.sub: no visible global function definition for ‘pnorm’
    whap.prehap: no visible global function definition for ‘write.table’
    whap.prehap: no visible global function definition for ‘read.table’
    Undefined global functions or variables:
     pnorm read.table write.table
    Consider adding
     importFrom("stats", "pnorm")
     importFrom("utils", "read.table", "write.table")
    to your NAMESPACE file.
Flavors: r-devel-linux-x86_64-debian-gcc, r-devel-linux-x86_64-fedora-clang, r-devel-linux-x86_64-fedora-gcc, r-devel-osx-x86_64-clang, r-devel-windows-ix86+x86_64, r-patched-linux-x86_64, r-patched-solaris-sparc, r-patched-solaris-x86