CRAN Package Check Results for Package rvertnet

Last updated on 2014-07-25 17:48:08.

Flavor Version Tinstall Tcheck Ttotal Status Flags
r-devel-linux-x86_64-debian-clang 0.0-5 2.12 25.03 27.16 NOTE
r-devel-linux-x86_64-debian-gcc 0.0-5 2.06 24.52 26.58 NOTE
r-devel-linux-x86_64-fedora-clang 0.0-5 56.50 NOTE
r-devel-linux-x86_64-fedora-gcc 0.0-5 53.30 NOTE
r-devel-osx-x86_64-clang 0.0-5 50.18 NOTE
r-devel-windows-ix86+x86_64 0.0-5 8.00 39.00 47.00 NOTE
r-patched-linux-x86_64 0.0-5 2.24 25.02 27.26 NOTE
r-patched-solaris-sparc 0.0-5 321.70 NOTE
r-patched-solaris-x86 0.0-5 74.10 NOTE
r-release-linux-ix86 0.0-5 2.82 33.35 36.18 NOTE
r-release-linux-x86_64 0.0-5 2.19 25.60 27.79 NOTE
r-release-osx-x86_64-mavericks 0.0-5 NOTE
r-release-osx-x86_64-snowleopard 0.0-5 NOTE
r-release-windows-ix86+x86_64 0.0-5 7.00 40.00 47.00 NOTE
r-oldrel-windows-ix86+x86_64 0.0-5 7.00 46.00 53.00 NOTE

Check Details

Version: 0.0-5
Check: dependencies in R code
Result: NOTE
    Namespaces in Imports field not imported from:
     ‘RCurl’ ‘RJSONIO’
     All declared Imports should be used.
    See the information on DESCRIPTION files in the chapter ‘Creating R
    packages’ of the ‘Writing R Extensions’ manual.
Flavors: r-devel-linux-x86_64-debian-clang, r-devel-linux-x86_64-debian-gcc, r-devel-linux-x86_64-fedora-clang, r-devel-linux-x86_64-fedora-gcc, r-devel-osx-x86_64-clang, r-devel-windows-ix86+x86_64, r-patched-linux-x86_64, r-patched-solaris-sparc, r-patched-solaris-x86, r-release-linux-ix86, r-release-linux-x86_64, r-release-osx-x86_64-mavericks, r-release-osx-x86_64-snowleopard, r-release-windows-ix86+x86_64, r-oldrel-windows-ix86+x86_64

Version: 0.0-5
Check: R code for possible problems
Result: NOTE
    vertmap: no visible binding for global variable ‘long’
    vertmap: no visible binding for global variable ‘lat’
    vertmap: no visible binding for global variable ‘group’
    vertmap: no visible binding for global variable ‘Longitude’
    vertmap: no visible binding for global variable ‘Latitude’
Flavors: r-devel-linux-x86_64-debian-clang, r-devel-linux-x86_64-debian-gcc, r-devel-linux-x86_64-fedora-clang, r-devel-linux-x86_64-fedora-gcc, r-devel-osx-x86_64-clang, r-devel-windows-ix86+x86_64, r-patched-linux-x86_64, r-patched-solaris-sparc, r-patched-solaris-x86, r-release-linux-ix86, r-release-linux-x86_64, r-release-osx-x86_64-mavericks, r-release-osx-x86_64-snowleopard, r-release-windows-ix86+x86_64, r-oldrel-windows-ix86+x86_64

Version: 0.0-5
Check: Rd line widths
Result: NOTE
    Rd file 'vertlocations.Rd':
     \examples lines wider than 100 characters:
     vertlocations(p="POLYGON((-93.998292265615 32.615318339629,-92.471192656236 32.606063985828,-92.635987578112 31.235349580893,-90.988038 ... [TRUNCATED]
    
    Rd file 'vertoccurrence.Rd':
     \examples lines wider than 100 characters:
     vertoccurrence(p="POLYGON((-93.998292265615 32.615318339629,-92.471192656236 32.606063985828,-92.635987578112 31.235349580893,-90.98803 ... [TRUNCATED]
     vertoccurrence(t="notropis",num=100, cols="Latitude,Longitude,Family,ScientificName,IndividualCount,Remarks")
    
    Rd file 'vertoccurrencecount.Rd':
     \examples lines wider than 100 characters:
     vertoccurrencecount(p="POLYGON((-93.998292265615 32.615318339629,-92.471192656236 32.606063985828,-92.635987578112 31.235349580893,-90. ... [TRUNCATED]
    
    Rd file 'vertproviders.Rd':
     \examples lines wider than 100 characters:
     vertproviders(p="POLYGON((-93.998292265615 32.615318339629,-92.471192656236 32.606063985828,-92.635987578112 31.235349580893,-90.988038 ... [TRUNCATED]
    
    Rd file 'verttaxa.Rd':
     \examples lines wider than 100 characters:
     verttaxa(p="POLYGON((-93.998292265615 32.615318339629,-92.471192656236 32.606063985828,-92.635987578112 31.235349580893,-90.98803835936 ... [TRUNCATED]
    
    These lines will be truncated in the PDF manual.
Flavors: r-devel-linux-x86_64-fedora-clang, r-devel-linux-x86_64-fedora-gcc