CRAN Package Check Results for Package rvertnet

Last updated on 2015-05-25 16:47:24.

Flavor Version Tinstall Tcheck Ttotal Status Flags
r-devel-linux-x86_64-debian-clang 0.2.2 1.83 18.73 20.56 OK
r-devel-linux-x86_64-debian-gcc 0.2.2 1.34 18.05 19.39 OK
r-devel-linux-x86_64-fedora-clang 0.2.2 40.68 OK
r-devel-linux-x86_64-fedora-gcc 0.2.2 38.40 OK
r-devel-osx-x86_64-clang 0.2.2 38.25 OK
r-devel-windows-ix86+x86_64 0.2.2 5.00 31.00 36.00 OK
r-patched-linux-x86_64 0.2.2 1.35 18.33 19.68 OK
r-patched-solaris-sparc 0.2.2 256.20 OK
r-patched-solaris-x86 0.2.2 57.60 OK
r-release-linux-x86_64 0.2.2 1.43 18.47 19.90 OK
r-release-osx-x86_64-mavericks 0.2.2 OK
r-release-osx-x86_64-snowleopard 0.2.2 ERROR
r-release-windows-ix86+x86_64 0.2.2 5.00 34.00 39.00 OK
r-oldrel-windows-ix86+x86_64 0.2.2 13.00 61.00 74.00 OK

Check Details

Version: 0.2.2
Check: package dependencies
Result: ERROR
    Package required but not available: ‘ggplot2’
    
    Package suggested but not available for checking: ‘knitr’
    
    VignetteBuilder package required for checking but not installed: ‘knitr’
    
    See section ‘The DESCRIPTION file’ in the ‘Writing R Extensions’
    manual.
Flavor: r-release-osx-x86_64-snowleopard