CRAN Package Check Results for Package rvertnet

Last updated on 2015-08-31 23:49:49.

Flavor Version Tinstall Tcheck Ttotal Status Flags
r-devel-linux-x86_64-debian-clang 0.3.0 1.43 20.18 21.61 NOTE
r-devel-linux-x86_64-debian-gcc 0.3.0 1.46 20.44 21.90 NOTE
r-devel-linux-x86_64-fedora-clang 0.3.0 42.80 NOTE
r-devel-linux-x86_64-fedora-gcc 0.3.0 40.73 NOTE
r-devel-osx-x86_64-clang 0.3.0 38.65 OK
r-devel-windows-ix86+x86_64 0.3.0 7.00 40.00 47.00 NOTE
r-patched-linux-x86_64 0.3.0 1.55 20.90 22.45 OK
r-patched-solaris-sparc 0.3.0 288.90 OK
r-patched-solaris-x86 0.3.0 71.70 OK
r-release-linux-x86_64 0.3.0 1.58 21.78 23.36 OK
r-release-osx-x86_64-mavericks 0.3.0 OK
r-release-windows-ix86+x86_64 0.3.0 8.00 68.00 76.00 OK
r-oldrel-windows-ix86+x86_64 0.3.0 17.00 82.00 99.00 OK

Check Details

Version: 0.3.0
Check: R code for possible problems
Result: NOTE
    combyr: no visible global function definition for ‘setNames’
    get_terms: no visible global function definition for ‘read.table’
    vertmap: no visible global function definition for ‘is’
    vertmap: no visible global function definition for ‘complete.cases’
    vertsumwrapper: no visible global function definition for ‘is’
    vertsumwrapper: no visible global function definition for
     ‘complete.cases’
    Undefined global functions or variables:
     complete.cases is read.table setNames
    Consider adding
     importFrom("methods", "is")
     importFrom("stats", "complete.cases", "setNames")
     importFrom("utils", "read.table")
    to your NAMESPACE (and ensure that your DESCRIPTION Imports field
    contains 'methods').
Flavors: r-devel-linux-x86_64-debian-clang, r-devel-linux-x86_64-debian-gcc, r-devel-linux-x86_64-fedora-clang, r-devel-linux-x86_64-fedora-gcc, r-devel-windows-ix86+x86_64