CRAN Package Check Results for Package rvertnet

Last updated on 2015-06-30 06:47:16.

Flavor Version Tinstall Tcheck Ttotal Status Flags
r-devel-linux-x86_64-debian-clang 0.3.0 1.59 20.99 22.58 NOTE
r-devel-linux-x86_64-debian-gcc 0.3.0 1.44 21.27 22.71 NOTE
r-devel-linux-x86_64-fedora-clang 0.3.0 45.05 OK
r-devel-linux-x86_64-fedora-gcc 0.3.0 42.37 OK
r-devel-osx-x86_64-clang 0.3.0 36.32 OK
r-devel-windows-ix86+x86_64 0.3.0 5.00 39.00 44.00 NOTE
r-patched-linux-x86_64 0.3.0 1.52 21.53 23.04 OK
r-patched-solaris-sparc 0.3.0 314.60 OK
r-patched-solaris-x86 0.3.0 62.70 OK
r-release-linux-x86_64 0.3.0 1.56 20.94 22.50 OK
r-release-osx-x86_64-mavericks 0.3.0 OK
r-release-windows-ix86+x86_64 0.3.0 8.00 39.00 47.00 OK
r-oldrel-windows-ix86+x86_64 0.3.0 11.00 68.00 79.00 OK

Check Details

Version: 0.3.0
Check: R code for possible problems
Result: NOTE
    combyr: no visible global function definition for ‘setNames’
    get_terms: no visible global function definition for ‘read.table’
    vertmap: no visible global function definition for ‘is’
    vertmap: no visible global function definition for ‘complete.cases’
    vertsumwrapper: no visible global function definition for ‘is’
    vertsumwrapper: no visible global function definition for
     ‘complete.cases’
Flavors: r-devel-linux-x86_64-debian-clang, r-devel-linux-x86_64-debian-gcc, r-devel-windows-ix86+x86_64