CRAN Package Check Results for Package rvertnet

Last updated on 2019-03-23 23:54:13 CET.

Flavor Version Tinstall Tcheck Ttotal Status Flags
r-devel-linux-x86_64-debian-clang 0.7.0 4.39 38.07 42.46 OK
r-devel-linux-x86_64-debian-gcc 0.7.0 3.78 30.51 34.29 OK
r-devel-linux-x86_64-fedora-clang 0.7.0 52.52 OK
r-devel-linux-x86_64-fedora-gcc 0.7.0 48.86 OK
r-devel-windows-ix86+x86_64 0.7.0 16.00 71.00 87.00 OK
r-patched-linux-x86_64 0.7.0 2.89 35.89 38.78 OK
r-patched-solaris-x86 0.7.0 74.80 OK
r-release-linux-x86_64 0.7.0 0.35 2.43 2.78 ERROR
r-release-windows-ix86+x86_64 0.7.0 7.00 52.00 59.00 OK
r-release-osx-x86_64 0.7.0 OK
r-oldrel-windows-ix86+x86_64 0.7.0 6.00 71.00 77.00 OK
r-oldrel-osx-x86_64 0.7.0 OK

Check Details

Version: 0.7.0
Check: whether package can be installed
Result: ERROR
    Installation failed.
Flavor: r-release-linux-x86_64