CRAN Package Check Results for Package rvertnet

Last updated on 2014-04-21 09:48:09.

Flavor Version Tinstall Tcheck Ttotal Status Flags
r-devel-linux-x86_64-debian-clang 0.0-5 2.37 28.22 30.59 NOTE
r-devel-linux-x86_64-debian-gcc 0.0-5 2.32 28.69 31.01 NOTE
r-devel-linux-x86_64-fedora-clang 0.0-5 59.14 NOTE
r-devel-linux-x86_64-fedora-gcc 0.0-5 56.46 NOTE
r-devel-macosx-x86_64-clang 0.0-5 62.55 NOTE
r-devel-macosx-x86_64-gcc 0.0-5 ERROR
r-devel-windows-ix86+x86_64 0.0-5 8.00 44.00 52.00 NOTE
r-patched-linux-x86_64 0.0-5 2.34 28.49 30.82 NOTE
r-patched-solaris-sparc 0.0-5 321.70 NOTE
r-patched-solaris-x86 0.0-5 76.30 NOTE
r-release-linux-ix86 NOTE
r-release-linux-x86_64 0.0-5 2.30 28.84 31.14 NOTE
r-release-macosx-x86_64 0.0-5 NOTE
r-release-windows-ix86+x86_64 0.0-5 13.00 48.00 61.00 NOTE
r-oldrel-windows-ix86+x86_64 0.0-5 9.00 53.00 62.00 NOTE

Check Details

Version: 0.0-5
Check: dependencies in R code
Result: NOTE
    Namespaces in Imports field not imported from:
     ‘RCurl’ ‘RJSONIO’
     All declared Imports should be used.
    See the information on DESCRIPTION files in the chapter ‘Creating R
    packages’ of the ‘Writing R Extensions’ manual.
Flavors: r-devel-linux-x86_64-debian-clang, r-devel-linux-x86_64-debian-gcc, r-devel-linux-x86_64-fedora-clang, r-devel-linux-x86_64-fedora-gcc, r-devel-macosx-x86_64-clang, r-devel-windows-ix86+x86_64, r-patched-linux-x86_64, r-patched-solaris-sparc, r-patched-solaris-x86, r-release-linux-ix86, r-release-linux-x86_64, r-release-macosx-x86_64, r-release-windows-ix86+x86_64, r-oldrel-windows-ix86+x86_64

Version: 0.0-5
Check: R code for possible problems
Result: NOTE
    vertmap: no visible binding for global variable ‘long’
    vertmap: no visible binding for global variable ‘lat’
    vertmap: no visible binding for global variable ‘group’
    vertmap: no visible binding for global variable ‘Longitude’
    vertmap: no visible binding for global variable ‘Latitude’
Flavors: r-devel-linux-x86_64-debian-clang, r-devel-linux-x86_64-debian-gcc, r-devel-linux-x86_64-fedora-clang, r-devel-linux-x86_64-fedora-gcc, r-devel-macosx-x86_64-clang, r-devel-windows-ix86+x86_64, r-patched-linux-x86_64, r-patched-solaris-sparc, r-patched-solaris-x86, r-release-linux-ix86, r-release-linux-x86_64, r-release-macosx-x86_64, r-release-windows-ix86+x86_64, r-oldrel-windows-ix86+x86_64

Version: 0.0-5
Check: Rd line widths
Result: NOTE
    Rd file 'vertlocations.Rd':
     \examples lines wider than 100 characters:
     vertlocations(p="POLYGON((-93.998292265615 32.615318339629,-92.471192656236 32.606063985828,-92.635987578112 31.235349580893,-90.988038 ... [TRUNCATED]
    
    Rd file 'vertoccurrence.Rd':
     \examples lines wider than 100 characters:
     vertoccurrence(p="POLYGON((-93.998292265615 32.615318339629,-92.471192656236 32.606063985828,-92.635987578112 31.235349580893,-90.98803 ... [TRUNCATED]
     vertoccurrence(t="notropis",num=100, cols="Latitude,Longitude,Family,ScientificName,IndividualCount,Remarks")
    
    Rd file 'vertoccurrencecount.Rd':
     \examples lines wider than 100 characters:
     vertoccurrencecount(p="POLYGON((-93.998292265615 32.615318339629,-92.471192656236 32.606063985828,-92.635987578112 31.235349580893,-90. ... [TRUNCATED]
    
    Rd file 'vertproviders.Rd':
     \examples lines wider than 100 characters:
     vertproviders(p="POLYGON((-93.998292265615 32.615318339629,-92.471192656236 32.606063985828,-92.635987578112 31.235349580893,-90.988038 ... [TRUNCATED]
    
    Rd file 'verttaxa.Rd':
     \examples lines wider than 100 characters:
     verttaxa(p="POLYGON((-93.998292265615 32.615318339629,-92.471192656236 32.606063985828,-92.635987578112 31.235349580893,-90.98803835936 ... [TRUNCATED]
    
    These lines will be truncated in the PDF manual.
Flavors: r-devel-linux-x86_64-fedora-clang, r-devel-linux-x86_64-fedora-gcc

Version: 0.0-5
Check: package dependencies
Result: ERROR
    Package required but not available: ‘ggplot2’
    
    See the information on DESCRIPTION files in the chapter ‘Creating R
    packages’ of the ‘Writing R Extensions’ manual.
Flavor: r-devel-macosx-x86_64-gcc