CRAN Package Check Results for Package rvinecopulib

Last updated on 2021-10-24 21:50:07 CEST.

Flavor Version Tinstall Tcheck Ttotal Status Flags
r-devel-linux-x86_64-debian-clang 0.6.1.1.1 135.85 72.22 208.07 OK
r-devel-linux-x86_64-debian-gcc 0.6.1.1.1 123.27 56.50 179.77 OK
r-devel-linux-x86_64-fedora-clang 0.6.1.1.1 316.91 NOTE
r-devel-linux-x86_64-fedora-gcc 0.6.1.1.1 315.30 OK
r-devel-windows-x86_64 0.6.1.1.1 163.00 121.00 284.00 NOTE
r-devel-windows-x86_64-gcc10-UCRT 0.6.1.1.1 OK
r-patched-linux-x86_64 0.6.1.1.1 131.89 71.73 203.62 OK
r-patched-solaris-x86 0.6.1.1.1 279.70 NOTE
r-release-linux-x86_64 0.6.1.1.1 133.25 71.26 204.51 OK
r-release-macos-arm64 0.5.5.1.1 NOTE
r-release-macos-x86_64 0.6.1.1.1 NOTE
r-release-windows-ix86+x86_64 0.6.1.1.1 233.00 152.00 385.00 NOTE
r-oldrel-macos-x86_64 0.6.1.1.1 NOTE
r-oldrel-windows-ix86+x86_64 0.6.1.1.1 231.00 128.00 359.00 NOTE

Check Details

Version: 0.6.1.1.1
Check: installed package size
Result: NOTE
     installed size is 54.0Mb
     sub-directories of 1Mb or more:
     include 5.0Mb
     libs 48.6Mb
Flavors: r-devel-linux-x86_64-fedora-clang, r-devel-windows-x86_64, r-patched-solaris-x86, r-release-macos-x86_64, r-release-windows-ix86+x86_64, r-oldrel-macos-x86_64, r-oldrel-windows-ix86+x86_64

Version: 0.6.1.1.1
Check: Rd cross-references
Result: NOTE
    Undeclared package ‘wdm’ in Rd xrefs
Flavor: r-devel-linux-x86_64-fedora-clang

Version: 0.5.5.1.1
Check: installed package size
Result: NOTE
     installed size is 65.8Mb
     sub-directories of 1Mb or more:
     include 3.9Mb
     libs 61.5Mb
Flavor: r-release-macos-arm64

Version: 0.5.5.1.1
Check: LazyData
Result: NOTE
     'LazyData' is specified without a 'data' directory
Flavor: r-release-macos-arm64