CRAN Package Check Results for Package rvmethod

Last updated on 2023-09-22 20:52:05 CEST.

Flavor Version Tinstall Tcheck Ttotal Status Flags
r-devel-linux-x86_64-debian-clang 0.1.2 3.99 42.03 46.02 NOTE
r-devel-linux-x86_64-debian-gcc 0.1.2 3.16 31.51 34.67 NOTE
r-devel-linux-x86_64-fedora-clang 0.1.2 56.96 NOTE
r-devel-linux-x86_64-fedora-gcc 0.1.2 55.60 NOTE
r-devel-windows-x86_64 0.1.2 4.00 55.00 59.00 NOTE
r-patched-linux-x86_64 0.1.2 4.17 40.70 44.87 NOTE
r-release-linux-x86_64 0.1.2 3.63 40.76 44.39 NOTE
r-release-macos-arm64 0.1.2 20.00 NOTE
r-release-macos-x86_64 0.1.2 30.00 NOTE
r-release-windows-x86_64 0.1.2 4.00 58.00 62.00 NOTE
r-oldrel-macos-arm64 0.1.2 21.00 OK
r-oldrel-macos-x86_64 0.1.2 28.00 OK
r-oldrel-windows-x86_64 0.1.2 6.00 56.00 62.00 OK

Check Details

Version: 0.1.2
Check: package subdirectories
Result: NOTE
    Problems with news in ‘NEWS.md’:
    No news entries found.
Flavors: r-devel-linux-x86_64-debian-clang, r-devel-linux-x86_64-debian-gcc, r-devel-linux-x86_64-fedora-clang, r-devel-linux-x86_64-fedora-gcc, r-devel-windows-x86_64, r-patched-linux-x86_64, r-release-linux-x86_64, r-release-macos-arm64, r-release-macos-x86_64, r-release-windows-x86_64