CRAN Package Check Results for Package rwa

Last updated on 2021-04-17 05:48:53 CEST.

Flavor Version Tinstall Tcheck Ttotal Status Flags
r-devel-linux-x86_64-debian-clang 0.0.3 3.99 44.97 48.96 NOTE
r-devel-linux-x86_64-debian-gcc 0.0.3 3.54 33.94 37.48 NOTE
r-devel-linux-x86_64-fedora-clang 0.0.3 70.71 NOTE
r-devel-linux-x86_64-fedora-gcc 0.0.3 60.31 NOTE
r-devel-windows-ix86+x86_64 0.0.3 13.00 53.00 66.00 NOTE
r-devel-windows-x86_64-gcc10-UCRT 0.0.3 NOTE
r-patched-linux-x86_64 0.0.3 4.43 42.35 46.78 OK
r-patched-solaris-x86 0.0.3 87.20 OK
r-release-linux-x86_64 0.0.3 3.77 41.43 45.20 OK
r-release-macos-x86_64 0.0.3 OK
r-release-windows-ix86+x86_64 0.0.3 14.00 64.00 78.00 OK
r-oldrel-macos-x86_64 0.0.3 OK
r-oldrel-windows-ix86+x86_64 0.0.3 8.00 58.00 66.00 OK

Check Details

Version: 0.0.3
Check: LazyData
Result: NOTE
     'LazyData' is specified without a 'data' directory
Flavors: r-devel-linux-x86_64-debian-clang, r-devel-linux-x86_64-debian-gcc, r-devel-linux-x86_64-fedora-clang, r-devel-linux-x86_64-fedora-gcc, r-devel-windows-ix86+x86_64, r-devel-windows-x86_64-gcc10-UCRT