CRAN Package Check Results for Package rworldmap

Last updated on 2014-09-03 05:47:53.

Flavor Version Tinstall Tcheck Ttotal Status Flags
r-devel-linux-x86_64-debian-clang 1.3-1 2.98 70.59 73.57 OK
r-devel-linux-x86_64-debian-gcc 1.3-1 3.11 69.09 72.20 OK
r-devel-linux-x86_64-fedora-clang 1.3-1 156.91 OK
r-devel-linux-x86_64-fedora-gcc 1.3-1 146.38 OK
r-devel-osx-x86_64-clang 1.3-1 150.78 OK
r-devel-windows-ix86+x86_64 1.3-1 9.00 128.00 137.00 OK
r-patched-linux-x86_64 1.3-1 3.02 75.10 78.12 OK
r-patched-solaris-sparc 1.3-1 968.90 OK
r-patched-solaris-x86 1.3-1 201.80 OK
r-release-linux-ix86 1.3-1 3.54 99.18 102.72 OK
r-release-linux-x86_64 1.3-1 2.94 74.84 77.79 OK
r-release-osx-x86_64-mavericks 1.3-1 WARN
r-release-osx-x86_64-snowleopard 1.3-1 OK
r-release-windows-ix86+x86_64 1.3-1 8.00 127.00 135.00 OK
r-oldrel-windows-ix86+x86_64 1.3-1 9.00 131.00 140.00 OK

Check Details

Version: 1.3-1
Check: package dependencies
Result: NOTE
    Packages suggested but not available for checking: ‘rgdal’ ‘ncdf’
Flavor: r-release-osx-x86_64-mavericks

Version: 1.3-1
Check: running R code from vignettes
Result: WARN
    Errors in running code in vignettes:
    when running code in ‘rworldmapFAQ.Rnw’
     ...
    > mtext("Source: Andy South, The R Journal Vol. 3/1, June 2011",
    + side = 1, line = -1)
    
    > par(mai = c(0, 0, 0.2, 0), xaxs = "i", yaxs = "i")
    
    > library(rgdal)
    
     When sourcing ‘rworldmapFAQ.R’:
    Error: there is no package called ‘rgdal’
    Execution halted
Flavor: r-release-osx-x86_64-mavericks

Version: 1.3-1
Check: re-building of vignette outputs
Result: NOTE
    Error in re-building vignettes:
     ...
    0 codes from your data failed to match with a country code in the map
    95 codes from the map weren't represented in your data
    You asked for 7 quantiles, only 5 could be created in quantiles classification
    149 codes from your data successfully matched countries in the map
    0 codes from your data failed to match with a country code in the map
    95 codes from the map weren't represented in your data
    Warning in classIntervals(sPDF[["EPI"]], n = 5, style = "jenks") :
     var has missing values, omitted in finding classes
    149 codes from your data successfully matched countries in the map
    0 codes from your data failed to match with a country code in the map
    95 codes from the map weren't represented in your data
    Warning in classIntervals(sPDF[["EPI"]], n = 5, style = "jenks") :
     var has missing values, omitted in finding classes
    Error in texi2dvi(file = file, pdf = TRUE, clean = clean, quiet = quiet, :
     Running 'texi2dvi' on 'rworldmap.tex' failed.
    LaTeX errors:
    ! LaTeX Error: File `a4wide.sty' not found.
    
    Type X to quit or <RETURN> to proceed,
    or enter new name. (Default extension: sty)
    
    gn_test/rworldmap/vignettes/rworldmap.tex:36: ==> Fatal error occurred, no out
    put PDF file produced!
    Calls: buildVignettes -> texi2pdf -> texi2dvi
    Execution halted
Flavor: r-release-osx-x86_64-mavericks