CRAN Package Check Results for Package rworldmap

Last updated on 2017-08-17 07:47:23.

Flavor Version Tinstall Tcheck Ttotal Status Flags
r-devel-linux-x86_64-debian-clang 1.3-6 3.41 58.24 61.65 OK
r-devel-linux-x86_64-debian-gcc 1.3-6 3.53 60.36 63.89 OK
r-devel-linux-x86_64-fedora-clang 1.3-6 118.36 OK
r-devel-linux-x86_64-fedora-gcc 1.3-6 118.27 OK
r-devel-windows-ix86+x86_64 1.3-6 10.00 126.00 136.00 OK
r-patched-linux-x86_64 1.3-6 3.23 60.26 63.49 OK
r-patched-solaris-x86 1.3-6 151.50 OK
r-release-linux-x86_64 1.3-6 3.26 59.30 62.56 OK
r-release-windows-ix86+x86_64 1.3-6 11.00 136.00 147.00 OK
r-release-osx-x86_64 1.3-6 WARN
r-oldrel-windows-ix86+x86_64 1.3-6 9.00 120.00 129.00 OK
r-oldrel-osx-x86_64 1.3-6 OK

Check Details

Version: 1.3-6
Check: package dependencies
Result: NOTE
    Package suggested but not available for checking: ‘rgdal’
Flavor: r-release-osx-x86_64

Version: 1.3-6
Check: running R code from vignettes
Result: WARN
    Errors in running code in vignettes:
    when running code in ‘rworldmapFAQ.Rnw’
     ...
    > mtext("Source: Andy South, The R Journal Vol. 3/1, June 2011",
    + side = 1, line = -1)
    
    > par(mai = c(0, 0, 0.2, 0), xaxs = "i", yaxs = "i")
    
    > library(rgdal)
    
     When sourcing ‘rworldmapFAQ.R’:
    Error: there is no package called ‘rgdal’
    Execution halted
Flavor: r-release-osx-x86_64

Version: 1.3-6
Check: re-building of vignette outputs
Result: NOTE
    Error in re-building vignettes:
     ...
    0 codes from your data failed to match with a country code in the map
    94 codes from the map weren't represented in your data
    Warning in classInt::classIntervals(sPDF[["EPI"]], n = 5, style = "jenks") :
     var has missing values, omitted in finding classes
    149 codes from your data successfully matched countries in the map
    0 codes from your data failed to match with a country code in the map
    94 codes from the map weren't represented in your data
    Warning in classInt::classIntervals(sPDF[["EPI"]], n = 5, style = "jenks") :
     var has missing values, omitted in finding classes
    Error in texi2dvi(file = file, pdf = TRUE, clean = clean, quiet = quiet, :
     Running 'texi2dvi' on 'rworldmap.tex' failed.
    LaTeX errors:
    ! LaTeX Error: File `a4wide.sty' not found.
    
    Type X to quit or <RETURN> to proceed,
    or enter new name. (Default extension: sty)
    
    ! Emergency stop.
    <read *>
    
    l.37 \usepackage
     [colorlinks=true,urlcolor=blue]{hyperref}^^M
    ! ==> Fatal error occurred, no output PDF file produced!
    Calls: buildVignettes -> texi2pdf -> texi2dvi
    Execution halted
Flavor: r-release-osx-x86_64