CRAN Package Check Results for Package rworldmap

Last updated on 2015-07-02 17:47:42.

Flavor Version Tinstall Tcheck Ttotal Status Flags
r-devel-linux-x86_64-debian-clang 1.3-1 2.27 63.76 66.02 NOTE
r-devel-linux-x86_64-debian-gcc 1.3-1 2.40 62.83 65.23 NOTE
r-devel-linux-x86_64-fedora-clang 1.3-1 131.01 NOTE
r-devel-linux-x86_64-fedora-gcc 1.3-1 123.63 NOTE
r-devel-osx-x86_64-clang 1.3-1 123.02 NOTE
r-devel-windows-ix86+x86_64 1.3-1 6.00 110.00 116.00 NOTE
r-patched-linux-x86_64 1.3-1 2.26 62.53 64.79 NOTE
r-patched-solaris-sparc 1.3-1 865.90 NOTE
r-patched-solaris-x86 1.3-1 169.80 NOTE
r-release-linux-x86_64 1.3-1 2.28 62.90 65.19 NOTE
r-release-osx-x86_64-mavericks 1.3-1 WARN
r-release-windows-ix86+x86_64 1.3-1 8.00 122.00 130.00 NOTE
r-oldrel-windows-ix86+x86_64 1.3-1 11.00 133.00 144.00 NOTE

Check Details

Version: 1.3-1
Check: DESCRIPTION meta-information
Result: NOTE
    Malformed Title field: should not end in a period.
Flavors: r-devel-linux-x86_64-debian-clang, r-devel-linux-x86_64-debian-gcc, r-devel-linux-x86_64-fedora-clang, r-devel-linux-x86_64-fedora-gcc, r-devel-osx-x86_64-clang, r-devel-windows-ix86+x86_64, r-patched-linux-x86_64, r-patched-solaris-sparc, r-patched-solaris-x86, r-release-linux-x86_64, r-release-osx-x86_64-mavericks, r-release-windows-ix86+x86_64

Version: 1.3-1
Check: dependencies in R code
Result: NOTE
    'library' or 'require' call to ‘rworldxtra’ in package code.
     Please use :: or requireNamespace() instead.
     See section 'Suggested packages' in the 'Writing R Extensions' manual.
Flavors: r-devel-linux-x86_64-debian-clang, r-devel-linux-x86_64-debian-gcc, r-devel-linux-x86_64-fedora-clang, r-devel-linux-x86_64-fedora-gcc, r-devel-osx-x86_64-clang, r-devel-windows-ix86+x86_64, r-patched-linux-x86_64, r-patched-solaris-sparc, r-patched-solaris-x86, r-release-linux-x86_64, r-release-osx-x86_64-mavericks, r-release-windows-ix86+x86_64, r-oldrel-windows-ix86+x86_64

Version: 1.3-1
Check: R code for possible problems
Result: NOTE
    addMapLegendBoxes: no visible global function definition for ‘legend’
    aggregateHalfDegreeGridToCountries: Error while checking: invalid
     ‘envir’ argument
    barplotCountryData: no visible global function definition for ‘pdf’
    barplotCountryData: no visible global function definition for ‘par’
    barplotCountryData: no visible global function definition for ‘layout’
    barplotCountryData: no visible global function definition for ‘barplot’
    barplotCountryData: no visible global function definition for ‘axis’
    barplotCountryData: no visible global function definition for ‘text’
    barplotCountryData: no visible global function definition for ‘mtext’
    barplotCountryData: no visible global function definition for ‘dev.off’
    country2Region: Error while checking: invalid ‘envir’ argument
    getMap: Error while checking: invalid ‘envir’ argument
    identifyCountries: no visible global function definition for ‘identify’
    labelCountries: no visible global function definition for ‘text’
    mapBars: no visible global function definition for ‘rect’
    mapBars: no visible global function definition for ‘legend’
    mapBubbles: no visible global function definition for ‘colours’
    mapBubbles: no visible global function definition for ‘points’
    mapBubbles: no visible global function definition for ‘legend’
    mapByRegion: Error while checking: invalid ‘envir’ argument
    mapCountryData: no visible global function definition for ‘title’
    mapDevice: no visible global function definition for ‘par’
    mapGriddedData: Error while checking: invalid ‘envir’ argument
    mapHalfDegreeGridToCountries: Error while checking: invalid ‘envir’
     argument
    mapPies: no visible global function definition for ‘polygon’
    mapPies: no visible global function definition for ‘legend’
    mapPies: no visible global function definition for ‘par’
    mapPies: no visible global function definition for ‘str’
    mapPolys: no visible global function definition for ‘title’
    rwmGetClassBreaks: no visible global function definition for ‘quantile’
    rwmGetColours: no visible global function definition for
     ‘colorRampPalette’
    rwmGetColours: no visible global function definition for ‘grey’
    rwmGetColours: no visible global function definition for ‘palette’
    rwmGetColours: no visible global function definition for ‘heat.colors’
    rwmGetColours: no visible global function definition for ‘topo.colors’
    rwmGetColours: no visible global function definition for
     ‘terrain.colors’
    rwmGetColours: no visible global function definition for ‘rainbow’
    rwmGetISO3: Error while checking: invalid ‘envir’ argument
    rwmNewMapPlot: no visible global function definition for ‘plot.new’
    rwmNewMapPlot: no visible global function definition for ‘plot.window’
    rwmNewMapPlot: no visible global function definition for ‘rect’
    rworldmapExamples: Error while checking: invalid ‘envir’ argument
Flavors: r-devel-linux-x86_64-debian-clang, r-devel-linux-x86_64-debian-gcc, r-devel-windows-ix86+x86_64

Version: 1.3-1
Check: R code for possible problems
Result: NOTE
    addMapLegendBoxes: no visible global function definition for ‘legend’
    aggregateHalfDegreeGridToCountries: Error while checking: invalid
     'envir' argument
    barplotCountryData: no visible global function definition for ‘pdf’
    barplotCountryData: no visible global function definition for ‘par’
    barplotCountryData: no visible global function definition for ‘layout’
    barplotCountryData: no visible global function definition for ‘barplot’
    barplotCountryData: no visible global function definition for ‘axis’
    barplotCountryData: no visible global function definition for ‘text’
    barplotCountryData: no visible global function definition for ‘mtext’
    barplotCountryData: no visible global function definition for ‘dev.off’
    country2Region: Error while checking: invalid 'envir' argument
    getMap: Error while checking: invalid 'envir' argument
    identifyCountries: no visible global function definition for ‘identify’
    labelCountries: no visible global function definition for ‘text’
    mapBars: no visible global function definition for ‘rect’
    mapBars: no visible global function definition for ‘legend’
    mapBubbles: no visible global function definition for ‘colours’
    mapBubbles: no visible global function definition for ‘points’
    mapBubbles: no visible global function definition for ‘legend’
    mapByRegion: Error while checking: invalid 'envir' argument
    mapCountryData: no visible global function definition for ‘title’
    mapDevice: no visible global function definition for ‘par’
    mapGriddedData: Error while checking: invalid 'envir' argument
    mapHalfDegreeGridToCountries: Error while checking: invalid 'envir'
     argument
    mapPies: no visible global function definition for ‘polygon’
    mapPies: no visible global function definition for ‘legend’
    mapPies: no visible global function definition for ‘par’
    mapPies: no visible global function definition for ‘str’
    mapPolys: no visible global function definition for ‘title’
    rwmGetClassBreaks: no visible global function definition for ‘quantile’
    rwmGetColours: no visible global function definition for
     ‘colorRampPalette’
    rwmGetColours: no visible global function definition for ‘grey’
    rwmGetColours: no visible global function definition for ‘palette’
    rwmGetColours: no visible global function definition for ‘heat.colors’
    rwmGetColours: no visible global function definition for ‘topo.colors’
    rwmGetColours: no visible global function definition for
     ‘terrain.colors’
    rwmGetColours: no visible global function definition for ‘rainbow’
    rwmGetISO3: Error while checking: invalid 'envir' argument
    rwmNewMapPlot: no visible global function definition for ‘plot.new’
    rwmNewMapPlot: no visible global function definition for ‘plot.window’
    rwmNewMapPlot: no visible global function definition for ‘rect’
    rworldmapExamples: Error while checking: invalid 'envir' argument
    Undefined global functions or variables:
     axis barplot colorRampPalette colours dev.off grey heat.colors
     identify layout legend mtext palette par pdf plot.new plot.window
     points polygon quantile rainbow rect str terrain.colors text title
     topo.colors
Flavors: r-devel-linux-x86_64-fedora-clang, r-devel-linux-x86_64-fedora-gcc

Version: 1.3-1
Check: package dependencies
Result: NOTE
    Package suggested but not available for checking: ‘rgdal’
Flavor: r-release-osx-x86_64-mavericks

Version: 1.3-1
Check: running R code from vignettes
Result: WARN
    Errors in running code in vignettes:
    when running code in ‘rworldmapFAQ.Rnw’
     ...
    > mtext("Source: Andy South, The R Journal Vol. 3/1, June 2011",
    + side = 1, line = -1)
    
    > par(mai = c(0, 0, 0.2, 0), xaxs = "i", yaxs = "i")
    
    > library(rgdal)
    
     When sourcing ‘rworldmapFAQ.R’:
    Error: there is no package called ‘rgdal’
    Execution halted
Flavor: r-release-osx-x86_64-mavericks

Version: 1.3-1
Check: re-building of vignette outputs
Result: NOTE
    Error in re-building vignettes:
     ...
    Warning in classIntervals(sPDF[["EPI"]], n = 5, style = "jenks") :
     var has missing values, omitted in finding classes
    149 codes from your data successfully matched countries in the map
    0 codes from your data failed to match with a country code in the map
    95 codes from the map weren't represented in your data
    Warning in classIntervals(sPDF[["EPI"]], n = 5, style = "jenks") :
     var has missing values, omitted in finding classes
    186 codes from your data successfully matched countries in the map
    0 codes from your data failed to match with a country code in the map
    50 codes from the map weren't represented in your data
    You asked for 7 quantiles, only 5 could be created in quantiles classification
    149 codes from your data successfully matched countries in the map
    0 codes from your data failed to match with a country code in the map
    95 codes from the map weren't represented in your data
    You asked for 7 quantiles, only 5 could be created in quantiles classification
    149 codes from your data successfully matched countries in the map
    0 codes from your data failed to match with a country code in the map
    95 codes from the map weren't represented in your data
    using catMethod='categorical' for non numeric data in mapCountryData
    using catMethod='categorical' for non numeric data in mapCountryData
    
    Error: processing vignette 'rworldmapFAQ.Rnw' failed with diagnostics:
     chunk 17 (label = projection)
    Error in library(rgdal) : there is no package called ‘rgdal’
    Execution halted
Flavor: r-release-osx-x86_64-mavericks