CRAN Package Check Results for Package rworldmap

Last updated on 2014-04-25 05:47:25.

Flavor Version Tinstall Tcheck Ttotal Status Flags
r-devel-linux-x86_64-debian-clang 1.3-1 3.11 77.83 80.94 OK
r-devel-linux-x86_64-debian-gcc 1.3-1 3.16 77.26 80.43 OK
r-devel-linux-x86_64-fedora-clang 1.3-1 163.99 OK
r-devel-linux-x86_64-fedora-gcc 1.3-1 161.17 OK
r-devel-osx-x86_64-clang 1.3-1 165.44 OK
r-devel-osx-x86_64-gcc 1.3-1 ERROR
r-devel-windows-ix86+x86_64 1.3-1 8.00 135.00 143.00 OK
r-patched-linux-x86_64 1.3-1 2.92 78.61 81.52 OK
r-patched-solaris-sparc 1.3-1 938.10 OK
r-patched-solaris-x86 1.3-1 205.20 OK
r-release-linux-ix86 1.3-1 5.00 125.00 130.00 OK
r-release-linux-x86_64 1.3-1 3.00 76.78 79.78 OK
r-release-osx-x86_64-mavericks 1.3-1 ERROR
r-release-osx-x86_64-snowleopard 1.3-1 OK
r-release-windows-ix86+x86_64 1.3-1 10.00 128.00 138.00 OK
r-oldrel-windows-ix86+x86_64 1.3-1 9.00 128.00 137.00 OK

Check Details

Version: 1.3-1
Check: package dependencies
Result: ERROR
    Packages required but not available: ‘maptools’ ‘fields’
    
    Packages suggested but not available for checking: ‘cshapes’ ‘raster’
    
    See the information on DESCRIPTION files in the chapter ‘Creating R
    packages’ of the ‘Writing R Extensions’ manual.
Flavor: r-devel-osx-x86_64-gcc

Version: 1.3-1
Check: package dependencies
Result: ERROR
    Package required but not available: ‘maptools’
    
    Packages suggested but not available for checking: ‘rgdal’ ‘cshapes’ ‘ncdf’
    
    See the information on DESCRIPTION files in the chapter ‘Creating R
    packages’ of the ‘Writing R Extensions’ manual.
Flavor: r-release-osx-x86_64-mavericks