CRAN Package Check Results for Package rworldmap

Last updated on 2015-03-06 12:46:51.

Flavor Version Tinstall Tcheck Ttotal Status Flags
r-devel-linux-x86_64-debian-clang 1.3-1 2.34 64.45 66.79 NOTE
r-devel-linux-x86_64-debian-gcc 1.3-1 2.28 61.60 63.88 NOTE
r-devel-linux-x86_64-fedora-clang 1.3-1 132.25 NOTE
r-devel-linux-x86_64-fedora-gcc 1.3-1 127.68 NOTE
r-devel-osx-x86_64-clang 1.3-1 152.97 NOTE
r-devel-windows-ix86+x86_64 1.3-1 8.00 111.00 119.00 NOTE
r-patched-linux-x86_64 1.3-1 3.28 77.30 80.58 NOTE
r-patched-solaris-sparc 1.3-1 1006.80 NOTE
r-patched-solaris-x86 1.3-1 207.00 NOTE
r-release-linux-ix86 1.3-1 3.82 101.34 105.15 OK
r-release-linux-x86_64 1.3-1 3.26 80.18 83.44 OK
r-release-osx-x86_64-mavericks 1.3-1 WARN
r-release-osx-x86_64-snowleopard 1.3-1 OK
r-release-windows-ix86+x86_64 1.3-1 8.00 143.00 151.00 OK
r-oldrel-windows-ix86+x86_64 1.3-1 9.00 141.00 150.00 OK

Check Details

Version: 1.3-1
Check: DESCRIPTION meta-information
Result: NOTE
    Malformed Title field: should not end in a period.
Flavors: r-devel-linux-x86_64-debian-clang, r-devel-linux-x86_64-debian-gcc, r-devel-linux-x86_64-fedora-clang, r-devel-linux-x86_64-fedora-gcc, r-devel-osx-x86_64-clang, r-devel-windows-ix86+x86_64

Version: 1.3-1
Check: dependencies in R code
Result: NOTE
    'library' or 'require' call to ‘rworldxtra’ in package code.
     Please use :: or requireNamespace() instead.
     See section 'Suggested packages' in the 'Writing R Extensions' manual.
Flavors: r-devel-linux-x86_64-debian-clang, r-devel-linux-x86_64-debian-gcc, r-devel-linux-x86_64-fedora-clang, r-devel-linux-x86_64-fedora-gcc, r-devel-osx-x86_64-clang, r-devel-windows-ix86+x86_64, r-patched-linux-x86_64, r-patched-solaris-sparc, r-patched-solaris-x86

Version: 1.3-1
Check: package dependencies
Result: NOTE
    Package suggested but not available for checking: ‘rgdal’
Flavor: r-release-osx-x86_64-mavericks

Version: 1.3-1
Check: running R code from vignettes
Result: WARN
    Errors in running code in vignettes:
    when running code in ‘rworldmapFAQ.Rnw’
     ...
    > mtext("Source: Andy South, The R Journal Vol. 3/1, June 2011",
    + side = 1, line = -1)
    
    > par(mai = c(0, 0, 0.2, 0), xaxs = "i", yaxs = "i")
    
    > library(rgdal)
    
     When sourcing ‘rworldmapFAQ.R’:
    Error: there is no package called ‘rgdal’
    Execution halted
Flavor: r-release-osx-x86_64-mavericks

Version: 1.3-1
Check: re-building of vignette outputs
Result: NOTE
    Error in re-building vignettes:
     ...
    Warning in classIntervals(sPDF[["EPI"]], n = 5, style = "jenks") :
     var has missing values, omitted in finding classes
    149 codes from your data successfully matched countries in the map
    0 codes from your data failed to match with a country code in the map
    95 codes from the map weren't represented in your data
    Warning in classIntervals(sPDF[["EPI"]], n = 5, style = "jenks") :
     var has missing values, omitted in finding classes
    186 codes from your data successfully matched countries in the map
    0 codes from your data failed to match with a country code in the map
    50 codes from the map weren't represented in your data
    You asked for 7 quantiles, only 5 could be created in quantiles classification
    149 codes from your data successfully matched countries in the map
    0 codes from your data failed to match with a country code in the map
    95 codes from the map weren't represented in your data
    You asked for 7 quantiles, only 5 could be created in quantiles classification
    149 codes from your data successfully matched countries in the map
    0 codes from your data failed to match with a country code in the map
    95 codes from the map weren't represented in your data
    using catMethod='categorical' for non numeric data in mapCountryData
    using catMethod='categorical' for non numeric data in mapCountryData
    
    Error: processing vignette 'rworldmapFAQ.Rnw' failed with diagnostics:
     chunk 17 (label = projection)
    Error in library(rgdal) : there is no package called ‘rgdal’
    Execution halted
Flavor: r-release-osx-x86_64-mavericks