CRAN Package Check Results for Package rwt

Last updated on 2017-09-19 20:47:36.

Flavor Version Tinstall Tcheck Ttotal Status Flags
r-devel-linux-x86_64-debian-clang 1.0.0 3.00 16.85 19.86 NOTE
r-devel-linux-x86_64-debian-gcc 1.0.0 2.54 16.65 19.18 NOTE
r-devel-linux-x86_64-fedora-clang 1.0.0 32.93 NOTE
r-devel-linux-x86_64-fedora-gcc 1.0.0 31.24 NOTE
r-devel-windows-ix86+x86_64 1.0.0 16.00 60.00 76.00 NOTE
r-patched-linux-x86_64 1.0.0 2.46 15.99 18.45 NOTE
r-patched-solaris-x86 1.0.0 49.20 NOTE
r-release-linux-x86_64 1.0.0 2.49 16.38 18.87 NOTE
r-release-windows-ix86+x86_64 1.0.0 15.00 42.00 57.00 NOTE
r-release-osx-x86_64 1.0.0 NOTE
r-oldrel-windows-ix86+x86_64 1.0.0 10.00 38.00 48.00 NOTE
r-oldrel-osx-x86_64 1.0.0 NOTE

Additional issues

rchk

Check Details

Version: 1.0.0
Check: R code for possible problems
Result: NOTE
    .dwt: no visible global function definition for ‘median’
    .udwt: no visible global function definition for ‘median’
    plotSignalTransformation: no visible global function definition for
     ‘plot’
    plotSignalTransformation: no visible global function definition for
     ‘box’
    plotSignalTransformation: no visible global function definition for
     ‘axis’
    plotSignalTransformation: no visible global function definition for
     ‘lines’
    plotSignalTransformation: no visible global function definition for
     ‘legend’
    Undefined global functions or variables:
     axis box legend lines median plot
    Consider adding
     importFrom("graphics", "axis", "box", "legend", "lines", "plot")
     importFrom("stats", "median")
    to your NAMESPACE file.
Flavors: r-devel-linux-x86_64-debian-clang, r-devel-linux-x86_64-debian-gcc, r-devel-linux-x86_64-fedora-clang, r-devel-linux-x86_64-fedora-gcc, r-devel-windows-ix86+x86_64, r-patched-linux-x86_64, r-patched-solaris-x86, r-release-linux-x86_64, r-release-windows-ix86+x86_64, r-release-osx-x86_64, r-oldrel-windows-ix86+x86_64, r-oldrel-osx-x86_64