CRAN Package Check Results for Package rwt

Last updated on 2014-04-25 05:47:25.

Flavor Version Tinstall Tcheck Ttotal Status Flags
r-devel-linux-x86_64-debian-clang 0.9.4 1.94 16.41 18.35 NOTE
r-devel-linux-x86_64-debian-gcc 0.9.4 2.06 16.00 18.06 NOTE
r-devel-linux-x86_64-fedora-clang 0.9.4 34.92 NOTE
r-devel-linux-x86_64-fedora-gcc 0.9.4 34.33 NOTE
r-devel-osx-x86_64-clang 0.9.4 36.20 NOTE
r-devel-osx-x86_64-gcc 0.9.4 NOTE
r-devel-windows-ix86+x86_64 0.9.4 15.00 33.00 48.00 NOTE
r-patched-linux-x86_64 0.9.4 2.04 16.42 18.46 NOTE
r-patched-solaris-sparc 0.9.4 208.20 NOTE
r-patched-solaris-x86 0.9.4 49.80 NOTE
r-release-linux-ix86 0.9.4 3.00 32.00 35.00 NOTE
r-release-linux-x86_64 0.9.4 2.04 16.19 18.23 NOTE
r-release-osx-x86_64-mavericks 0.9.4 WARN
r-release-osx-x86_64-snowleopard 0.9.4 OK
r-release-windows-ix86+x86_64 0.9.4 29.00 43.00 72.00 NOTE
r-oldrel-windows-ix86+x86_64 0.9.4 15.00 39.00 54.00 NOTE

Check Details

Version: 0.9.4
Check: dependencies in R code
Result: NOTE
    Package in Depends field not imported from: ‘matlab’
     These packages need to be imported from (in the NAMESPACE file)
     for when this namespace is loaded but not attached.
    See the information on DESCRIPTION files in the chapter ‘Creating R
    packages’ of the ‘Writing R Extensions’ manual.
Flavors: r-devel-linux-x86_64-debian-clang, r-devel-linux-x86_64-debian-gcc, r-devel-linux-x86_64-fedora-clang, r-devel-linux-x86_64-fedora-gcc, r-devel-osx-x86_64-clang, r-devel-osx-x86_64-gcc, r-devel-windows-ix86+x86_64, r-patched-linux-x86_64, r-patched-solaris-sparc, r-patched-solaris-x86, r-release-linux-ix86, r-release-linux-x86_64, r-release-osx-x86_64-mavericks, r-release-windows-ix86+x86_64, r-oldrel-windows-ix86+x86_64

Version: 0.9.4
Check: PDF version of manual
Result: WARNING
    LaTeX errors when creating PDF version.
    This typically indicates Rd problems.
    LaTeX errors found:
    ! LaTeX Error: File `upquote.sty' not found.
    
    Type X to quit or <RETURN> to proceed,
    or enter new name. (Default extension: sty)
    
    c5c7085/Rd2.tex:8: ==> Fatal error occurred, no output PDF file produced!
Flavor: r-release-osx-x86_64-mavericks