CRAN Package Check Results for Package rwt

Last updated on 2017-03-29 23:53:30.

Flavor Version Tinstall Tcheck Ttotal Status Flags
r-devel-linux-x86_64-debian-clang 1.0.0 3.26 15.90 19.16 NOTE
r-devel-linux-x86_64-debian-gcc 1.0.0 2.74 15.91 18.66 NOTE
r-devel-linux-x86_64-fedora-clang 1.0.0 34.85 NOTE --no-stop-on-test-error
r-devel-linux-x86_64-fedora-gcc 1.0.0 31.39 NOTE --no-stop-on-test-error
r-devel-macos-x86_64-clang 1.0.0 27.96 NOTE --no-stop-on-test-error
r-devel-windows-ix86+x86_64 1.0.0 15.00 69.00 84.00 NOTE
r-patched-linux-x86_64 1.0.0 2.23 16.46 18.69 NOTE
r-patched-solaris-sparc 1.0.0 198.20 NOTE
r-patched-solaris-x86 1.0.0 45.90 NOTE
r-release-linux-x86_64 1.0.0 2.19 13.65 15.84 NOTE
r-release-osx-x86_64-mavericks 1.0.0 NOTE
r-release-windows-ix86+x86_64 1.0.0 10.00 38.00 48.00 NOTE
r-oldrel-windows-ix86+x86_64 1.0.0 17.00 35.00 52.00 OK

Check Details

Version: 1.0.0
Check: R code for possible problems
Result: NOTE
    .dwt: no visible global function definition for ‘median’
    .udwt: no visible global function definition for ‘median’
    plotSignalTransformation: no visible global function definition for
     ‘plot’
    plotSignalTransformation: no visible global function definition for
     ‘box’
    plotSignalTransformation: no visible global function definition for
     ‘axis’
    plotSignalTransformation: no visible global function definition for
     ‘lines’
    plotSignalTransformation: no visible global function definition for
     ‘legend’
    Undefined global functions or variables:
     axis box legend lines median plot
    Consider adding
     importFrom("graphics", "axis", "box", "legend", "lines", "plot")
     importFrom("stats", "median")
    to your NAMESPACE file.
Flavors: r-devel-linux-x86_64-debian-clang, r-devel-linux-x86_64-debian-gcc, r-devel-windows-ix86+x86_64, r-patched-linux-x86_64, r-patched-solaris-sparc, r-patched-solaris-x86, r-release-linux-x86_64, r-release-osx-x86_64-mavericks, r-release-windows-ix86+x86_64

Version: 1.0.0
Flags: --no-stop-on-test-error
Check: R code for possible problems
Result: NOTE
    .dwt: no visible global function definition for ‘median’
    .udwt: no visible global function definition for ‘median’
    plotSignalTransformation: no visible global function definition for
     ‘plot’
    plotSignalTransformation: no visible global function definition for
     ‘box’
    plotSignalTransformation: no visible global function definition for
     ‘axis’
    plotSignalTransformation: no visible global function definition for
     ‘lines’
    plotSignalTransformation: no visible global function definition for
     ‘legend’
    Undefined global functions or variables:
     axis box legend lines median plot
    Consider adding
     importFrom("graphics", "axis", "box", "legend", "lines", "plot")
     importFrom("stats", "median")
    to your NAMESPACE file.
Flavors: r-devel-linux-x86_64-fedora-clang, r-devel-linux-x86_64-fedora-gcc, r-devel-macos-x86_64-clang