CRAN Package Check Results for Package rwt

Last updated on 2015-08-02 09:47:16.

Flavor Version Tinstall Tcheck Ttotal Status Flags
r-devel-linux-x86_64-debian-clang 1.0.0 1.90 13.75 15.65 NOTE
r-devel-linux-x86_64-debian-gcc 1.0.0 2.10 13.58 15.68 NOTE
r-devel-linux-x86_64-fedora-clang 1.0.0 29.33 NOTE
r-devel-linux-x86_64-fedora-gcc 1.0.0 29.90 NOTE
r-devel-osx-x86_64-clang 1.0.0 29.31 OK
r-devel-windows-ix86+x86_64 1.0.0 19.00 34.00 53.00 NOTE
r-patched-linux-x86_64 1.0.0 2.23 14.05 16.28 OK
r-patched-solaris-sparc 1.0.0 188.60 OK
r-patched-solaris-x86 1.0.0 43.30 OK
r-release-linux-x86_64 1.0.0 2.23 13.84 16.07 OK
r-release-osx-x86_64-mavericks 1.0.0 OK
r-release-windows-ix86+x86_64 1.0.0 17.00 32.00 49.00 OK
r-oldrel-windows-ix86+x86_64 1.0.0 24.00 37.00 61.00 OK

Check Details

Version: 1.0.0
Check: R code for possible problems
Result: NOTE
    .dwt: no visible global function definition for ‘median’
    .udwt: no visible global function definition for ‘median’
    plotSignalTransformation: no visible global function definition for
     ‘plot’
    plotSignalTransformation: no visible global function definition for
     ‘box’
    plotSignalTransformation: no visible global function definition for
     ‘axis’
    plotSignalTransformation: no visible global function definition for
     ‘lines’
    plotSignalTransformation: no visible global function definition for
     ‘legend’
    Undefined global functions or variables:
     axis box legend lines median plot
    Consider adding
     importFrom("graphics", "axis", "box", "legend", "lines", "plot")
     importFrom("stats", "median")
    to your NAMESPACE.
Flavors: r-devel-linux-x86_64-debian-clang, r-devel-linux-x86_64-debian-gcc, r-devel-linux-x86_64-fedora-clang, r-devel-linux-x86_64-fedora-gcc, r-devel-windows-ix86+x86_64