CRAN Package Check Results for Package rwt

Last updated on 2016-08-30 23:47:47.

Flavor Version Tinstall Tcheck Ttotal Status Flags
r-devel-linux-x86_64-debian-clang 1.0.0 2.73 14.11 16.84 NOTE
r-devel-linux-x86_64-debian-gcc 1.0.0 2.37 13.97 16.34 NOTE
r-devel-linux-x86_64-fedora-clang 1.0.0 28.74 NOTE
r-devel-linux-x86_64-fedora-gcc 1.0.0 26.12 NOTE
r-devel-osx-x86_64-clang 1.0.0 25.02 NOTE
r-devel-windows-ix86+x86_64 1.0.0 18.00 89.00 107.00 NOTE
r-patched-linux-x86_64 1.0.0 2.14 13.53 15.67 NOTE
r-patched-solaris-sparc 1.0.0 174.60 NOTE
r-patched-solaris-x86 1.0.0 38.90 NOTE
r-release-linux-x86_64 1.0.0 2.22 14.12 16.34 NOTE
r-release-osx-x86_64-mavericks 1.0.0 NOTE
r-release-windows-ix86+x86_64 1.0.0 12.00 51.00 63.00 NOTE
r-oldrel-windows-ix86+x86_64 1.0.0 19.00 57.00 76.00 OK

Check Details

Version: 1.0.0
Check: R code for possible problems
Result: NOTE
    .dwt: no visible global function definition for ‘median’
    .udwt: no visible global function definition for ‘median’
    plotSignalTransformation: no visible global function definition for
     ‘plot’
    plotSignalTransformation: no visible global function definition for
     ‘box’
    plotSignalTransformation: no visible global function definition for
     ‘axis’
    plotSignalTransformation: no visible global function definition for
     ‘lines’
    plotSignalTransformation: no visible global function definition for
     ‘legend’
    Undefined global functions or variables:
     axis box legend lines median plot
    Consider adding
     importFrom("graphics", "axis", "box", "legend", "lines", "plot")
     importFrom("stats", "median")
    to your NAMESPACE file.
Flavors: r-devel-linux-x86_64-debian-clang, r-devel-linux-x86_64-debian-gcc, r-devel-linux-x86_64-fedora-clang, r-devel-linux-x86_64-fedora-gcc, r-devel-osx-x86_64-clang, r-devel-windows-ix86+x86_64, r-patched-linux-x86_64, r-patched-solaris-sparc, r-patched-solaris-x86, r-release-linux-x86_64, r-release-osx-x86_64-mavericks, r-release-windows-ix86+x86_64