CRAN Package Check Results for Package rwt

Last updated on 2016-12-11 06:57:45.

Flavor Version Tinstall Tcheck Ttotal Status Flags
r-devel-linux-x86_64-debian-clang 1.0.0 3.04 16.34 19.38 NOTE
r-devel-linux-x86_64-debian-gcc 1.0.0 2.32 15.79 18.11 NOTE
r-devel-linux-x86_64-fedora-clang 1.0.0 33.60 NOTE --no-stop-on-test-error
r-devel-linux-x86_64-fedora-gcc 1.0.0 30.46 NOTE --no-stop-on-test-error
r-devel-macos-x86_64-clang 1.0.0 28.53 NOTE --no-stop-on-test-error
r-devel-windows-ix86+x86_64 1.0.0 10.00 57.00 67.00 NOTE
r-patched-linux-x86_64 1.0.0 2.24 14.11 16.35 NOTE
r-patched-solaris-sparc 1.0.0 174.60 NOTE
r-patched-solaris-x86 1.0.0 37.30 NOTE
r-release-linux-x86_64 1.0.0 2.23 14.10 16.33 NOTE
r-release-osx-x86_64-mavericks 1.0.0 NOTE
r-release-windows-ix86+x86_64 1.0.0 10.00 38.00 48.00 NOTE
r-oldrel-windows-ix86+x86_64 1.0.0 17.00 35.00 52.00 OK

Check Details

Version: 1.0.0
Check: R code for possible problems
Result: NOTE
    .dwt: no visible global function definition for ‘median’
    .udwt: no visible global function definition for ‘median’
    plotSignalTransformation: no visible global function definition for
     ‘plot’
    plotSignalTransformation: no visible global function definition for
     ‘box’
    plotSignalTransformation: no visible global function definition for
     ‘axis’
    plotSignalTransformation: no visible global function definition for
     ‘lines’
    plotSignalTransformation: no visible global function definition for
     ‘legend’
    Undefined global functions or variables:
     axis box legend lines median plot
    Consider adding
     importFrom("graphics", "axis", "box", "legend", "lines", "plot")
     importFrom("stats", "median")
    to your NAMESPACE file.
Flavors: r-devel-linux-x86_64-debian-clang, r-devel-linux-x86_64-debian-gcc, r-devel-windows-ix86+x86_64, r-patched-linux-x86_64, r-patched-solaris-sparc, r-patched-solaris-x86, r-release-linux-x86_64, r-release-osx-x86_64-mavericks, r-release-windows-ix86+x86_64

Version: 1.0.0
Flags: --no-stop-on-test-error
Check: R code for possible problems
Result: NOTE
    .dwt: no visible global function definition for ‘median’
    .udwt: no visible global function definition for ‘median’
    plotSignalTransformation: no visible global function definition for
     ‘plot’
    plotSignalTransformation: no visible global function definition for
     ‘box’
    plotSignalTransformation: no visible global function definition for
     ‘axis’
    plotSignalTransformation: no visible global function definition for
     ‘lines’
    plotSignalTransformation: no visible global function definition for
     ‘legend’
    Undefined global functions or variables:
     axis box legend lines median plot
    Consider adding
     importFrom("graphics", "axis", "box", "legend", "lines", "plot")
     importFrom("stats", "median")
    to your NAMESPACE file.
Flavors: r-devel-linux-x86_64-fedora-clang, r-devel-linux-x86_64-fedora-gcc, r-devel-macos-x86_64-clang