CRAN Package Check Results for Package rwt

Last updated on 2016-02-11 06:50:57.

Flavor Version Tinstall Tcheck Ttotal Status Flags
r-devel-linux-x86_64-debian-gcc 1.0.0 2.21 12.60 14.81 NOTE
r-devel-linux-x86_64-fedora-clang 1.0.0 27.43 NOTE
r-devel-linux-x86_64-fedora-gcc 1.0.0 24.72 NOTE
r-devel-osx-x86_64-clang 1.0.0 30.80 NOTE
r-devel-windows-ix86+x86_64 1.0.0 25.00 41.00 66.00 NOTE
r-patched-linux-x86_64 1.0.0 2.18 13.95 16.13 OK
r-patched-solaris-sparc 1.0.0 180.20 OK
r-patched-solaris-x86 1.0.0 38.40 OK
r-release-linux-x86_64 1.0.0 2.26 13.94 16.20 OK
r-release-osx-x86_64-mavericks 1.0.0 OK
r-release-windows-ix86+x86_64 1.0.0 19.00 57.00 76.00 OK
r-oldrel-windows-ix86+x86_64 1.0.0 24.00 37.00 61.00 OK

Check Details

Version: 1.0.0
Check: R code for possible problems
Result: NOTE
    .dwt: no visible global function definition for ‘median’
    .udwt: no visible global function definition for ‘median’
    plotSignalTransformation: no visible global function definition for
     ‘plot’
    plotSignalTransformation: no visible global function definition for
     ‘box’
    plotSignalTransformation: no visible global function definition for
     ‘axis’
    plotSignalTransformation: no visible global function definition for
     ‘lines’
    plotSignalTransformation: no visible global function definition for
     ‘legend’
    Undefined global functions or variables:
     axis box legend lines median plot
    Consider adding
     importFrom("graphics", "axis", "box", "legend", "lines", "plot")
     importFrom("stats", "median")
    to your NAMESPACE file.
Flavors: r-devel-linux-x86_64-debian-gcc, r-devel-linux-x86_64-fedora-clang, r-devel-linux-x86_64-fedora-gcc, r-devel-osx-x86_64-clang, r-devel-windows-ix86+x86_64